--
-- Host: localhost    Database: hasa
-- ------------------------------------------------------


--
-- Table structure for table `activations`
--

CREATE TABLE `activations` (
  `id` bigint unsigned NOT NULL AUTO_INCREMENT,
  `user_id` int unsigned NOT NULL,
  `code` varchar(120) CHARACTER SET utf8mb4 COLLATE utf8mb4_unicode_ci NOT NULL,
  `completed` tinyint(1) NOT NULL DEFAULT '0',
  `completed_at` timestamp NULL DEFAULT NULL,
  `created_at` timestamp NULL DEFAULT NULL,
  `updated_at` timestamp NULL DEFAULT NULL,
  PRIMARY KEY (`id`),
  KEY `activations_user_id_index` (`user_id`)
) ENGINE=InnoDB AUTO_INCREMENT=2 DEFAULT CHARSET=utf8mb4 COLLATE=utf8mb4_unicode_ci;

--
-- Dumping data for table `activations`
--

INSERT INTO `activations` VALUES (1,1,'L0wOdl7VJPAKB4HLnytvztTo6WlO7bId',1,'2022-01-03 21:19:40','2022-01-03 21:19:40','2022-01-03 21:19:40');

--
-- Table structure for table `audit_histories`
--

CREATE TABLE `audit_histories` (
  `id` bigint unsigned NOT NULL AUTO_INCREMENT,
  `user_id` int unsigned NOT NULL,
  `module` varchar(60) CHARACTER SET utf8mb4 COLLATE utf8mb4_unicode_ci NOT NULL,
  `request` text CHARACTER SET utf8mb4 COLLATE utf8mb4_unicode_ci,
  `action` varchar(120) CHARACTER SET utf8mb4 COLLATE utf8mb4_unicode_ci NOT NULL,
  `user_agent` text CHARACTER SET utf8mb4 COLLATE utf8mb4_unicode_ci,
  `ip_address` varchar(39) CHARACTER SET utf8mb4 COLLATE utf8mb4_unicode_ci DEFAULT NULL,
  `reference_user` int unsigned NOT NULL,
  `reference_id` int unsigned NOT NULL,
  `reference_name` varchar(255) CHARACTER SET utf8mb4 COLLATE utf8mb4_unicode_ci NOT NULL,
  `type` varchar(20) CHARACTER SET utf8mb4 COLLATE utf8mb4_unicode_ci NOT NULL,
  `created_at` timestamp NULL DEFAULT NULL,
  `updated_at` timestamp NULL DEFAULT NULL,
  PRIMARY KEY (`id`),
  KEY `audit_histories_user_id_index` (`user_id`),
  KEY `audit_histories_module_index` (`module`)
) ENGINE=InnoDB DEFAULT CHARSET=utf8mb4 COLLATE=utf8mb4_unicode_ci;

--
-- Dumping data for table `audit_histories`
--


--
-- Table structure for table `categories`
--

CREATE TABLE `categories` (
  `id` bigint unsigned NOT NULL AUTO_INCREMENT,
  `name` varchar(120) CHARACTER SET utf8mb4 COLLATE utf8mb4_unicode_ci NOT NULL,
  `parent_id` int unsigned NOT NULL DEFAULT '0',
  `description` varchar(400) CHARACTER SET utf8mb4 COLLATE utf8mb4_unicode_ci DEFAULT NULL,
  `status` varchar(60) CHARACTER SET utf8mb4 COLLATE utf8mb4_unicode_ci NOT NULL DEFAULT 'published',
  `author_id` int NOT NULL,
  `author_type` varchar(255) CHARACTER SET utf8mb4 COLLATE utf8mb4_unicode_ci NOT NULL DEFAULT 'Botble\\ACL\\Models\\User',
  `icon` varchar(60) CHARACTER SET utf8mb4 COLLATE utf8mb4_unicode_ci DEFAULT NULL,
  `order` tinyint NOT NULL DEFAULT '0',
  `is_featured` tinyint NOT NULL DEFAULT '0',
  `is_default` tinyint unsigned NOT NULL DEFAULT '0',
  `created_at` timestamp NULL DEFAULT NULL,
  `updated_at` timestamp NULL DEFAULT NULL,
  PRIMARY KEY (`id`),
  KEY `categories_parent_id_status_created_at_index` (`parent_id`,`status`,`created_at`)
) ENGINE=InnoDB AUTO_INCREMENT=5 DEFAULT CHARSET=utf8mb4 COLLATE=utf8mb4_unicode_ci;

--
-- Dumping data for table `categories`
--

INSERT INTO `categories` VALUES (1,'Ecommerce',0,'Consequatur illo exercitationem ducimus ratione est in modi. Dolores quibusdam dolorem aperiam quae. Quae ullam officia ullam ut natus.','published',1,'Botble\\ACL\\Models\\User',NULL,0,0,1,'2022-01-03 21:19:40','2022-01-03 21:19:40'),(2,'Fashion',0,'Omnis maiores asperiores sit dolorem molestias suscipit optio. Aut excepturi possimus eos dolorem quasi porro.','published',1,'Botble\\ACL\\Models\\User',NULL,0,1,0,'2022-01-03 21:19:40','2022-01-03 21:19:40'),(3,'Electronic',0,'Voluptatem sunt repellendus unde quis. Est aut iste magnam saepe aut dolores. Rerum blanditiis ipsum non numquam dolorum veniam. Atque accusantium sit quia aut est repudiandae earum.','published',1,'Botble\\ACL\\Models\\User',NULL,0,1,0,'2022-01-03 21:19:40','2022-01-03 21:19:40'),(4,'Commercial',0,'Sunt doloremque totam tenetur fugiat quasi vel libero. Voluptatibus dolorum eveniet architecto. Sapiente illo fugiat asperiores nostrum eos. Tenetur doloribus reiciendis sit ipsam temporibus.','published',1,'Botble\\ACL\\Models\\User',NULL,0,1,0,'2022-01-03 21:19:40','2022-01-03 21:19:40');

--
-- Table structure for table `categories_translations`
--

CREATE TABLE `categories_translations` (
  `lang_code` varchar(191) CHARACTER SET utf8mb4 COLLATE utf8mb4_unicode_ci NOT NULL,
  `categories_id` int NOT NULL,
  `name` varchar(255) CHARACTER SET utf8mb4 COLLATE utf8mb4_unicode_ci DEFAULT NULL,
  `description` varchar(400) CHARACTER SET utf8mb4 COLLATE utf8mb4_unicode_ci DEFAULT NULL,
  PRIMARY KEY (`lang_code`,`categories_id`)
) ENGINE=InnoDB DEFAULT CHARSET=utf8mb4 COLLATE=utf8mb4_unicode_ci;

--
-- Dumping data for table `categories_translations`
--

INSERT INTO `categories_translations` VALUES ('vi',1,'Thương mại điện tử',NULL),('vi',2,'Thời trang',NULL),('vi',3,'Điện tử',NULL),('vi',4,'Thương mại',NULL);

--
-- Table structure for table `cities`
--

CREATE TABLE `cities` (
  `id` bigint unsigned NOT NULL AUTO_INCREMENT,
  `name` varchar(120) CHARACTER SET utf8mb4 COLLATE utf8mb4_unicode_ci NOT NULL,
  `state_id` int unsigned NOT NULL,
  `country_id` int unsigned DEFAULT NULL,
  `record_id` varchar(40) CHARACTER SET utf8mb4 COLLATE utf8mb4_unicode_ci DEFAULT NULL,
  `order` tinyint NOT NULL DEFAULT '0',
  `is_default` tinyint unsigned NOT NULL DEFAULT '0',
  `status` varchar(60) CHARACTER SET utf8mb4 COLLATE utf8mb4_unicode_ci NOT NULL DEFAULT 'published',
  `created_at` timestamp NULL DEFAULT NULL,
  `updated_at` timestamp NULL DEFAULT NULL,
  PRIMARY KEY (`id`)
) ENGINE=InnoDB DEFAULT CHARSET=utf8mb4 COLLATE=utf8mb4_unicode_ci;

--
-- Dumping data for table `cities`
--


--
-- Table structure for table `cities_backup`
--

CREATE TABLE `cities_backup` (
  `id` bigint unsigned NOT NULL AUTO_INCREMENT,
  `name` varchar(120) CHARACTER SET utf8mb4 COLLATE utf8mb4_unicode_ci NOT NULL,
  `state_id` int unsigned NOT NULL,
  `country_id` int unsigned DEFAULT NULL,
  `record_id` varchar(40) CHARACTER SET utf8mb4 COLLATE utf8mb4_unicode_ci DEFAULT NULL,
  `order` tinyint NOT NULL DEFAULT '0',
  `is_default` tinyint unsigned NOT NULL DEFAULT '0',
  `status` varchar(60) CHARACTER SET utf8mb4 COLLATE utf8mb4_unicode_ci NOT NULL DEFAULT 'published',
  `created_at` timestamp NULL DEFAULT NULL,
  `updated_at` timestamp NULL DEFAULT NULL,
  PRIMARY KEY (`id`)
) ENGINE=InnoDB DEFAULT CHARSET=utf8mb4 COLLATE=utf8mb4_unicode_ci;

--
-- Dumping data for table `cities_backup`
--


--
-- Table structure for table `cities_translations`
--

CREATE TABLE `cities_translations` (
  `lang_code` varchar(191) CHARACTER SET utf8mb4 COLLATE utf8mb4_unicode_ci NOT NULL,
  `cities_id` int NOT NULL,
  `name` varchar(120) CHARACTER SET utf8mb4 COLLATE utf8mb4_unicode_ci DEFAULT NULL,
  PRIMARY KEY (`lang_code`,`cities_id`)
) ENGINE=InnoDB DEFAULT CHARSET=utf8mb4 COLLATE=utf8mb4_unicode_ci;

--
-- Dumping data for table `cities_translations`
--


--
-- Table structure for table `contact_replies`
--

CREATE TABLE `contact_replies` (
  `id` bigint unsigned NOT NULL AUTO_INCREMENT,
  `message` longtext CHARACTER SET utf8mb4 COLLATE utf8mb4_unicode_ci NOT NULL,
  `contact_id` int NOT NULL,
  `created_at` timestamp NULL DEFAULT NULL,
  `updated_at` timestamp NULL DEFAULT NULL,
  PRIMARY KEY (`id`)
) ENGINE=InnoDB DEFAULT CHARSET=utf8mb4 COLLATE=utf8mb4_unicode_ci;

--
-- Dumping data for table `contact_replies`
--


--
-- Table structure for table `contacts`
--

CREATE TABLE `contacts` (
  `id` bigint unsigned NOT NULL AUTO_INCREMENT,
  `name` varchar(60) CHARACTER SET utf8mb4 COLLATE utf8mb4_unicode_ci NOT NULL,
  `email` varchar(60) CHARACTER SET utf8mb4 COLLATE utf8mb4_unicode_ci NOT NULL,
  `phone` varchar(60) CHARACTER SET utf8mb4 COLLATE utf8mb4_unicode_ci DEFAULT NULL,
  `address` varchar(120) CHARACTER SET utf8mb4 COLLATE utf8mb4_unicode_ci DEFAULT NULL,
  `subject` varchar(120) CHARACTER SET utf8mb4 COLLATE utf8mb4_unicode_ci DEFAULT NULL,
  `content` longtext CHARACTER SET utf8mb4 COLLATE utf8mb4_unicode_ci NOT NULL,
  `status` varchar(60) CHARACTER SET utf8mb4 COLLATE utf8mb4_unicode_ci NOT NULL DEFAULT 'unread',
  `created_at` timestamp NULL DEFAULT NULL,
  `updated_at` timestamp NULL DEFAULT NULL,
  PRIMARY KEY (`id`)
) ENGINE=InnoDB DEFAULT CHARSET=utf8mb4 COLLATE=utf8mb4_unicode_ci;

--
-- Dumping data for table `contacts`
--


--
-- Table structure for table `countries`
--

CREATE TABLE `countries` (
  `id` bigint unsigned NOT NULL AUTO_INCREMENT,
  `name` varchar(120) CHARACTER SET utf8mb4 COLLATE utf8mb4_unicode_ci NOT NULL,
  `nationality` varchar(120) CHARACTER SET utf8mb4 COLLATE utf8mb4_unicode_ci DEFAULT NULL,
  `order` tinyint NOT NULL DEFAULT '0',
  `is_default` tinyint unsigned NOT NULL DEFAULT '0',
  `status` varchar(60) CHARACTER SET utf8mb4 COLLATE utf8mb4_unicode_ci NOT NULL DEFAULT 'published',
  `created_at` timestamp NULL DEFAULT NULL,
  `updated_at` timestamp NULL DEFAULT NULL,
  `code` varchar(10) CHARACTER SET utf8mb4 COLLATE utf8mb4_unicode_ci DEFAULT NULL,
  PRIMARY KEY (`id`)
) ENGINE=InnoDB DEFAULT CHARSET=utf8mb4 COLLATE=utf8mb4_unicode_ci;

--
-- Dumping data for table `countries`
--


--
-- Table structure for table `countries_backup`
--

CREATE TABLE `countries_backup` (
  `id` bigint unsigned NOT NULL AUTO_INCREMENT,
  `name` varchar(120) CHARACTER SET utf8mb4 COLLATE utf8mb4_unicode_ci NOT NULL,
  `nationality` varchar(120) CHARACTER SET utf8mb4 COLLATE utf8mb4_unicode_ci NOT NULL,
  `order` tinyint NOT NULL DEFAULT '0',
  `is_default` tinyint unsigned NOT NULL DEFAULT '0',
  `status` varchar(60) CHARACTER SET utf8mb4 COLLATE utf8mb4_unicode_ci NOT NULL DEFAULT 'published',
  `created_at` timestamp NULL DEFAULT NULL,
  `updated_at` timestamp NULL DEFAULT NULL,
  PRIMARY KEY (`id`)
) ENGINE=InnoDB DEFAULT CHARSET=utf8mb4 COLLATE=utf8mb4_unicode_ci;

--
-- Dumping data for table `countries_backup`
--


--
-- Table structure for table `countries_translations`
--

CREATE TABLE `countries_translations` (
  `lang_code` varchar(191) CHARACTER SET utf8mb4 COLLATE utf8mb4_unicode_ci NOT NULL,
  `countries_id` int NOT NULL,
  `name` varchar(120) CHARACTER SET utf8mb4 COLLATE utf8mb4_unicode_ci DEFAULT NULL,
  `nationality` varchar(120) CHARACTER SET utf8mb4 COLLATE utf8mb4_unicode_ci DEFAULT NULL,
  PRIMARY KEY (`lang_code`,`countries_id`)
) ENGINE=InnoDB DEFAULT CHARSET=utf8mb4 COLLATE=utf8mb4_unicode_ci;

--
-- Dumping data for table `countries_translations`
--


--
-- Table structure for table `dashboard_widget_settings`
--

CREATE TABLE `dashboard_widget_settings` (
  `id` bigint unsigned NOT NULL AUTO_INCREMENT,
  `settings` text CHARACTER SET utf8mb4 COLLATE utf8mb4_unicode_ci,
  `user_id` int unsigned NOT NULL,
  `widget_id` int unsigned NOT NULL,
  `order` tinyint unsigned NOT NULL DEFAULT '0',
  `status` tinyint unsigned NOT NULL DEFAULT '1',
  `created_at` timestamp NULL DEFAULT NULL,
  `updated_at` timestamp NULL DEFAULT NULL,
  PRIMARY KEY (`id`),
  KEY `dashboard_widget_settings_user_id_index` (`user_id`),
  KEY `dashboard_widget_settings_widget_id_index` (`widget_id`)
) ENGINE=InnoDB DEFAULT CHARSET=utf8mb4 COLLATE=utf8mb4_unicode_ci;

--
-- Dumping data for table `dashboard_widget_settings`
--


--
-- Table structure for table `dashboard_widgets`
--

CREATE TABLE `dashboard_widgets` (
  `id` bigint unsigned NOT NULL AUTO_INCREMENT,
  `name` varchar(120) CHARACTER SET utf8mb4 COLLATE utf8mb4_unicode_ci NOT NULL,
  `created_at` timestamp NULL DEFAULT NULL,
  `updated_at` timestamp NULL DEFAULT NULL,
  PRIMARY KEY (`id`)
) ENGINE=InnoDB DEFAULT CHARSET=utf8mb4 COLLATE=utf8mb4_unicode_ci;

--
-- Dumping data for table `dashboard_widgets`
--


--
-- Table structure for table `ec_brands`
--

CREATE TABLE `ec_brands` (
  `id` bigint unsigned NOT NULL AUTO_INCREMENT,
  `name` varchar(191) CHARACTER SET utf8mb4 COLLATE utf8mb4_unicode_ci NOT NULL,
  `description` mediumtext CHARACTER SET utf8mb4 COLLATE utf8mb4_unicode_ci,
  `website` varchar(255) CHARACTER SET utf8mb4 COLLATE utf8mb4_unicode_ci DEFAULT NULL,
  `logo` varchar(255) CHARACTER SET utf8mb4 COLLATE utf8mb4_unicode_ci DEFAULT NULL,
  `status` varchar(60) CHARACTER SET utf8mb4 COLLATE utf8mb4_unicode_ci NOT NULL DEFAULT 'published',
  `order` tinyint unsigned NOT NULL DEFAULT '0',
  `is_featured` tinyint unsigned NOT NULL DEFAULT '0',
  `created_at` timestamp NULL DEFAULT NULL,
  `updated_at` timestamp NULL DEFAULT NULL,
  PRIMARY KEY (`id`)
) ENGINE=InnoDB AUTO_INCREMENT=8 DEFAULT CHARSET=utf8mb4 COLLATE=utf8mb4_unicode_ci;

--
-- Dumping data for table `ec_brands`
--

INSERT INTO `ec_brands` VALUES (1,'Fashion live',NULL,NULL,'brands/1.png','published',0,1,'2022-01-03 21:19:20','2022-01-03 21:19:20'),(2,'Hand crafted',NULL,NULL,'brands/2.png','published',1,1,'2022-01-03 21:19:20','2022-01-03 21:19:20'),(3,'Mestonix',NULL,NULL,'brands/3.png','published',2,1,'2022-01-03 21:19:20','2022-01-03 21:19:20'),(4,'Sunshine',NULL,NULL,'brands/4.png','published',3,1,'2022-01-03 21:19:20','2022-01-03 21:19:20'),(5,'Pure',NULL,NULL,'brands/5.png','published',4,1,'2022-01-03 21:19:20','2022-01-03 21:19:20'),(6,'Anfold',NULL,NULL,'brands/6.png','published',5,1,'2022-01-03 21:19:20','2022-01-03 21:19:20'),(7,'Automotive',NULL,NULL,'brands/7.png','published',6,1,'2022-01-03 21:19:20','2022-01-03 21:19:20');

--
-- Table structure for table `ec_brands_translations`
--

CREATE TABLE `ec_brands_translations` (
  `lang_code` varchar(191) CHARACTER SET utf8mb4 COLLATE utf8mb4_unicode_ci NOT NULL,
  `ec_brands_id` int NOT NULL,
  `name` varchar(191) CHARACTER SET utf8mb4 COLLATE utf8mb4_unicode_ci DEFAULT NULL,
  `description` varchar(191) CHARACTER SET utf8mb4 COLLATE utf8mb4_unicode_ci DEFAULT NULL,
  PRIMARY KEY (`lang_code`,`ec_brands_id`)
) ENGINE=InnoDB DEFAULT CHARSET=utf8mb4 COLLATE=utf8mb4_unicode_ci;

--
-- Dumping data for table `ec_brands_translations`
--

INSERT INTO `ec_brands_translations` VALUES ('vi',1,'Fashion live',NULL),('vi',2,'Hand crafted',NULL),('vi',3,'Mestonix',NULL),('vi',4,'Sunshine',NULL),('vi',5,'Pure',NULL),('vi',6,'Anfold',NULL),('vi',7,'Automotive',NULL);

--
-- Table structure for table `ec_cart`
--

CREATE TABLE `ec_cart` (
  `identifier` varchar(191) CHARACTER SET utf8mb4 COLLATE utf8mb4_unicode_ci NOT NULL,
  `instance` varchar(191) CHARACTER SET utf8mb4 COLLATE utf8mb4_unicode_ci NOT NULL,
  `content` longtext CHARACTER SET utf8mb4 COLLATE utf8mb4_unicode_ci NOT NULL,
  `created_at` timestamp NULL DEFAULT NULL,
  `updated_at` timestamp NULL DEFAULT NULL,
  PRIMARY KEY (`identifier`,`instance`)
) ENGINE=InnoDB DEFAULT CHARSET=utf8mb4 COLLATE=utf8mb4_unicode_ci;

--
-- Dumping data for table `ec_cart`
--


--
-- Table structure for table `ec_currencies`
--

CREATE TABLE `ec_currencies` (
  `id` bigint unsigned NOT NULL AUTO_INCREMENT,
  `title` varchar(191) CHARACTER SET utf8mb4 COLLATE utf8mb4_unicode_ci NOT NULL,
  `symbol` varchar(10) CHARACTER SET utf8mb4 COLLATE utf8mb4_unicode_ci NOT NULL,
  `is_prefix_symbol` tinyint unsigned NOT NULL DEFAULT '0',
  `decimals` tinyint unsigned DEFAULT '0',
  `order` int unsigned DEFAULT '0',
  `is_default` tinyint NOT NULL DEFAULT '0',
  `exchange_rate` double NOT NULL DEFAULT '1',
  `created_at` timestamp NULL DEFAULT NULL,
  `updated_at` timestamp NULL DEFAULT NULL,
  PRIMARY KEY (`id`)
) ENGINE=InnoDB AUTO_INCREMENT=4 DEFAULT CHARSET=utf8mb4 COLLATE=utf8mb4_unicode_ci;

--
-- Dumping data for table `ec_currencies`
--

INSERT INTO `ec_currencies` VALUES (1,'USD','$',1,2,0,1,1,'2022-01-03 21:19:20','2022-01-03 21:19:20'),(2,'EUR','€',0,2,1,0,0.84,'2022-01-03 21:19:20','2022-01-03 21:19:20'),(3,'VND','₫',0,0,2,0,23203,'2022-01-03 21:19:20','2022-01-03 21:19:20');

--
-- Table structure for table `ec_customer_addresses`
--

CREATE TABLE `ec_customer_addresses` (
  `id` bigint unsigned NOT NULL AUTO_INCREMENT,
  `name` varchar(191) CHARACTER SET utf8mb4 COLLATE utf8mb4_unicode_ci NOT NULL,
  `email` varchar(60) CHARACTER SET utf8mb4 COLLATE utf8mb4_unicode_ci DEFAULT NULL,
  `phone` varchar(20) CHARACTER SET utf8mb4 COLLATE utf8mb4_unicode_ci DEFAULT NULL,
  `country` varchar(120) CHARACTER SET utf8mb4 COLLATE utf8mb4_unicode_ci DEFAULT NULL,
  `state` varchar(120) CHARACTER SET utf8mb4 COLLATE utf8mb4_unicode_ci DEFAULT NULL,
  `city` varchar(120) CHARACTER SET utf8mb4 COLLATE utf8mb4_unicode_ci DEFAULT NULL,
  `address` varchar(191) CHARACTER SET utf8mb4 COLLATE utf8mb4_unicode_ci NOT NULL,
  `customer_id` int unsigned NOT NULL,
  `is_default` tinyint unsigned NOT NULL DEFAULT '0',
  `created_at` timestamp NULL DEFAULT NULL,
  `updated_at` timestamp NULL DEFAULT NULL,
  `zip_code` varchar(20) CHARACTER SET utf8mb4 COLLATE utf8mb4_unicode_ci DEFAULT NULL,
  PRIMARY KEY (`id`)
) ENGINE=InnoDB AUTO_INCREMENT=11 DEFAULT CHARSET=utf8mb4 COLLATE=utf8mb4_unicode_ci;

--
-- Dumping data for table `ec_customer_addresses`
--

INSERT INTO `ec_customer_addresses` VALUES (1,'John Smith','john.smith@botble.com','+12515443682','PM','Maine','Khalilchester','87250 Jesse Union Apt. 349',1,1,'2022-01-03 21:19:34','2022-01-03 21:19:34','30754'),(2,'John Smith','john.smith@botble.com','+18646669678','PK','District of Columbia','New Electa','58491 Amara Lights',1,0,'2022-01-03 21:19:34','2022-01-03 21:19:34','82537'),(3,'Jakayla Johnson MD','uschumm@example.org','+13477493445','PS','Michigan','Elmoborough','96395 Mertz Mission',2,1,'2022-01-03 21:19:34','2022-01-03 21:19:34','49075'),(4,'Elinore Douglas','ywest@example.org','+17312448493','FO','Indiana','North Hilariobury','2817 Nathen Run Apt. 269',3,1,'2022-01-03 21:19:34','2022-01-03 21:19:34','27457-2847'),(5,'Tess Wisoky','rodriguez.caleigh@example.org','+19479373197','CF','Hawaii','Alyciamouth','561 Medhurst Court Suite 288',4,1,'2022-01-03 21:19:34','2022-01-03 21:19:34','11858-9377'),(6,'Kaela Gutkowski','lila.harvey@example.org','+19384022769','SB','Arkansas','Port Robyn','491 Terrence Drive Apt. 718',5,1,'2022-01-03 21:19:34','2022-01-03 21:19:34','36152-2922'),(7,'Melyssa Wilderman','reilly.angus@example.net','+14589074352','BO','Ohio','Jacklynfurt','51092 Walker Crescent',6,1,'2022-01-03 21:19:34','2022-01-03 21:19:34','61805'),(8,'Alisa Effertz','kip.abernathy@example.net','+13092910490','DK','Hawaii','Port Dexterhaven','93372 Heidenreich Mall Suite 893',7,1,'2022-01-03 21:19:34','2022-01-03 21:19:34','42230'),(9,'Vallie Schmidt','uadams@example.net','+15512147029','BH','Texas','New June','3539 Kayley Hollow Apt. 737',8,1,'2022-01-03 21:19:34','2022-01-03 21:19:34','51255'),(10,'Antoinette Hartmann','autumn.eichmann@example.net','+17755681909','DJ','North Carolina','Robertsshire','80301 Lucas Underpass',9,1,'2022-01-03 21:19:34','2022-01-03 21:19:34','89637-1374');

--
-- Table structure for table `ec_customer_password_resets`
--

CREATE TABLE `ec_customer_password_resets` (
  `email` varchar(191) CHARACTER SET utf8mb4 COLLATE utf8mb4_unicode_ci NOT NULL,
  `token` varchar(191) CHARACTER SET utf8mb4 COLLATE utf8mb4_unicode_ci NOT NULL,
  `created_at` timestamp NULL DEFAULT NULL,
  KEY `ec_customer_password_resets_email_index` (`email`),
  KEY `ec_customer_password_resets_token_index` (`token`)
) ENGINE=InnoDB DEFAULT CHARSET=utf8mb4 COLLATE=utf8mb4_unicode_ci;

--
-- Dumping data for table `ec_customer_password_resets`
--


--
-- Table structure for table `ec_discount_customers`
--

CREATE TABLE `ec_discount_customers` (
  `discount_id` int unsigned NOT NULL,
  `customer_id` int unsigned NOT NULL,
  PRIMARY KEY (`discount_id`,`customer_id`)
) ENGINE=InnoDB DEFAULT CHARSET=utf8mb4 COLLATE=utf8mb4_unicode_ci;

--
-- Dumping data for table `ec_discount_customers`
--


--
-- Table structure for table `ec_discount_product_collections`
--

CREATE TABLE `ec_discount_product_collections` (
  `discount_id` int unsigned NOT NULL,
  `product_collection_id` int unsigned NOT NULL,
  PRIMARY KEY (`discount_id`,`product_collection_id`)
) ENGINE=InnoDB DEFAULT CHARSET=utf8mb4 COLLATE=utf8mb4_unicode_ci;

--
-- Dumping data for table `ec_discount_product_collections`
--


--
-- Table structure for table `ec_discount_products`
--

CREATE TABLE `ec_discount_products` (
  `discount_id` int unsigned NOT NULL,
  `product_id` int unsigned NOT NULL,
  PRIMARY KEY (`discount_id`,`product_id`)
) ENGINE=InnoDB DEFAULT CHARSET=utf8mb4 COLLATE=utf8mb4_unicode_ci;

--
-- Dumping data for table `ec_discount_products`
--


--
-- Table structure for table `ec_discounts`
--

CREATE TABLE `ec_discounts` (
  `id` bigint unsigned NOT NULL AUTO_INCREMENT,
  `title` varchar(120) CHARACTER SET utf8mb4 COLLATE utf8mb4_unicode_ci DEFAULT NULL,
  `code` varchar(20) CHARACTER SET utf8mb4 COLLATE utf8mb4_unicode_ci DEFAULT NULL,
  `start_date` datetime DEFAULT NULL,
  `end_date` datetime DEFAULT NULL,
  `quantity` int DEFAULT NULL,
  `total_used` int unsigned NOT NULL DEFAULT '0',
  `value` double DEFAULT NULL,
  `type` varchar(60) CHARACTER SET utf8mb4 COLLATE utf8mb4_unicode_ci DEFAULT 'coupon',
  `can_use_with_promotion` tinyint(1) NOT NULL DEFAULT '0',
  `discount_on` varchar(20) CHARACTER SET utf8mb4 COLLATE utf8mb4_unicode_ci DEFAULT NULL,
  `product_quantity` int unsigned DEFAULT NULL,
  `type_option` varchar(100) CHARACTER SET utf8mb4 COLLATE utf8mb4_unicode_ci NOT NULL DEFAULT 'amount',
  `target` varchar(100) CHARACTER SET utf8mb4 COLLATE utf8mb4_unicode_ci NOT NULL DEFAULT 'all-orders',
  `min_order_price` decimal(15,2) DEFAULT NULL,
  `created_at` timestamp NULL DEFAULT NULL,
  `updated_at` timestamp NULL DEFAULT NULL,
  PRIMARY KEY (`id`),
  UNIQUE KEY `ec_discounts_code_unique` (`code`)
) ENGINE=InnoDB DEFAULT CHARSET=utf8mb4 COLLATE=utf8mb4_unicode_ci;

--
-- Dumping data for table `ec_discounts`
--


--
-- Table structure for table `ec_flash_sale_products`
--

CREATE TABLE `ec_flash_sale_products` (
  `flash_sale_id` int unsigned NOT NULL,
  `product_id` int unsigned NOT NULL,
  `price` double unsigned DEFAULT NULL,
  `quantity` int unsigned DEFAULT NULL,
  `sold` int unsigned NOT NULL DEFAULT '0'
) ENGINE=InnoDB DEFAULT CHARSET=utf8mb4 COLLATE=utf8mb4_unicode_ci;

--
-- Dumping data for table `ec_flash_sale_products`
--

INSERT INTO `ec_flash_sale_products` VALUES (1,1,248.3,17,1),(2,6,39,15,4);

--
-- Table structure for table `ec_flash_sales`
--

CREATE TABLE `ec_flash_sales` (
  `id` bigint unsigned NOT NULL AUTO_INCREMENT,
  `name` varchar(255) CHARACTER SET utf8mb4 COLLATE utf8mb4_unicode_ci NOT NULL,
  `end_date` datetime NOT NULL,
  `status` varchar(60) CHARACTER SET utf8mb4 COLLATE utf8mb4_unicode_ci NOT NULL DEFAULT 'published',
  `created_at` timestamp NULL DEFAULT NULL,
  `updated_at` timestamp NULL DEFAULT NULL,
  PRIMARY KEY (`id`)
) ENGINE=InnoDB AUTO_INCREMENT=3 DEFAULT CHARSET=utf8mb4 COLLATE=utf8mb4_unicode_ci;

--
-- Dumping data for table `ec_flash_sales`
--

INSERT INTO `ec_flash_sales` VALUES (1,'Deal of the Day.','2022-05-31 00:00:00','published','2022-04-20 19:55:17','2022-04-20 19:55:17'),(2,'Gadgets & Accessories','2022-05-26 00:00:00','published','2022-04-20 19:55:17','2022-04-20 19:55:17');

--
-- Table structure for table `ec_flash_sales_translations`
--

CREATE TABLE `ec_flash_sales_translations` (
  `lang_code` varchar(191) CHARACTER SET utf8mb4 COLLATE utf8mb4_unicode_ci NOT NULL,
  `ec_flash_sales_id` int NOT NULL,
  `name` varchar(191) CHARACTER SET utf8mb4 COLLATE utf8mb4_unicode_ci DEFAULT NULL,
  PRIMARY KEY (`lang_code`,`ec_flash_sales_id`)
) ENGINE=InnoDB DEFAULT CHARSET=utf8mb4 COLLATE=utf8mb4_unicode_ci;

--
-- Dumping data for table `ec_flash_sales_translations`
--

INSERT INTO `ec_flash_sales_translations` VALUES ('vi',1,'Khuyến mãi trong ngày.'),('vi',2,'Tiện ích & Phụ kiện');

--
-- Table structure for table `ec_grouped_products`
--

CREATE TABLE `ec_grouped_products` (
  `id` bigint unsigned NOT NULL AUTO_INCREMENT,
  `parent_product_id` int unsigned NOT NULL,
  `product_id` int unsigned NOT NULL,
  `fixed_qty` int NOT NULL DEFAULT '1',
  PRIMARY KEY (`id`)
) ENGINE=InnoDB DEFAULT CHARSET=utf8mb4 COLLATE=utf8mb4_unicode_ci;

--
-- Dumping data for table `ec_grouped_products`
--


--
-- Table structure for table `ec_order_addresses`
--

CREATE TABLE `ec_order_addresses` (
  `id` bigint unsigned NOT NULL AUTO_INCREMENT,
  `name` varchar(191) CHARACTER SET utf8mb4 COLLATE utf8mb4_unicode_ci NOT NULL,
  `phone` varchar(20) CHARACTER SET utf8mb4 COLLATE utf8mb4_unicode_ci DEFAULT NULL,
  `email` varchar(191) CHARACTER SET utf8mb4 COLLATE utf8mb4_unicode_ci DEFAULT NULL,
  `country` varchar(120) CHARACTER SET utf8mb4 COLLATE utf8mb4_unicode_ci DEFAULT NULL,
  `state` varchar(120) CHARACTER SET utf8mb4 COLLATE utf8mb4_unicode_ci DEFAULT NULL,
  `city` varchar(120) CHARACTER SET utf8mb4 COLLATE utf8mb4_unicode_ci DEFAULT NULL,
  `address` varchar(255) CHARACTER SET utf8mb4 COLLATE utf8mb4_unicode_ci DEFAULT NULL,
  `order_id` int unsigned NOT NULL,
  `zip_code` varchar(20) CHARACTER SET utf8mb4 COLLATE utf8mb4_unicode_ci DEFAULT NULL,
  PRIMARY KEY (`id`)
) ENGINE=InnoDB AUTO_INCREMENT=21 DEFAULT CHARSET=utf8mb4 COLLATE=utf8mb4_unicode_ci;

--
-- Dumping data for table `ec_order_addresses`
--

INSERT INTO `ec_order_addresses` VALUES (1,'Melyssa Wilderman','+14589074352','reilly.angus@example.net','BO','Ohio','Jacklynfurt','51092 Walker Crescent',1,'61805'),(2,'Antoinette Hartmann','+17755681909','autumn.eichmann@example.net','DJ','North Carolina','Robertsshire','80301 Lucas Underpass',2,'89637-1374'),(3,'Vallie Schmidt','+15512147029','uadams@example.net','BH','Texas','New June','3539 Kayley Hollow Apt. 737',3,'51255'),(4,'Kaela Gutkowski','+19384022769','lila.harvey@example.org','SB','Arkansas','Port Robyn','491 Terrence Drive Apt. 718',4,'36152-2922'),(5,'Alisa Effertz','+13092910490','kip.abernathy@example.net','DK','Hawaii','Port Dexterhaven','93372 Heidenreich Mall Suite 893',5,'42230'),(6,'Tess Wisoky','+19479373197','rodriguez.caleigh@example.org','CF','Hawaii','Alyciamouth','561 Medhurst Court Suite 288',6,'11858-9377'),(7,'Melyssa Wilderman','+14589074352','reilly.angus@example.net','BO','Ohio','Jacklynfurt','51092 Walker Crescent',7,'61805'),(8,'Kaela Gutkowski','+19384022769','lila.harvey@example.org','SB','Arkansas','Port Robyn','491 Terrence Drive Apt. 718',8,'36152-2922'),(9,'Melyssa Wilderman','+14589074352','reilly.angus@example.net','BO','Ohio','Jacklynfurt','51092 Walker Crescent',9,'61805'),(10,'Antoinette Hartmann','+17755681909','autumn.eichmann@example.net','DJ','North Carolina','Robertsshire','80301 Lucas Underpass',10,'89637-1374'),(11,'Tess Wisoky','+19479373197','rodriguez.caleigh@example.org','CF','Hawaii','Alyciamouth','561 Medhurst Court Suite 288',11,'11858-9377'),(12,'Tess Wisoky','+19479373197','rodriguez.caleigh@example.org','CF','Hawaii','Alyciamouth','561 Medhurst Court Suite 288',12,'11858-9377'),(13,'Alisa Effertz','+13092910490','kip.abernathy@example.net','DK','Hawaii','Port Dexterhaven','93372 Heidenreich Mall Suite 893',13,'42230'),(14,'Tess Wisoky','+19479373197','rodriguez.caleigh@example.org','CF','Hawaii','Alyciamouth','561 Medhurst Court Suite 288',14,'11858-9377'),(15,'Tess Wisoky','+19479373197','rodriguez.caleigh@example.org','CF','Hawaii','Alyciamouth','561 Medhurst Court Suite 288',15,'11858-9377'),(16,'Antoinette Hartmann','+17755681909','autumn.eichmann@example.net','DJ','North Carolina','Robertsshire','80301 Lucas Underpass',16,'89637-1374'),(17,'Alisa Effertz','+13092910490','kip.abernathy@example.net','DK','Hawaii','Port Dexterhaven','93372 Heidenreich Mall Suite 893',17,'42230'),(18,'Vallie Schmidt','+15512147029','uadams@example.net','BH','Texas','New June','3539 Kayley Hollow Apt. 737',18,'51255'),(19,'Melyssa Wilderman','+14589074352','reilly.angus@example.net','BO','Ohio','Jacklynfurt','51092 Walker Crescent',19,'61805'),(20,'John Smith','+12515443682','john.smith@botble.com','PM','Maine','Khalilchester','87250 Jesse Union Apt. 349',20,'30754');

--
-- Table structure for table `ec_order_histories`
--

CREATE TABLE `ec_order_histories` (
  `id` bigint unsigned NOT NULL AUTO_INCREMENT,
  `action` varchar(120) CHARACTER SET utf8mb4 COLLATE utf8mb4_unicode_ci NOT NULL,
  `description` varchar(255) CHARACTER SET utf8mb4 COLLATE utf8mb4_unicode_ci NOT NULL,
  `user_id` int unsigned DEFAULT NULL,
  `order_id` int unsigned NOT NULL,
  `extras` text CHARACTER SET utf8mb4 COLLATE utf8mb4_unicode_ci,
  `created_at` timestamp NULL DEFAULT NULL,
  `updated_at` timestamp NULL DEFAULT NULL,
  PRIMARY KEY (`id`)
) ENGINE=InnoDB AUTO_INCREMENT=87 DEFAULT CHARSET=utf8mb4 COLLATE=utf8mb4_unicode_ci;

--
-- Dumping data for table `ec_order_histories`
--

INSERT INTO `ec_order_histories` VALUES (1,'create_order_from_seeder','Order is created from the checkout page',NULL,1,NULL,'2022-04-07 11:55:18','2022-04-07 11:55:18'),(2,'confirm_order','Order was verified by %user_name%',0,1,NULL,'2022-04-07 11:55:18','2022-04-07 11:55:18'),(3,'confirm_payment','Payment was confirmed (amount $477.00) by %user_name%',0,1,NULL,'2022-04-20 19:55:18','2022-04-20 19:55:18'),(4,'create_shipment','Created shipment for order',0,1,NULL,'2022-04-20 19:55:18','2022-04-20 19:55:18'),(5,'update_status','Changed status of shipping to : Delivered . Updated by: %user_name%',0,1,NULL,'2022-04-20 19:55:18','2022-04-20 19:55:18'),(6,'create_order_from_seeder','Order is created from the checkout page',NULL,2,NULL,'2022-04-11 07:55:18','2022-04-11 07:55:18'),(7,'confirm_order','Order was verified by %user_name%',0,2,NULL,'2022-04-11 07:55:18','2022-04-11 07:55:18'),(8,'confirm_payment','Payment was confirmed (amount $1,656.90) by %user_name%',0,2,NULL,'2022-04-20 19:55:18','2022-04-20 19:55:18'),(9,'create_shipment','Created shipment for order',0,2,NULL,'2022-04-20 19:55:18','2022-04-20 19:55:18'),(10,'create_order_from_seeder','Order is created from the checkout page',NULL,3,NULL,'2022-04-16 07:55:18','2022-04-16 07:55:18'),(11,'confirm_order','Order was verified by %user_name%',0,3,NULL,'2022-04-16 07:55:18','2022-04-16 07:55:18'),(12,'confirm_payment','Payment was confirmed (amount $1,511.10) by %user_name%',0,3,NULL,'2022-04-20 19:55:18','2022-04-20 19:55:18'),(13,'create_shipment','Created shipment for order',0,3,NULL,'2022-04-20 19:55:18','2022-04-20 19:55:18'),(14,'update_status','Changed status of shipping to : Delivered . Updated by: %user_name%',0,3,NULL,'2022-04-20 19:55:18','2022-04-20 19:55:18'),(15,'create_order_from_seeder','Order is created from the checkout page',NULL,4,NULL,'2022-04-17 23:55:18','2022-04-17 23:55:18'),(16,'confirm_order','Order was verified by %user_name%',0,4,NULL,'2022-04-17 23:55:18','2022-04-17 23:55:18'),(17,'confirm_payment','Payment was confirmed (amount $1,713.90) by %user_name%',0,4,NULL,'2022-04-20 19:55:18','2022-04-20 19:55:18'),(18,'create_shipment','Created shipment for order',0,4,NULL,'2022-04-20 19:55:18','2022-04-20 19:55:18'),(19,'create_order_from_seeder','Order is created from the checkout page',NULL,5,NULL,'2022-04-07 11:55:18','2022-04-07 11:55:18'),(20,'confirm_order','Order was verified by %user_name%',0,5,NULL,'2022-04-07 11:55:18','2022-04-07 11:55:18'),(21,'create_shipment','Created shipment for order',0,5,NULL,'2022-04-20 19:55:18','2022-04-20 19:55:18'),(22,'create_order_from_seeder','Order is created from the checkout page',NULL,6,NULL,'2022-04-18 07:55:18','2022-04-18 07:55:18'),(23,'confirm_order','Order was verified by %user_name%',0,6,NULL,'2022-04-18 07:55:18','2022-04-18 07:55:18'),(24,'confirm_payment','Payment was confirmed (amount $1,556.20) by %user_name%',0,6,NULL,'2022-04-20 19:55:18','2022-04-20 19:55:18'),(25,'create_shipment','Created shipment for order',0,6,NULL,'2022-04-20 19:55:18','2022-04-20 19:55:18'),(26,'create_order_from_seeder','Order is created from the checkout page',NULL,7,NULL,'2022-04-09 03:55:18','2022-04-09 03:55:18'),(27,'confirm_order','Order was verified by %user_name%',0,7,NULL,'2022-04-09 03:55:18','2022-04-09 03:55:18'),(28,'create_shipment','Created shipment for order',0,7,NULL,'2022-04-20 19:55:18','2022-04-20 19:55:18'),(29,'update_status','Changed status of shipping to : Delivered . Updated by: %user_name%',0,7,NULL,'2022-04-20 19:55:18','2022-04-20 19:55:18'),(30,'create_order_from_seeder','Order is created from the checkout page',NULL,8,NULL,'2022-04-12 03:55:18','2022-04-12 03:55:18'),(31,'confirm_order','Order was verified by %user_name%',0,8,NULL,'2022-04-12 03:55:18','2022-04-12 03:55:18'),(32,'confirm_payment','Payment was confirmed (amount $548.10) by %user_name%',0,8,NULL,'2022-04-20 19:55:18','2022-04-20 19:55:18'),(33,'create_shipment','Created shipment for order',0,8,NULL,'2022-04-20 19:55:18','2022-04-20 19:55:18'),(34,'update_status','Changed status of shipping to : Delivered . Updated by: %user_name%',0,8,NULL,'2022-04-20 19:55:18','2022-04-20 19:55:18'),(35,'create_order_from_seeder','Order is created from the checkout page',NULL,9,NULL,'2022-04-18 19:55:18','2022-04-18 19:55:18'),(36,'confirm_order','Order was verified by %user_name%',0,9,NULL,'2022-04-18 19:55:18','2022-04-18 19:55:18'),(37,'confirm_payment','Payment was confirmed (amount $998.60) by %user_name%',0,9,NULL,'2022-04-20 19:55:18','2022-04-20 19:55:18'),(38,'create_shipment','Created shipment for order',0,9,NULL,'2022-04-20 19:55:18','2022-04-20 19:55:18'),(39,'create_order_from_seeder','Order is created from the checkout page',NULL,10,NULL,'2022-04-17 03:55:18','2022-04-17 03:55:18'),(40,'confirm_order','Order was verified by %user_name%',0,10,NULL,'2022-04-17 03:55:18','2022-04-17 03:55:18'),(41,'confirm_payment','Payment was confirmed (amount $1,864.60) by %user_name%',0,10,NULL,'2022-04-20 19:55:18','2022-04-20 19:55:18'),(42,'create_shipment','Created shipment for order',0,10,NULL,'2022-04-20 19:55:18','2022-04-20 19:55:18'),(43,'create_order_from_seeder','Order is created from the checkout page',NULL,11,NULL,'2022-04-17 11:55:18','2022-04-17 11:55:18'),(44,'confirm_order','Order was verified by %user_name%',0,11,NULL,'2022-04-17 11:55:18','2022-04-17 11:55:18'),(45,'confirm_payment','Payment was confirmed (amount $2,994.60) by %user_name%',0,11,NULL,'2022-04-20 19:55:18','2022-04-20 19:55:18'),(46,'create_shipment','Created shipment for order',0,11,NULL,'2022-04-20 19:55:18','2022-04-20 19:55:18'),(47,'create_order_from_seeder','Order is created from the checkout page',NULL,12,NULL,'2022-04-18 13:55:18','2022-04-18 13:55:18'),(48,'confirm_order','Order was verified by %user_name%',0,12,NULL,'2022-04-18 13:55:18','2022-04-18 13:55:18'),(49,'confirm_payment','Payment was confirmed (amount $255.90) by %user_name%',0,12,NULL,'2022-04-20 19:55:18','2022-04-20 19:55:18'),(50,'create_shipment','Created shipment for order',0,12,NULL,'2022-04-20 19:55:18','2022-04-20 19:55:18'),(51,'update_status','Changed status of shipping to : Delivered . Updated by: %user_name%',0,12,NULL,'2022-04-20 19:55:18','2022-04-20 19:55:18'),(52,'create_order_from_seeder','Order is created from the checkout page',NULL,13,NULL,'2022-04-16 19:55:18','2022-04-16 19:55:18'),(53,'confirm_order','Order was verified by %user_name%',0,13,NULL,'2022-04-16 19:55:18','2022-04-16 19:55:18'),(54,'confirm_payment','Payment was confirmed (amount $958.80) by %user_name%',0,13,NULL,'2022-04-20 19:55:18','2022-04-20 19:55:18'),(55,'create_shipment','Created shipment for order',0,13,NULL,'2022-04-20 19:55:18','2022-04-20 19:55:18'),(56,'create_order_from_seeder','Order is created from the checkout page',NULL,14,NULL,'2022-04-19 15:55:18','2022-04-19 15:55:18'),(57,'confirm_order','Order was verified by %user_name%',0,14,NULL,'2022-04-19 15:55:18','2022-04-19 15:55:18'),(58,'confirm_payment','Payment was confirmed (amount $1,264.30) by %user_name%',0,14,NULL,'2022-04-20 19:55:18','2022-04-20 19:55:18'),(59,'create_shipment','Created shipment for order',0,14,NULL,'2022-04-20 19:55:18','2022-04-20 19:55:18'),(60,'create_order_from_seeder','Order is created from the checkout page',NULL,15,NULL,'2022-04-17 19:55:18','2022-04-17 19:55:18'),(61,'confirm_order','Order was verified by %user_name%',0,15,NULL,'2022-04-17 19:55:18','2022-04-17 19:55:18'),(62,'confirm_payment','Payment was confirmed (amount $497.20) by %user_name%',0,15,NULL,'2022-04-20 19:55:18','2022-04-20 19:55:18'),(63,'create_shipment','Created shipment for order',0,15,NULL,'2022-04-20 19:55:18','2022-04-20 19:55:18'),(64,'create_order_from_seeder','Order is created from the checkout page',NULL,16,NULL,'2022-04-19 23:55:18','2022-04-19 23:55:18'),(65,'confirm_order','Order was verified by %user_name%',0,16,NULL,'2022-04-19 23:55:18','2022-04-19 23:55:18'),(66,'create_shipment','Created shipment for order',0,16,NULL,'2022-04-20 19:55:18','2022-04-20 19:55:18'),(67,'update_status','Changed status of shipping to : Delivered . Updated by: %user_name%',0,16,NULL,'2022-04-20 19:55:18','2022-04-20 19:55:18'),(68,'create_order_from_seeder','Order is created from the checkout page',NULL,17,NULL,'2022-04-18 11:55:18','2022-04-18 11:55:18'),(69,'confirm_order','Order was verified by %user_name%',0,17,NULL,'2022-04-18 11:55:18','2022-04-18 11:55:18'),(70,'confirm_payment','Payment was confirmed (amount $421.20) by %user_name%',0,17,NULL,'2022-04-20 19:55:18','2022-04-20 19:55:18'),(71,'create_shipment','Created shipment for order',0,17,NULL,'2022-04-20 19:55:18','2022-04-20 19:55:18'),(72,'create_order_from_seeder','Order is created from the checkout page',NULL,18,NULL,'2022-04-19 07:55:18','2022-04-19 07:55:18'),(73,'confirm_order','Order was verified by %user_name%',0,18,NULL,'2022-04-19 07:55:18','2022-04-19 07:55:18'),(74,'confirm_payment','Payment was confirmed (amount $1,191.10) by %user_name%',0,18,NULL,'2022-04-20 19:55:18','2022-04-20 19:55:18'),(75,'create_shipment','Created shipment for order',0,18,NULL,'2022-04-20 19:55:18','2022-04-20 19:55:18'),(76,'create_order_from_seeder','Order is created from the checkout page',NULL,19,NULL,'2022-04-19 11:55:18','2022-04-19 11:55:18'),(77,'confirm_order','Order was verified by %user_name%',0,19,NULL,'2022-04-19 11:55:18','2022-04-19 11:55:18'),(78,'create_shipment','Created shipment for order',0,19,NULL,'2022-04-20 19:55:18','2022-04-20 19:55:18'),(79,'create_order_from_seeder','Order is created from the checkout page',NULL,20,NULL,'2022-04-20 11:55:18','2022-04-20 11:55:18'),(80,'confirm_order','Order was verified by %user_name%',0,20,NULL,'2022-04-20 11:55:18','2022-04-20 11:55:18'),(81,'confirm_payment','Payment was confirmed (amount $1,184.20) by %user_name%',0,20,NULL,'2022-04-20 19:55:18','2022-04-20 19:55:18'),(82,'create_shipment','Created shipment for order',0,20,NULL,'2022-04-20 19:55:18','2022-04-20 19:55:18'),(83,'update_status','Order confirmed by %user_name%',0,1,NULL,'2022-04-20 19:55:18','2022-04-20 19:55:18'),(84,'update_status','Order confirmed by %user_name%',0,3,NULL,'2022-04-20 19:55:18','2022-04-20 19:55:18'),(85,'update_status','Order confirmed by %user_name%',0,8,NULL,'2022-04-20 19:55:18','2022-04-20 19:55:18'),(86,'update_status','Order confirmed by %user_name%',0,12,NULL,'2022-04-20 19:55:18','2022-04-20 19:55:18');

--
-- Table structure for table `ec_order_product`
--

CREATE TABLE `ec_order_product` (
  `id` bigint unsigned NOT NULL AUTO_INCREMENT,
  `order_id` int unsigned NOT NULL,
  `qty` int NOT NULL,
  `price` decimal(15,2) NOT NULL,
  `tax_amount` decimal(15,2) NOT NULL,
  `options` text CHARACTER SET utf8mb4 COLLATE utf8mb4_unicode_ci,
  `product_id` int unsigned DEFAULT NULL,
  `product_name` varchar(191) CHARACTER SET utf8mb4 COLLATE utf8mb4_unicode_ci NOT NULL,
  `weight` double(8,2) DEFAULT '0.00',
  `restock_quantity` int unsigned DEFAULT '0',
  `created_at` timestamp NULL DEFAULT NULL,
  `updated_at` timestamp NULL DEFAULT NULL,
  PRIMARY KEY (`id`)
) ENGINE=InnoDB AUTO_INCREMENT=59 DEFAULT CHARSET=utf8mb4 COLLATE=utf8mb4_unicode_ci;

--
-- Dumping data for table `ec_order_product`
--

INSERT INTO `ec_order_product` VALUES (1,1,2,50.00,5.00,'[]',22,'Cyan Boheme',1376.00,0,'2022-04-20 19:55:18','2022-04-20 19:55:18'),(2,1,3,120.00,12.00,'[]',28,'Round Crossbody Bag',1569.00,0,'2022-04-20 19:55:18','2022-04-20 19:55:18'),(3,2,2,274.00,27.40,'[]',13,'Clutch handmade',1532.00,0,'2022-04-20 19:55:18','2022-04-20 19:55:18'),(4,2,3,228.00,22.80,'[]',17,'Snapshot Standard',2610.00,0,'2022-04-20 19:55:18','2022-04-20 19:55:18'),(5,2,1,228.00,22.80,'[]',18,'Snapshot Standard',870.00,0,'2022-04-20 19:55:18','2022-04-20 19:55:18'),(6,2,2,59.00,5.90,'[]',26,'The Marc Jacobs',1298.00,0,'2022-04-20 19:55:18','2022-04-20 19:55:18'),(7,3,3,274.00,27.40,'[]',14,'Clutch handmade',2298.00,0,'2022-04-20 19:55:18','2022-04-20 19:55:18'),(8,3,2,228.00,22.80,'[]',18,'Snapshot Standard',1740.00,0,'2022-04-20 19:55:18','2022-04-20 19:55:18'),(9,3,3,59.00,5.90,'[]',26,'The Marc Jacobs',1947.00,0,'2022-04-20 19:55:18','2022-04-20 19:55:18'),(10,4,3,382.00,38.20,'[]',10,'Wallet handmade',2019.00,0,'2022-04-20 19:55:18','2022-04-20 19:55:18'),(11,4,1,228.00,22.80,'[]',18,'Snapshot Standard',870.00,0,'2022-04-20 19:55:18','2022-04-20 19:55:18'),(12,4,3,50.00,5.00,'[]',22,'Cyan Boheme',2064.00,0,'2022-04-20 19:55:18','2022-04-20 19:55:18'),(13,4,2,59.00,5.90,'[]',27,'The Marc Jacobs',1298.00,0,'2022-04-20 19:55:18','2022-04-20 19:55:18'),(14,5,3,59.00,5.90,'[]',26,'The Marc Jacobs',1947.00,0,'2022-04-20 19:55:18','2022-04-20 19:55:18'),(15,5,1,120.00,12.00,'[]',30,'Round Crossbody Bag',523.00,0,'2022-04-20 19:55:18','2022-04-20 19:55:18'),(16,6,3,382.00,38.20,'[]',9,'Wallet handmade',2019.00,0,'2022-04-20 19:55:18','2022-04-20 19:55:18'),(17,6,3,120.00,12.00,'[]',29,'Round Crossbody Bag',1569.00,0,'2022-04-20 19:55:18','2022-04-20 19:55:18'),(18,7,2,228.00,22.80,'[]',17,'Snapshot Standard',1740.00,0,'2022-04-20 19:55:18','2022-04-20 19:55:18'),(19,7,1,81.00,8.10,'[]',19,'Joan Mini Camera Bag',516.00,0,'2022-04-20 19:55:18','2022-04-20 19:55:18'),(20,7,2,50.00,5.00,'[]',23,'Cyan Boheme',1376.00,0,'2022-04-20 19:55:18','2022-04-20 19:55:18'),(21,7,1,59.00,5.90,'[]',27,'The Marc Jacobs',649.00,0,'2022-04-20 19:55:18','2022-04-20 19:55:18'),(22,8,1,332.00,33.20,'[]',15,'Gucci Zip Around Wallet',572.00,0,'2022-04-20 19:55:18','2022-04-20 19:55:18'),(23,8,3,59.00,5.90,'[]',27,'The Marc Jacobs',1947.00,0,'2022-04-20 19:55:18','2022-04-20 19:55:18'),(24,9,1,274.00,27.40,'[]',13,'Clutch handmade',766.00,0,'2022-04-20 19:55:18','2022-04-20 19:55:18'),(25,9,2,332.00,33.20,'[]',16,'Gucci Zip Around Wallet',1144.00,0,'2022-04-20 19:55:18','2022-04-20 19:55:18'),(26,10,3,382.00,38.20,'[]',11,'Wallet handmade',2019.00,0,'2022-04-20 19:55:18','2022-04-20 19:55:18'),(27,10,2,274.00,27.40,'[]',13,'Clutch handmade',1532.00,0,'2022-04-20 19:55:18','2022-04-20 19:55:18'),(28,10,2,50.00,5.00,'[]',23,'Cyan Boheme',1376.00,0,'2022-04-20 19:55:18','2022-04-20 19:55:18'),(29,11,2,382.00,38.20,'[]',9,'Wallet handmade',1346.00,0,'2022-04-20 19:55:18','2022-04-20 19:55:18'),(30,11,3,382.00,38.20,'[]',11,'Wallet handmade',2019.00,0,'2022-04-20 19:55:18','2022-04-20 19:55:18'),(31,11,1,274.00,27.40,'[]',14,'Clutch handmade',766.00,0,'2022-04-20 19:55:18','2022-04-20 19:55:18'),(32,11,3,228.00,22.80,'[]',17,'Snapshot Standard',2610.00,0,'2022-04-20 19:55:18','2022-04-20 19:55:18'),(33,12,2,59.00,5.90,'[]',24,'The Marc Jacobs',1298.00,0,'2022-04-20 19:55:18','2022-04-20 19:55:18'),(34,12,1,120.00,12.00,'[]',30,'Round Crossbody Bag',523.00,0,'2022-04-20 19:55:18','2022-04-20 19:55:18'),(35,13,3,228.00,22.80,'[]',18,'Snapshot Standard',2610.00,0,'2022-04-20 19:55:18','2022-04-20 19:55:18'),(36,13,2,120.00,12.00,'[]',29,'Round Crossbody Bag',1046.00,0,'2022-04-20 19:55:18','2022-04-20 19:55:18'),(37,14,2,274.00,27.40,'[]',14,'Clutch handmade',1532.00,0,'2022-04-20 19:55:18','2022-04-20 19:55:18'),(38,14,1,59.00,5.90,'[]',24,'The Marc Jacobs',649.00,0,'2022-04-20 19:55:18','2022-04-20 19:55:18'),(39,14,2,120.00,12.00,'[]',28,'Round Crossbody Bag',1046.00,0,'2022-04-20 19:55:18','2022-04-20 19:55:18'),(40,14,3,120.00,12.00,'[]',30,'Round Crossbody Bag',1569.00,0,'2022-04-20 19:55:18','2022-04-20 19:55:18'),(41,15,1,332.00,33.20,'[]',16,'Gucci Zip Around Wallet',572.00,0,'2022-04-20 19:55:18','2022-04-20 19:55:18'),(42,15,1,120.00,12.00,'[]',30,'Round Crossbody Bag',523.00,0,'2022-04-20 19:55:18','2022-04-20 19:55:18'),(43,16,3,382.00,38.20,'[]',11,'Wallet handmade',2019.00,0,'2022-04-20 19:55:18','2022-04-20 19:55:18'),(44,16,3,81.00,8.10,'[]',20,'Joan Mini Camera Bag',1548.00,0,'2022-04-20 19:55:18','2022-04-20 19:55:18'),(45,16,1,59.00,5.90,'[]',27,'The Marc Jacobs',649.00,0,'2022-04-20 19:55:18','2022-04-20 19:55:18'),(46,16,2,120.00,12.00,'[]',29,'Round Crossbody Bag',1046.00,0,'2022-04-20 19:55:18','2022-04-20 19:55:18'),(47,17,2,81.00,8.10,'[]',19,'Joan Mini Camera Bag',1032.00,0,'2022-04-20 19:55:18','2022-04-20 19:55:18'),(48,17,3,81.00,8.10,'[]',21,'Joan Mini Camera Bag',1548.00,0,'2022-04-20 19:55:18','2022-04-20 19:55:18'),(49,18,1,274.00,27.40,'[]',12,'Clutch handmade',766.00,0,'2022-04-20 19:55:18','2022-04-20 19:55:18'),(50,18,3,228.00,22.80,'[]',17,'Snapshot Standard',2610.00,0,'2022-04-20 19:55:18','2022-04-20 19:55:18'),(51,18,3,59.00,5.90,'[]',26,'The Marc Jacobs',1947.00,0,'2022-04-20 19:55:18','2022-04-20 19:55:18'),(52,19,3,274.00,27.40,'[]',12,'Clutch handmade',2298.00,0,'2022-04-20 19:55:18','2022-04-20 19:55:18'),(53,19,2,81.00,8.10,'[]',20,'Joan Mini Camera Bag',1032.00,0,'2022-04-20 19:55:18','2022-04-20 19:55:18'),(54,19,2,59.00,5.90,'[]',27,'The Marc Jacobs',1298.00,0,'2022-04-20 19:55:18','2022-04-20 19:55:18'),(55,20,1,332.00,33.20,'[]',15,'Gucci Zip Around Wallet',572.00,0,'2022-04-20 19:55:18','2022-04-20 19:55:18'),(56,20,2,228.00,22.80,'[]',17,'Snapshot Standard',1740.00,0,'2022-04-20 19:55:18','2022-04-20 19:55:18'),(57,20,2,81.00,8.10,'[]',19,'Joan Mini Camera Bag',1032.00,0,'2022-04-20 19:55:18','2022-04-20 19:55:18'),(58,20,2,81.00,8.10,'[]',20,'Joan Mini Camera Bag',1032.00,0,'2022-04-20 19:55:18','2022-04-20 19:55:18');

--
-- Table structure for table `ec_product_attribute_sets`
--

CREATE TABLE `ec_product_attribute_sets` (
  `id` bigint unsigned NOT NULL AUTO_INCREMENT,
  `title` varchar(120) CHARACTER SET utf8mb4 COLLATE utf8mb4_unicode_ci NOT NULL,
  `slug` varchar(120) CHARACTER SET utf8mb4 COLLATE utf8mb4_unicode_ci DEFAULT NULL,
  `display_layout` varchar(191) CHARACTER SET utf8mb4 COLLATE utf8mb4_unicode_ci NOT NULL DEFAULT 'swatch_dropdown',
  `is_searchable` tinyint unsigned NOT NULL DEFAULT '1',
  `is_comparable` tinyint unsigned NOT NULL DEFAULT '1',
  `is_use_in_product_listing` tinyint unsigned NOT NULL DEFAULT '0',
  `status` varchar(60) CHARACTER SET utf8mb4 COLLATE utf8mb4_unicode_ci NOT NULL DEFAULT 'published',
  `order` tinyint unsigned NOT NULL DEFAULT '0',
  `created_at` timestamp NULL DEFAULT NULL,
  `updated_at` timestamp NULL DEFAULT NULL,
  `use_image_from_product_variation` tinyint unsigned NOT NULL DEFAULT '0',
  PRIMARY KEY (`id`)
) ENGINE=InnoDB AUTO_INCREMENT=3 DEFAULT CHARSET=utf8mb4 COLLATE=utf8mb4_unicode_ci;

--
-- Dumping data for table `ec_product_attribute_sets`
--

INSERT INTO `ec_product_attribute_sets` VALUES (1,'Color','color','visual',1,1,1,'published',0,'2022-04-20 19:55:17','2022-04-20 19:55:17',1),(2,'Size','size','text',1,1,1,'published',1,'2022-04-20 19:55:17','2022-04-20 19:55:17',0);

--
-- Table structure for table `ec_product_attribute_sets_translations`
--

CREATE TABLE `ec_product_attribute_sets_translations` (
  `lang_code` varchar(191) CHARACTER SET utf8mb4 COLLATE utf8mb4_unicode_ci NOT NULL,
  `ec_product_attribute_sets_id` int NOT NULL,
  `title` varchar(191) CHARACTER SET utf8mb4 COLLATE utf8mb4_unicode_ci DEFAULT NULL,
  PRIMARY KEY (`lang_code`,`ec_product_attribute_sets_id`)
) ENGINE=InnoDB DEFAULT CHARSET=utf8mb4 COLLATE=utf8mb4_unicode_ci;

--
-- Dumping data for table `ec_product_attribute_sets_translations`
--

INSERT INTO `ec_product_attribute_sets_translations` VALUES ('vi',1,'Màu sắc'),('vi',2,'Kích thước');

--
-- Table structure for table `ec_product_attributes`
--

CREATE TABLE `ec_product_attributes` (
  `id` bigint unsigned NOT NULL AUTO_INCREMENT,
  `attribute_set_id` int unsigned NOT NULL,
  `title` varchar(120) CHARACTER SET utf8mb4 COLLATE utf8mb4_unicode_ci NOT NULL,
  `slug` varchar(120) CHARACTER SET utf8mb4 COLLATE utf8mb4_unicode_ci DEFAULT NULL,
  `color` varchar(50) CHARACTER SET utf8mb4 COLLATE utf8mb4_unicode_ci DEFAULT NULL,
  `image` varchar(191) CHARACTER SET utf8mb4 COLLATE utf8mb4_unicode_ci DEFAULT NULL,
  `is_default` tinyint unsigned NOT NULL DEFAULT '0',
  `order` tinyint unsigned NOT NULL DEFAULT '0',
  `status` varchar(60) CHARACTER SET utf8mb4 COLLATE utf8mb4_unicode_ci NOT NULL DEFAULT 'published',
  `created_at` timestamp NULL DEFAULT NULL,
  `updated_at` timestamp NULL DEFAULT NULL,
  PRIMARY KEY (`id`)
) ENGINE=InnoDB AUTO_INCREMENT=11 DEFAULT CHARSET=utf8mb4 COLLATE=utf8mb4_unicode_ci;

--
-- Dumping data for table `ec_product_attributes`
--

INSERT INTO `ec_product_attributes` VALUES (1,1,'Green','green','#5FB7D4',NULL,1,1,'published','2022-04-20 19:55:17','2022-04-20 19:55:17'),(2,1,'Blue','blue','#333333',NULL,0,2,'published','2022-04-20 19:55:17','2022-04-20 19:55:17'),(3,1,'Red','red','#DA323F',NULL,0,3,'published','2022-04-20 19:55:17','2022-04-20 19:55:17'),(4,1,'Black','back','#2F366C',NULL,0,4,'published','2022-04-20 19:55:17','2022-04-20 19:55:17'),(5,1,'Brown','brown','#87554B',NULL,0,5,'published','2022-04-20 19:55:17','2022-04-20 19:55:17'),(6,2,'S','s',NULL,NULL,1,1,'published','2022-04-20 19:55:17','2022-04-20 19:55:17'),(7,2,'M','m',NULL,NULL,0,2,'published','2022-04-20 19:55:17','2022-04-20 19:55:17'),(8,2,'L','l',NULL,NULL,0,3,'published','2022-04-20 19:55:17','2022-04-20 19:55:17'),(9,2,'XL','xl',NULL,NULL,0,4,'published','2022-04-20 19:55:17','2022-04-20 19:55:17'),(10,2,'XXL','xxl',NULL,NULL,0,5,'published','2022-04-20 19:55:17','2022-04-20 19:55:17');

--
-- Table structure for table `ec_product_attributes_translations`
--

CREATE TABLE `ec_product_attributes_translations` (
  `lang_code` varchar(191) CHARACTER SET utf8mb4 COLLATE utf8mb4_unicode_ci NOT NULL,
  `ec_product_attributes_id` int NOT NULL,
  `title` varchar(191) CHARACTER SET utf8mb4 COLLATE utf8mb4_unicode_ci DEFAULT NULL,
  PRIMARY KEY (`lang_code`,`ec_product_attributes_id`)
) ENGINE=InnoDB DEFAULT CHARSET=utf8mb4 COLLATE=utf8mb4_unicode_ci;

--
-- Dumping data for table `ec_product_attributes_translations`
--

INSERT INTO `ec_product_attributes_translations` VALUES ('vi',1,'Xanh lá cây'),('vi',2,'Xanh da trời'),('vi',3,'Đỏ'),('vi',4,'Đen'),('vi',5,'Nâu'),('vi',6,'S'),('vi',7,'M'),('vi',8,'L'),('vi',9,'XL'),('vi',10,'XXL');

--
-- Table structure for table `ec_product_categories`
--

CREATE TABLE `ec_product_categories` (
  `id` bigint unsigned NOT NULL AUTO_INCREMENT,
  `name` varchar(191) CHARACTER SET utf8mb4 COLLATE utf8mb4_unicode_ci NOT NULL,
  `parent_id` int unsigned DEFAULT '0',
  `description` mediumtext CHARACTER SET utf8mb4 COLLATE utf8mb4_unicode_ci,
  `status` varchar(60) CHARACTER SET utf8mb4 COLLATE utf8mb4_unicode_ci NOT NULL DEFAULT 'published',
  `order` int unsigned NOT NULL DEFAULT '0',
  `image` varchar(255) CHARACTER SET utf8mb4 COLLATE utf8mb4_unicode_ci DEFAULT NULL,
  `is_featured` tinyint unsigned NOT NULL DEFAULT '0',
  `created_at` timestamp NULL DEFAULT NULL,
  `updated_at` timestamp NULL DEFAULT NULL,
  PRIMARY KEY (`id`),
  KEY `ec_product_categories_parent_id_status_created_at_index` (`parent_id`,`status`,`created_at`)
) ENGINE=InnoDB AUTO_INCREMENT=14 DEFAULT CHARSET=utf8mb4 COLLATE=utf8mb4_unicode_ci;

--
-- Dumping data for table `ec_product_categories`
--

INSERT INTO `ec_product_categories` VALUES (1,'Office bags',0,NULL,'published',1,'product-categories/1.png',1,'2022-01-03 21:19:21','2022-01-03 21:19:21'),(2,'Hand bag',0,NULL,'published',2,'product-categories/2.png',1,'2022-01-03 21:19:21','2022-01-03 21:19:21'),(3,'Woman',0,NULL,'published',3,'product-categories/3.png',1,'2022-01-03 21:19:21','2022-01-03 21:19:21'),(4,'Woman wallet',3,NULL,'published',1,NULL,0,'2022-01-03 21:19:21','2022-01-03 21:19:21'),(5,'Denim',3,NULL,'published',2,NULL,0,'2022-01-03 21:19:21','2022-01-03 21:19:21'),(6,'Dress',3,NULL,'published',3,NULL,0,'2022-01-03 21:19:21','2022-01-03 21:19:21'),(7,'Backpack',0,NULL,'published',4,'product-categories/4.png',1,'2022-01-03 21:19:21','2022-01-03 21:19:21'),(8,'Bags',0,NULL,'published',5,'product-categories/5.png',1,'2022-01-03 21:19:21','2022-01-03 21:19:21'),(9,'Wallet',0,NULL,'published',6,'product-categories/6.png',1,'2022-01-03 21:19:21','2022-01-03 21:19:21'),(10,'Men',0,NULL,'published',7,'product-categories/7.png',1,'2022-01-03 21:19:21','2022-01-03 21:19:21'),(11,'Accessories',10,NULL,'published',1,NULL,0,'2022-01-03 21:19:21','2022-01-03 21:19:21'),(12,'Men wallet',10,NULL,'published',2,NULL,0,'2022-01-03 21:19:21','2022-01-03 21:19:21'),(13,'Shoes',10,NULL,'published',3,NULL,0,'2022-01-03 21:19:21','2022-01-03 21:19:21');

--
-- Table structure for table `ec_product_categories_translations`
--

CREATE TABLE `ec_product_categories_translations` (
  `lang_code` varchar(191) CHARACTER SET utf8mb4 COLLATE utf8mb4_unicode_ci NOT NULL,
  `ec_product_categories_id` int NOT NULL,
  `name` varchar(191) CHARACTER SET utf8mb4 COLLATE utf8mb4_unicode_ci DEFAULT NULL,
  `description` text CHARACTER SET utf8mb4 COLLATE utf8mb4_unicode_ci,
  PRIMARY KEY (`lang_code`,`ec_product_categories_id`)
) ENGINE=InnoDB DEFAULT CHARSET=utf8mb4 COLLATE=utf8mb4_unicode_ci;

--
-- Dumping data for table `ec_product_categories_translations`
--

INSERT INTO `ec_product_categories_translations` VALUES ('vi',1,'Túi xách văn phòng',NULL),('vi',2,'Túi cầm tay',NULL),('vi',3,'Dành cho nữ',NULL),('vi',4,'Ví nữ',NULL),('vi',5,'Denim',NULL),('vi',6,'Quần áo',NULL),('vi',7,'Balo',NULL),('vi',8,'Túi xách',NULL),('vi',9,'Ví',NULL),('vi',10,'Dành cho nam',NULL),('vi',11,'Phụ kiện',NULL),('vi',12,'Ví nam',NULL),('vi',13,'Giày dép',NULL);

--
-- Table structure for table `ec_product_category_product`
--

CREATE TABLE `ec_product_category_product` (
  `id` bigint unsigned NOT NULL AUTO_INCREMENT,
  `category_id` int unsigned NOT NULL,
  `product_id` int unsigned NOT NULL,
  PRIMARY KEY (`id`),
  KEY `ec_product_category_product_category_id_index` (`category_id`),
  KEY `ec_product_category_product_product_id_index` (`product_id`)
) ENGINE=InnoDB AUTO_INCREMENT=9 DEFAULT CHARSET=utf8mb4 COLLATE=utf8mb4_unicode_ci;

--
-- Dumping data for table `ec_product_category_product`
--

INSERT INTO `ec_product_category_product` VALUES (1,7,1),(2,4,2),(3,9,3),(4,12,4),(5,13,5),(6,4,6),(7,12,7),(8,5,8);

--
-- Table structure for table `ec_product_collection_products`
--

CREATE TABLE `ec_product_collection_products` (
  `id` bigint unsigned NOT NULL AUTO_INCREMENT,
  `product_collection_id` int unsigned NOT NULL,
  `product_id` int unsigned NOT NULL,
  PRIMARY KEY (`id`),
  KEY `ec_product_collection_products_product_collection_id_index` (`product_collection_id`),
  KEY `ec_product_collection_products_product_id_index` (`product_id`)
) ENGINE=InnoDB AUTO_INCREMENT=9 DEFAULT CHARSET=utf8mb4 COLLATE=utf8mb4_unicode_ci;

--
-- Dumping data for table `ec_product_collection_products`
--

INSERT INTO `ec_product_collection_products` VALUES (1,1,1),(2,1,2),(3,2,3),(4,2,4),(5,1,5),(6,2,6),(7,1,7),(8,1,8);

--
-- Table structure for table `ec_product_collections`
--

CREATE TABLE `ec_product_collections` (
  `id` bigint unsigned NOT NULL AUTO_INCREMENT,
  `name` varchar(191) CHARACTER SET utf8mb4 COLLATE utf8mb4_unicode_ci NOT NULL,
  `slug` varchar(191) CHARACTER SET utf8mb4 COLLATE utf8mb4_unicode_ci NOT NULL,
  `description` varchar(400) CHARACTER SET utf8mb4 COLLATE utf8mb4_unicode_ci DEFAULT NULL,
  `image` varchar(255) CHARACTER SET utf8mb4 COLLATE utf8mb4_unicode_ci DEFAULT NULL,
  `status` varchar(60) CHARACTER SET utf8mb4 COLLATE utf8mb4_unicode_ci NOT NULL DEFAULT 'published',
  `created_at` timestamp NULL DEFAULT NULL,
  `updated_at` timestamp NULL DEFAULT NULL,
  `is_featured` tinyint unsigned NOT NULL DEFAULT '0',
  PRIMARY KEY (`id`)
) ENGINE=InnoDB AUTO_INCREMENT=5 DEFAULT CHARSET=utf8mb4 COLLATE=utf8mb4_unicode_ci;

--
-- Dumping data for table `ec_product_collections`
--

INSERT INTO `ec_product_collections` VALUES (1,'New Arrival','new-arrival',NULL,'product-collections/1.jpg','published','2022-01-03 21:19:22','2022-01-03 21:19:22',1),(2,'Best Sellers','best-sellers',NULL,'product-collections/2.jpg','published','2022-01-03 21:19:22','2022-01-03 21:19:22',1),(3,'Special Offer','special-offer',NULL,'product-collections/3.jpg','published','2022-01-03 21:19:22','2022-01-03 21:19:22',1),(4,'Trending Fashion','trending-fashion',NULL,'product-collections/4.jpg','published','2022-01-03 21:19:22','2022-01-03 21:19:22',1);

--
-- Table structure for table `ec_product_collections_translations`
--

CREATE TABLE `ec_product_collections_translations` (
  `lang_code` varchar(191) CHARACTER SET utf8mb4 COLLATE utf8mb4_unicode_ci NOT NULL,
  `ec_product_collections_id` int NOT NULL,
  `name` varchar(191) CHARACTER SET utf8mb4 COLLATE utf8mb4_unicode_ci DEFAULT NULL,
  `description` varchar(191) CHARACTER SET utf8mb4 COLLATE utf8mb4_unicode_ci DEFAULT NULL,
  PRIMARY KEY (`lang_code`,`ec_product_collections_id`)
) ENGINE=InnoDB DEFAULT CHARSET=utf8mb4 COLLATE=utf8mb4_unicode_ci;

--
-- Dumping data for table `ec_product_collections_translations`
--

INSERT INTO `ec_product_collections_translations` VALUES ('vi',1,'Hàng mới về',NULL),('vi',2,'Bán chạy nhất',NULL),('vi',3,'Khuyến mãi đặc biệt',NULL),('vi',4,'Thời trang nổi bật',NULL);

--
-- Table structure for table `ec_product_cross_sale_relations`
--

CREATE TABLE `ec_product_cross_sale_relations` (
  `id` bigint unsigned NOT NULL AUTO_INCREMENT,
  `from_product_id` int unsigned NOT NULL,
  `to_product_id` int unsigned NOT NULL,
  PRIMARY KEY (`id`),
  KEY `ec_product_cross_sale_relations_from_product_id_index` (`from_product_id`),
  KEY `ec_product_cross_sale_relations_to_product_id_index` (`to_product_id`)
) ENGINE=InnoDB AUTO_INCREMENT=30 DEFAULT CHARSET=utf8mb4 COLLATE=utf8mb4_unicode_ci;

--
-- Dumping data for table `ec_product_cross_sale_relations`
--

INSERT INTO `ec_product_cross_sale_relations` VALUES (1,1,4),(2,1,3),(3,1,8),(4,2,7),(5,2,6),(6,2,4),(7,2,8),(8,3,2),(9,3,7),(10,3,1),(11,3,8),(12,4,3),(13,4,8),(14,4,7),(15,4,6),(16,5,7),(17,5,2),(18,5,8),(19,6,2),(20,6,7),(21,6,4),(22,6,8),(23,7,4),(24,7,2),(25,7,3),(26,8,7),(27,8,1),(28,8,6),(29,8,3);

--
-- Table structure for table `ec_product_label_products`
--

CREATE TABLE `ec_product_label_products` (
  `product_label_id` int unsigned NOT NULL,
  `product_id` int unsigned NOT NULL,
  PRIMARY KEY (`product_label_id`,`product_id`),
  KEY `ec_product_label_products_product_label_id_index` (`product_label_id`),
  KEY `ec_product_label_products_product_id_index` (`product_id`)
) ENGINE=InnoDB DEFAULT CHARSET=utf8mb4 COLLATE=utf8mb4_unicode_ci;

--
-- Dumping data for table `ec_product_label_products`
--

INSERT INTO `ec_product_label_products` VALUES (2,7);

--
-- Table structure for table `ec_product_labels`
--

CREATE TABLE `ec_product_labels` (
  `id` bigint unsigned NOT NULL AUTO_INCREMENT,
  `name` varchar(255) CHARACTER SET utf8mb4 COLLATE utf8mb4_unicode_ci NOT NULL,
  `color` varchar(120) CHARACTER SET utf8mb4 COLLATE utf8mb4_unicode_ci DEFAULT NULL,
  `status` varchar(60) CHARACTER SET utf8mb4 COLLATE utf8mb4_unicode_ci NOT NULL DEFAULT 'published',
  `created_at` timestamp NULL DEFAULT NULL,
  `updated_at` timestamp NULL DEFAULT NULL,
  PRIMARY KEY (`id`)
) ENGINE=InnoDB AUTO_INCREMENT=4 DEFAULT CHARSET=utf8mb4 COLLATE=utf8mb4_unicode_ci;

--
-- Dumping data for table `ec_product_labels`
--

INSERT INTO `ec_product_labels` VALUES (1,'Hot','#ec2434','published','2022-01-03 21:19:22','2022-01-03 21:19:22'),(2,'New','#00c9a7','published','2022-01-03 21:19:22','2022-01-03 21:19:22'),(3,'Sale','#fe9931','published','2022-01-03 21:19:22','2022-01-03 21:19:22');

--
-- Table structure for table `ec_product_labels_translations`
--

CREATE TABLE `ec_product_labels_translations` (
  `lang_code` varchar(191) CHARACTER SET utf8mb4 COLLATE utf8mb4_unicode_ci NOT NULL,
  `ec_product_labels_id` int NOT NULL,
  `name` varchar(191) CHARACTER SET utf8mb4 COLLATE utf8mb4_unicode_ci DEFAULT NULL,
  `description` varchar(191) CHARACTER SET utf8mb4 COLLATE utf8mb4_unicode_ci DEFAULT NULL,
  PRIMARY KEY (`lang_code`,`ec_product_labels_id`)
) ENGINE=InnoDB DEFAULT CHARSET=utf8mb4 COLLATE=utf8mb4_unicode_ci;

--
-- Dumping data for table `ec_product_labels_translations`
--

INSERT INTO `ec_product_labels_translations` VALUES ('vi',1,'Nổi bật',NULL),('vi',2,'Mới',NULL),('vi',3,'Giảm giá',NULL);

--
-- Table structure for table `ec_product_related_relations`
--

CREATE TABLE `ec_product_related_relations` (
  `id` bigint unsigned NOT NULL AUTO_INCREMENT,
  `from_product_id` int unsigned NOT NULL,
  `to_product_id` int unsigned NOT NULL,
  PRIMARY KEY (`id`),
  KEY `ec_product_related_relations_from_product_id_index` (`from_product_id`),
  KEY `ec_product_related_relations_to_product_id_index` (`to_product_id`)
) ENGINE=InnoDB DEFAULT CHARSET=utf8mb4 COLLATE=utf8mb4_unicode_ci;

--
-- Dumping data for table `ec_product_related_relations`
--


--
-- Table structure for table `ec_product_tag_product`
--

CREATE TABLE `ec_product_tag_product` (
  `product_id` int unsigned NOT NULL,
  `tag_id` int unsigned NOT NULL,
  PRIMARY KEY (`product_id`,`tag_id`),
  KEY `ec_product_tag_product_product_id_index` (`product_id`),
  KEY `ec_product_tag_product_tag_id_index` (`tag_id`)
) ENGINE=InnoDB DEFAULT CHARSET=utf8mb4 COLLATE=utf8mb4_unicode_ci;

--
-- Dumping data for table `ec_product_tag_product`
--

INSERT INTO `ec_product_tag_product` VALUES (1,1),(1,3),(2,1),(2,3),(2,6),(3,1),(3,4),(3,5),(4,1),(4,5),(5,2),(5,3),(5,5),(6,4),(6,5),(6,6),(7,1),(7,5),(8,1),(8,2),(8,3);

--
-- Table structure for table `ec_product_tags`
--

CREATE TABLE `ec_product_tags` (
  `id` bigint unsigned NOT NULL AUTO_INCREMENT,
  `name` varchar(120) CHARACTER SET utf8mb4 COLLATE utf8mb4_unicode_ci NOT NULL,
  `description` varchar(400) CHARACTER SET utf8mb4 COLLATE utf8mb4_unicode_ci DEFAULT NULL,
  `status` varchar(60) CHARACTER SET utf8mb4 COLLATE utf8mb4_unicode_ci NOT NULL DEFAULT 'published',
  `created_at` timestamp NULL DEFAULT NULL,
  `updated_at` timestamp NULL DEFAULT NULL,
  PRIMARY KEY (`id`)
) ENGINE=InnoDB AUTO_INCREMENT=6 DEFAULT CHARSET=utf8mb4 COLLATE=utf8mb4_unicode_ci;

--
-- Dumping data for table `ec_product_tags`
--

INSERT INTO `ec_product_tags` VALUES (1,'Wallet',NULL,'published','2022-01-03 21:19:22','2022-01-03 21:19:22'),(2,'Bags',NULL,'published','2022-01-03 21:19:22','2022-01-03 21:19:22'),(3,'Shoes',NULL,'published','2022-01-03 21:19:22','2022-01-03 21:19:22'),(4,'Clothes',NULL,'published','2022-01-03 21:19:22','2022-01-03 21:19:22'),(5,'Hand bag',NULL,'published','2022-01-03 21:19:22','2022-01-03 21:19:22');

--
-- Table structure for table `ec_product_tags_translations`
--

CREATE TABLE `ec_product_tags_translations` (
  `lang_code` varchar(191) CHARACTER SET utf8mb4 COLLATE utf8mb4_unicode_ci NOT NULL,
  `ec_product_tags_id` int NOT NULL,
  `name` varchar(191) CHARACTER SET utf8mb4 COLLATE utf8mb4_unicode_ci DEFAULT NULL,
  PRIMARY KEY (`lang_code`,`ec_product_tags_id`)
) ENGINE=InnoDB DEFAULT CHARSET=utf8mb4 COLLATE=utf8mb4_unicode_ci;

--
-- Dumping data for table `ec_product_tags_translations`
--

INSERT INTO `ec_product_tags_translations` VALUES ('vi',1,'Ví'),('vi',2,'Ba lô'),('vi',3,'Giày'),('vi',4,'Quần áo'),('vi',5,'Túi xách');

--
-- Table structure for table `ec_product_up_sale_relations`
--

CREATE TABLE `ec_product_up_sale_relations` (
  `id` bigint unsigned NOT NULL AUTO_INCREMENT,
  `from_product_id` int unsigned NOT NULL,
  `to_product_id` int unsigned NOT NULL,
  PRIMARY KEY (`id`),
  KEY `ec_product_up_sale_relations_from_product_id_index` (`from_product_id`),
  KEY `ec_product_up_sale_relations_to_product_id_index` (`to_product_id`)
) ENGINE=InnoDB DEFAULT CHARSET=utf8mb4 COLLATE=utf8mb4_unicode_ci;

--
-- Dumping data for table `ec_product_up_sale_relations`
--


--
-- Table structure for table `ec_product_variation_items`
--

CREATE TABLE `ec_product_variation_items` (
  `id` bigint unsigned NOT NULL AUTO_INCREMENT,
  `attribute_id` int unsigned NOT NULL,
  `variation_id` int unsigned NOT NULL,
  PRIMARY KEY (`id`)
) ENGINE=InnoDB AUTO_INCREMENT=45 DEFAULT CHARSET=utf8mb4 COLLATE=utf8mb4_unicode_ci;

--
-- Dumping data for table `ec_product_variation_items`
--

INSERT INTO `ec_product_variation_items` VALUES (1,1,1),(2,8,1),(3,3,2),(4,8,2),(5,1,3),(6,7,3),(7,1,4),(8,7,4),(9,2,5),(10,9,5),(11,5,6),(12,10,6),(13,1,7),(14,8,7),(15,4,8),(16,10,8),(17,2,9),(18,8,9),(19,2,10),(20,6,10),(21,5,11),(22,7,11),(23,1,12),(24,9,12),(25,3,13),(26,8,13),(27,3,14),(28,7,14),(29,3,15),(30,9,15),(31,1,16),(32,10,16),(33,3,17),(34,9,17),(35,2,18),(36,7,18),(37,3,19),(38,10,19),(39,4,20),(40,7,20),(41,5,21),(42,10,21),(43,5,22),(44,6,22);

--
-- Table structure for table `ec_product_variations`
--

CREATE TABLE `ec_product_variations` (
  `id` bigint unsigned NOT NULL AUTO_INCREMENT,
  `product_id` int unsigned DEFAULT NULL,
  `configurable_product_id` int unsigned NOT NULL,
  `is_default` tinyint NOT NULL DEFAULT '0',
  PRIMARY KEY (`id`)
) ENGINE=InnoDB AUTO_INCREMENT=23 DEFAULT CHARSET=utf8mb4 COLLATE=utf8mb4_unicode_ci;

--
-- Dumping data for table `ec_product_variations`
--

INSERT INTO `ec_product_variations` VALUES (1,9,1,1),(2,10,1,0),(3,11,1,0),(4,12,2,1),(5,13,2,0),(6,14,2,0),(7,15,3,1),(8,16,3,0),(9,17,4,1),(10,18,4,0),(11,19,5,1),(12,20,5,0),(13,21,5,0),(14,22,6,1),(15,23,6,0),(16,24,7,1),(17,25,7,0),(18,26,7,0),(19,27,7,0),(20,28,8,1),(21,29,8,0),(22,30,8,0);

--
-- Table structure for table `ec_product_with_attribute`
--

CREATE TABLE `ec_product_with_attribute` (
  `id` bigint unsigned NOT NULL AUTO_INCREMENT,
  `attribute_id` int unsigned NOT NULL,
  `product_id` int unsigned NOT NULL,
  PRIMARY KEY (`id`)
) ENGINE=InnoDB AUTO_INCREMENT=17 DEFAULT CHARSET=utf8mb4 COLLATE=utf8mb4_unicode_ci;

--
-- Dumping data for table `ec_product_with_attribute`
--

INSERT INTO `ec_product_with_attribute` VALUES (1,5,1),(2,6,1),(3,1,2),(4,6,2),(5,4,3),(6,9,3),(7,5,4),(8,9,4),(9,1,5),(10,8,5),(11,3,6),(12,9,6),(13,1,7),(14,9,7),(15,3,8),(16,10,8);

--
-- Table structure for table `ec_product_with_attribute_set`
--

CREATE TABLE `ec_product_with_attribute_set` (
  `id` bigint unsigned NOT NULL AUTO_INCREMENT,
  `attribute_set_id` int unsigned NOT NULL,
  `product_id` int unsigned NOT NULL,
  `order` tinyint unsigned NOT NULL DEFAULT '0',
  PRIMARY KEY (`id`)
) ENGINE=InnoDB AUTO_INCREMENT=17 DEFAULT CHARSET=utf8mb4 COLLATE=utf8mb4_unicode_ci;

--
-- Dumping data for table `ec_product_with_attribute_set`
--

INSERT INTO `ec_product_with_attribute_set` VALUES (1,1,1,0),(2,2,1,0),(3,1,2,0),(4,2,2,0),(5,1,3,0),(6,2,3,0),(7,1,4,0),(8,2,4,0),(9,1,5,0),(10,2,5,0),(11,1,6,0),(12,2,6,0),(13,1,7,0),(14,2,7,0),(15,1,8,0),(16,2,8,0);

--
-- Table structure for table `ec_products`
--

CREATE TABLE `ec_products` (
  `id` bigint unsigned NOT NULL AUTO_INCREMENT,
  `name` varchar(191) CHARACTER SET utf8mb4 COLLATE utf8mb4_unicode_ci NOT NULL,
  `description` text CHARACTER SET utf8mb4 COLLATE utf8mb4_unicode_ci,
  `content` longtext CHARACTER SET utf8mb4 COLLATE utf8mb4_unicode_ci,
  `status` varchar(60) CHARACTER SET utf8mb4 COLLATE utf8mb4_unicode_ci NOT NULL DEFAULT 'published',
  `images` text CHARACTER SET utf8mb4 COLLATE utf8mb4_unicode_ci,
  `sku` varchar(191) CHARACTER SET utf8mb4 COLLATE utf8mb4_unicode_ci DEFAULT NULL,
  `order` int unsigned NOT NULL DEFAULT '0',
  `quantity` int unsigned DEFAULT NULL,
  `allow_checkout_when_out_of_stock` tinyint unsigned NOT NULL DEFAULT '0',
  `with_storehouse_management` tinyint unsigned NOT NULL DEFAULT '0',
  `is_featured` tinyint unsigned NOT NULL DEFAULT '0',
  `brand_id` int unsigned DEFAULT NULL,
  `is_variation` tinyint NOT NULL DEFAULT '0',
  `sale_type` tinyint NOT NULL DEFAULT '0',
  `price` double unsigned DEFAULT NULL,
  `sale_price` double unsigned DEFAULT NULL,
  `start_date` timestamp NULL DEFAULT NULL,
  `end_date` timestamp NULL DEFAULT NULL,
  `length` double(8,2) DEFAULT NULL,
  `wide` double(8,2) DEFAULT NULL,
  `height` double(8,2) DEFAULT NULL,
  `weight` double(8,2) DEFAULT NULL,
  `created_at` timestamp NULL DEFAULT NULL,
  `updated_at` timestamp NULL DEFAULT NULL,
  `tax_id` int unsigned DEFAULT NULL,
  `views` bigint NOT NULL DEFAULT '0',
  `stock_status` varchar(191) CHARACTER SET utf8mb4 COLLATE utf8mb4_unicode_ci DEFAULT 'in_stock',
  `created_by_id` int DEFAULT '0',
  `created_by_type` varchar(255) CHARACTER SET utf8mb4 COLLATE utf8mb4_unicode_ci NOT NULL DEFAULT 'Botble\\ACL\\Models\\User',
  `image` varchar(255) CHARACTER SET utf8mb4 COLLATE utf8mb4_unicode_ci DEFAULT NULL,
  PRIMARY KEY (`id`),
  KEY `ec_products_brand_id_status_is_variation_created_at_index` (`brand_id`,`status`,`is_variation`,`created_at`)
) ENGINE=InnoDB AUTO_INCREMENT=31 DEFAULT CHARSET=utf8mb4 COLLATE=utf8mb4_unicode_ci;

--
-- Dumping data for table `ec_products`
--

INSERT INTO `ec_products` VALUES (1,'Wallet handmade','<p>Short Hooded Coat features a straight body, large pockets with button flaps, ventilation air holes, and a string detail along the hemline.</p>','<p>Short Hooded Coat features a straight body, large pockets with button flaps, ventilation air holes, and a string detail along the hemline. The style is completed with a drawstring hood, featuring Rains&rsquo; signature built-in cap. Made from waterproof, matte PU, this lightweight unisex rain jacket is an ode to nostalgia through its classic silhouette and utilitarian design details.</p>\n                                <p>- Casual unisex fit</p>\n\n                                <p>- 64% polyester, 36% polyurethane</p>\n\n                                <p>- Water column pressure: 4000 mm</p>\n\n                                <p>- Model is 187cm tall and wearing a size S / M</p>\n\n                                <p>- Unisex fit</p>\n\n                                <p>- Drawstring hood with built-in cap</p>\n\n                                <p>- Front placket with snap buttons</p>\n\n                                <p>- Ventilation under armpit</p>\n\n                                <p>- Adjustable cuffs</p>\n\n                                <p>- Double welted front pockets</p>\n\n                                <p>- Adjustable elastic string at hempen</p>\n\n                                <p>- Ultrasonically welded seams</p>\n\n                                <p>This is a unisex item, please check our clothing &amp; footwear sizing guide for specific Rains jacket sizing information. RAINS comes from the rainy nation of Denmark at the edge of the European continent, close to the ocean and with prevailing westerly winds; all factors that contribute to an average of 121 rain days each year. Arising from these rainy weather conditions comes the attitude that a quick rain shower may be beautiful, as well as moody- but first and foremost requires the right outfit. Rains focus on the whole experience of going outside on rainy days, issuing an invitation to explore even in the most mercurial weather.</p>','published','[\"products\\/1.jpg\",\"products\\/1-1.jpg\"]','HS-180-A0',0,14,0,1,1,1,0,0,382,NULL,NULL,NULL,17.00,20.00,19.00,673.00,'2022-01-03 21:19:31','2022-01-03 21:19:32',1,37310,'in_stock',0,'Botble\\ACL\\Models\\User',NULL),(2,'Clutch handmade','<p>Short Hooded Coat features a straight body, large pockets with button flaps, ventilation air holes, and a string detail along the hemline.</p>','<p>Short Hooded Coat features a straight body, large pockets with button flaps, ventilation air holes, and a string detail along the hemline. The style is completed with a drawstring hood, featuring Rains&rsquo; signature built-in cap. Made from waterproof, matte PU, this lightweight unisex rain jacket is an ode to nostalgia through its classic silhouette and utilitarian design details.</p>\n                                <p>- Casual unisex fit</p>\n\n                                <p>- 64% polyester, 36% polyurethane</p>\n\n                                <p>- Water column pressure: 4000 mm</p>\n\n                                <p>- Model is 187cm tall and wearing a size S / M</p>\n\n                                <p>- Unisex fit</p>\n\n                                <p>- Drawstring hood with built-in cap</p>\n\n                                <p>- Front placket with snap buttons</p>\n\n                                <p>- Ventilation under armpit</p>\n\n                                <p>- Adjustable cuffs</p>\n\n                                <p>- Double welted front pockets</p>\n\n                                <p>- Adjustable elastic string at hempen</p>\n\n                                <p>- Ultrasonically welded seams</p>\n\n                                <p>This is a unisex item, please check our clothing &amp; footwear sizing guide for specific Rains jacket sizing information. RAINS comes from the rainy nation of Denmark at the edge of the European continent, close to the ocean and with prevailing westerly winds; all factors that contribute to an average of 121 rain days each year. Arising from these rainy weather conditions comes the attitude that a quick rain shower may be beautiful, as well as moody- but first and foremost requires the right outfit. Rains focus on the whole experience of going outside on rainy days, issuing an invitation to explore even in the most mercurial weather.</p>','published','[\"products\\/2.jpg\",\"products\\/2-1.jpg\",\"products\\/2-2.jpg\",\"products\\/2-3.jpg\"]','HS-196-A0',0,19,0,1,1,1,0,0,274,NULL,NULL,NULL,19.00,13.00,16.00,766.00,'2022-01-03 21:19:32','2022-01-03 21:19:32',1,103668,'in_stock',0,'Botble\\ACL\\Models\\User',NULL),(3,'Gucci Zip Around Wallet','<p>Short Hooded Coat features a straight body, large pockets with button flaps, ventilation air holes, and a string detail along the hemline.</p>','<p>Short Hooded Coat features a straight body, large pockets with button flaps, ventilation air holes, and a string detail along the hemline. The style is completed with a drawstring hood, featuring Rains&rsquo; signature built-in cap. Made from waterproof, matte PU, this lightweight unisex rain jacket is an ode to nostalgia through its classic silhouette and utilitarian design details.</p>\n                                <p>- Casual unisex fit</p>\n\n                                <p>- 64% polyester, 36% polyurethane</p>\n\n                                <p>- Water column pressure: 4000 mm</p>\n\n                                <p>- Model is 187cm tall and wearing a size S / M</p>\n\n                                <p>- Unisex fit</p>\n\n                                <p>- Drawstring hood with built-in cap</p>\n\n                                <p>- Front placket with snap buttons</p>\n\n                                <p>- Ventilation under armpit</p>\n\n                                <p>- Adjustable cuffs</p>\n\n                                <p>- Double welted front pockets</p>\n\n                                <p>- Adjustable elastic string at hempen</p>\n\n                                <p>- Ultrasonically welded seams</p>\n\n                                <p>This is a unisex item, please check our clothing &amp; footwear sizing guide for specific Rains jacket sizing information. RAINS comes from the rainy nation of Denmark at the edge of the European continent, close to the ocean and with prevailing westerly winds; all factors that contribute to an average of 121 rain days each year. Arising from these rainy weather conditions comes the attitude that a quick rain shower may be beautiful, as well as moody- but first and foremost requires the right outfit. Rains focus on the whole experience of going outside on rainy days, issuing an invitation to explore even in the most mercurial weather.</p>','published','[\"products\\/3.jpg\",\"products\\/3-1.jpg\",\"products\\/3-2.jpg\",\"products\\/3-3.jpg\"]','HS-145-A0',0,10,0,1,1,6,0,0,332,NULL,NULL,NULL,12.00,20.00,14.00,572.00,'2022-01-03 21:19:32','2022-01-03 21:19:32',1,84982,'in_stock',0,'Botble\\ACL\\Models\\User',NULL),(4,'Snapshot Standard','<p>Short Hooded Coat features a straight body, large pockets with button flaps, ventilation air holes, and a string detail along the hemline.</p>','<p>Short Hooded Coat features a straight body, large pockets with button flaps, ventilation air holes, and a string detail along the hemline. The style is completed with a drawstring hood, featuring Rains&rsquo; signature built-in cap. Made from waterproof, matte PU, this lightweight unisex rain jacket is an ode to nostalgia through its classic silhouette and utilitarian design details.</p>\n                                <p>- Casual unisex fit</p>\n\n                                <p>- 64% polyester, 36% polyurethane</p>\n\n                                <p>- Water column pressure: 4000 mm</p>\n\n                                <p>- Model is 187cm tall and wearing a size S / M</p>\n\n                                <p>- Unisex fit</p>\n\n                                <p>- Drawstring hood with built-in cap</p>\n\n                                <p>- Front placket with snap buttons</p>\n\n                                <p>- Ventilation under armpit</p>\n\n                                <p>- Adjustable cuffs</p>\n\n                                <p>- Double welted front pockets</p>\n\n                                <p>- Adjustable elastic string at hempen</p>\n\n                                <p>- Ultrasonically welded seams</p>\n\n                                <p>This is a unisex item, please check our clothing &amp; footwear sizing guide for specific Rains jacket sizing information. RAINS comes from the rainy nation of Denmark at the edge of the European continent, close to the ocean and with prevailing westerly winds; all factors that contribute to an average of 121 rain days each year. Arising from these rainy weather conditions comes the attitude that a quick rain shower may be beautiful, as well as moody- but first and foremost requires the right outfit. Rains focus on the whole experience of going outside on rainy days, issuing an invitation to explore even in the most mercurial weather.</p>','published','[\"products\\/4.jpg\",\"products\\/4-1.jpg\",\"products\\/4-2.jpg\"]','HS-195-A0',0,17,0,1,1,1,0,0,228,184.68,NULL,NULL,20.00,20.00,14.00,870.00,'2022-01-03 21:19:32','2022-01-03 21:19:32',1,100629,'in_stock',0,'Botble\\ACL\\Models\\User',NULL),(5,'Joan Mini Camera Bag','<p>Short Hooded Coat features a straight body, large pockets with button flaps, ventilation air holes, and a string detail along the hemline.</p>','<p>Short Hooded Coat features a straight body, large pockets with button flaps, ventilation air holes, and a string detail along the hemline. The style is completed with a drawstring hood, featuring Rains&rsquo; signature built-in cap. Made from waterproof, matte PU, this lightweight unisex rain jacket is an ode to nostalgia through its classic silhouette and utilitarian design details.</p>\n                                <p>- Casual unisex fit</p>\n\n                                <p>- 64% polyester, 36% polyurethane</p>\n\n                                <p>- Water column pressure: 4000 mm</p>\n\n                                <p>- Model is 187cm tall and wearing a size S / M</p>\n\n                                <p>- Unisex fit</p>\n\n                                <p>- Drawstring hood with built-in cap</p>\n\n                                <p>- Front placket with snap buttons</p>\n\n                                <p>- Ventilation under armpit</p>\n\n                                <p>- Adjustable cuffs</p>\n\n                                <p>- Double welted front pockets</p>\n\n                                <p>- Adjustable elastic string at hempen</p>\n\n                                <p>- Ultrasonically welded seams</p>\n\n                                <p>This is a unisex item, please check our clothing &amp; footwear sizing guide for specific Rains jacket sizing information. RAINS comes from the rainy nation of Denmark at the edge of the European continent, close to the ocean and with prevailing westerly winds; all factors that contribute to an average of 121 rain days each year. Arising from these rainy weather conditions comes the attitude that a quick rain shower may be beautiful, as well as moody- but first and foremost requires the right outfit. Rains focus on the whole experience of going outside on rainy days, issuing an invitation to explore even in the most mercurial weather.</p>','published','[\"products\\/5.jpg\",\"products\\/5-1.jpg\",\"products\\/5-2.jpg\"]','HS-142-A0',0,17,0,1,1,6,0,0,81,NULL,NULL,NULL,19.00,15.00,17.00,516.00,'2022-01-03 21:19:32','2022-01-03 21:19:32',1,59863,'in_stock',0,'Botble\\ACL\\Models\\User',NULL),(6,'Cyan Boheme','<p>Short Hooded Coat features a straight body, large pockets with button flaps, ventilation air holes, and a string detail along the hemline.</p>','<p>Short Hooded Coat features a straight body, large pockets with button flaps, ventilation air holes, and a string detail along the hemline. The style is completed with a drawstring hood, featuring Rains&rsquo; signature built-in cap. Made from waterproof, matte PU, this lightweight unisex rain jacket is an ode to nostalgia through its classic silhouette and utilitarian design details.</p>\n                                <p>- Casual unisex fit</p>\n\n                                <p>- 64% polyester, 36% polyurethane</p>\n\n                                <p>- Water column pressure: 4000 mm</p>\n\n                                <p>- Model is 187cm tall and wearing a size S / M</p>\n\n                                <p>- Unisex fit</p>\n\n                                <p>- Drawstring hood with built-in cap</p>\n\n                                <p>- Front placket with snap buttons</p>\n\n                                <p>- Ventilation under armpit</p>\n\n                                <p>- Adjustable cuffs</p>\n\n                                <p>- Double welted front pockets</p>\n\n                                <p>- Adjustable elastic string at hempen</p>\n\n                                <p>- Ultrasonically welded seams</p>\n\n                                <p>This is a unisex item, please check our clothing &amp; footwear sizing guide for specific Rains jacket sizing information. RAINS comes from the rainy nation of Denmark at the edge of the European continent, close to the ocean and with prevailing westerly winds; all factors that contribute to an average of 121 rain days each year. Arising from these rainy weather conditions comes the attitude that a quick rain shower may be beautiful, as well as moody- but first and foremost requires the right outfit. Rains focus on the whole experience of going outside on rainy days, issuing an invitation to explore even in the most mercurial weather.</p>','published','[\"products\\/6.jpg\",\"products\\/6-1.jpg\"]','HS-105-A0',0,18,0,1,1,1,0,0,50,NULL,NULL,NULL,20.00,13.00,17.00,688.00,'2022-01-03 21:19:32','2022-01-03 21:19:32',1,155348,'in_stock',0,'Botble\\ACL\\Models\\User',NULL),(7,'The Marc Jacobs','<p>Short Hooded Coat features a straight body, large pockets with button flaps, ventilation air holes, and a string detail along the hemline.</p>','<p>Short Hooded Coat features a straight body, large pockets with button flaps, ventilation air holes, and a string detail along the hemline. The style is completed with a drawstring hood, featuring Rains&rsquo; signature built-in cap. Made from waterproof, matte PU, this lightweight unisex rain jacket is an ode to nostalgia through its classic silhouette and utilitarian design details.</p>\n                                <p>- Casual unisex fit</p>\n\n                                <p>- 64% polyester, 36% polyurethane</p>\n\n                                <p>- Water column pressure: 4000 mm</p>\n\n                                <p>- Model is 187cm tall and wearing a size S / M</p>\n\n                                <p>- Unisex fit</p>\n\n                                <p>- Drawstring hood with built-in cap</p>\n\n                                <p>- Front placket with snap buttons</p>\n\n                                <p>- Ventilation under armpit</p>\n\n                                <p>- Adjustable cuffs</p>\n\n                                <p>- Double welted front pockets</p>\n\n                                <p>- Adjustable elastic string at hempen</p>\n\n                                <p>- Ultrasonically welded seams</p>\n\n                                <p>This is a unisex item, please check our clothing &amp; footwear sizing guide for specific Rains jacket sizing information. RAINS comes from the rainy nation of Denmark at the edge of the European continent, close to the ocean and with prevailing westerly winds; all factors that contribute to an average of 121 rain days each year. Arising from these rainy weather conditions comes the attitude that a quick rain shower may be beautiful, as well as moody- but first and foremost requires the right outfit. Rains focus on the whole experience of going outside on rainy days, issuing an invitation to explore even in the most mercurial weather.</p>','published','[\"products\\/7.jpg\",\"products\\/7-1.jpg\",\"products\\/7-2.jpg\"]','HS-199-A0',0,16,0,1,1,2,0,0,59,NULL,NULL,NULL,10.00,11.00,16.00,649.00,'2022-01-03 21:19:32','2022-01-03 21:19:32',1,60097,'in_stock',0,'Botble\\ACL\\Models\\User',NULL),(8,'Round Crossbody Bag','<p>Short Hooded Coat features a straight body, large pockets with button flaps, ventilation air holes, and a string detail along the hemline.</p>','<p>Short Hooded Coat features a straight body, large pockets with button flaps, ventilation air holes, and a string detail along the hemline. The style is completed with a drawstring hood, featuring Rains&rsquo; signature built-in cap. Made from waterproof, matte PU, this lightweight unisex rain jacket is an ode to nostalgia through its classic silhouette and utilitarian design details.</p>\n                                <p>- Casual unisex fit</p>\n\n                                <p>- 64% polyester, 36% polyurethane</p>\n\n                                <p>- Water column pressure: 4000 mm</p>\n\n                                <p>- Model is 187cm tall and wearing a size S / M</p>\n\n                                <p>- Unisex fit</p>\n\n                                <p>- Drawstring hood with built-in cap</p>\n\n                                <p>- Front placket with snap buttons</p>\n\n                                <p>- Ventilation under armpit</p>\n\n                                <p>- Adjustable cuffs</p>\n\n                                <p>- Double welted front pockets</p>\n\n                                <p>- Adjustable elastic string at hempen</p>\n\n                                <p>- Ultrasonically welded seams</p>\n\n                                <p>This is a unisex item, please check our clothing &amp; footwear sizing guide for specific Rains jacket sizing information. RAINS comes from the rainy nation of Denmark at the edge of the European continent, close to the ocean and with prevailing westerly winds; all factors that contribute to an average of 121 rain days each year. Arising from these rainy weather conditions comes the attitude that a quick rain shower may be beautiful, as well as moody- but first and foremost requires the right outfit. Rains focus on the whole experience of going outside on rainy days, issuing an invitation to explore even in the most mercurial weather.</p>','published','[\"products\\/8.jpg\"]','HS-101-A0',0,11,0,1,1,2,0,0,120,108,NULL,NULL,13.00,17.00,16.00,523.00,'2022-01-03 21:19:32','2022-01-03 21:19:32',1,16459,'in_stock',0,'Botble\\ACL\\Models\\User',NULL),(9,'Wallet handmade',NULL,NULL,'published','[\"products\\/1.jpg\"]','HS-180-A0',0,14,0,1,0,1,1,0,382,NULL,NULL,NULL,17.00,20.00,19.00,673.00,'2022-01-03 21:19:32','2022-03-22 19:21:34',NULL,0,'in_stock',0,'Botble\\ACL\\Models\\User',NULL),(10,'Wallet handmade',NULL,NULL,'published','[\"products\\/1-1.jpg\"]','HS-180-A0-A1',0,14,0,1,0,1,1,0,382,NULL,NULL,NULL,17.00,20.00,19.00,673.00,'2022-01-03 21:19:32','2022-03-22 19:21:34',NULL,0,'in_stock',0,'Botble\\ACL\\Models\\User',NULL),(11,'Wallet handmade',NULL,NULL,'published','[\"products\\/1.jpg\"]','HS-180-A0-A2',0,14,0,1,0,1,1,0,382,NULL,NULL,NULL,17.00,20.00,19.00,673.00,'2022-01-03 21:19:32','2022-03-22 19:21:34',NULL,0,'in_stock',0,'Botble\\ACL\\Models\\User',NULL),(12,'Clutch handmade',NULL,NULL,'published','[\"products\\/2.jpg\"]','HS-196-A0',0,19,0,1,0,1,1,0,274,NULL,NULL,NULL,19.00,13.00,16.00,766.00,'2022-01-03 21:19:32','2022-03-22 19:21:34',NULL,0,'in_stock',0,'Botble\\ACL\\Models\\User',NULL),(13,'Clutch handmade',NULL,NULL,'published','[\"products\\/2-1.jpg\"]','HS-196-A0-A1',0,19,0,1,0,1,1,0,274,NULL,NULL,NULL,19.00,13.00,16.00,766.00,'2022-01-03 21:19:32','2022-03-22 19:21:34',NULL,0,'in_stock',0,'Botble\\ACL\\Models\\User',NULL),(14,'Clutch handmade',NULL,NULL,'published','[\"products\\/2-2.jpg\"]','HS-196-A0-A2',0,19,0,1,0,1,1,0,274,NULL,NULL,NULL,19.00,13.00,16.00,766.00,'2022-01-03 21:19:32','2022-03-22 19:21:34',NULL,0,'in_stock',0,'Botble\\ACL\\Models\\User',NULL),(15,'Gucci Zip Around Wallet',NULL,NULL,'published','[\"products\\/3.jpg\"]','HS-145-A0',0,10,0,1,0,6,1,0,332,NULL,NULL,NULL,12.00,20.00,14.00,572.00,'2022-01-03 21:19:32','2022-03-22 19:21:34',NULL,0,'in_stock',0,'Botble\\ACL\\Models\\User',NULL),(16,'Gucci Zip Around Wallet',NULL,NULL,'published','[\"products\\/3-1.jpg\"]','HS-145-A0-A1',0,10,0,1,0,6,1,0,332,NULL,NULL,NULL,12.00,20.00,14.00,572.00,'2022-01-03 21:19:32','2022-03-22 19:21:34',NULL,0,'in_stock',0,'Botble\\ACL\\Models\\User',NULL),(17,'Snapshot Standard',NULL,NULL,'published','[\"products\\/4.jpg\"]','HS-195-A0',0,17,0,1,0,1,1,0,228,184.68,NULL,NULL,20.00,20.00,14.00,870.00,'2022-01-03 21:19:32','2022-03-22 19:21:34',NULL,0,'in_stock',0,'Botble\\ACL\\Models\\User',NULL),(18,'Snapshot Standard',NULL,NULL,'published','[\"products\\/4-1.jpg\"]','HS-195-A0-A1',0,17,0,1,0,1,1,0,228,191.52,NULL,NULL,20.00,20.00,14.00,870.00,'2022-01-03 21:19:32','2022-03-22 19:21:34',NULL,0,'in_stock',0,'Botble\\ACL\\Models\\User',NULL),(19,'Joan Mini Camera Bag',NULL,NULL,'published','[\"products\\/5.jpg\"]','HS-142-A0',0,17,0,1,0,6,1,0,81,NULL,NULL,NULL,19.00,15.00,17.00,516.00,'2022-01-03 21:19:32','2022-03-22 19:21:34',NULL,0,'in_stock',0,'Botble\\ACL\\Models\\User',NULL),(20,'Joan Mini Camera Bag',NULL,NULL,'published','[\"products\\/5-1.jpg\"]','HS-142-A0-A1',0,17,0,1,0,6,1,0,81,NULL,NULL,NULL,19.00,15.00,17.00,516.00,'2022-01-03 21:19:32','2022-03-22 19:21:34',NULL,0,'in_stock',0,'Botble\\ACL\\Models\\User',NULL),(21,'Joan Mini Camera Bag',NULL,NULL,'published','[\"products\\/5-2.jpg\"]','HS-142-A0-A2',0,17,0,1,0,6,1,0,81,NULL,NULL,NULL,19.00,15.00,17.00,516.00,'2022-01-03 21:19:32','2022-03-22 19:21:34',NULL,0,'in_stock',0,'Botble\\ACL\\Models\\User',NULL),(22,'Cyan Boheme',NULL,NULL,'published','[\"products\\/6.jpg\"]','HS-105-A0',0,18,0,1,0,1,1,0,50,NULL,NULL,NULL,20.00,13.00,17.00,688.00,'2022-01-03 21:19:32','2022-03-22 19:21:34',NULL,0,'in_stock',0,'Botble\\ACL\\Models\\User',NULL),(23,'Cyan Boheme',NULL,NULL,'published','[\"products\\/6-1.jpg\"]','HS-105-A0-A1',0,18,0,1,0,1,1,0,50,NULL,NULL,NULL,20.00,13.00,17.00,688.00,'2022-01-03 21:19:32','2022-03-22 19:21:34',NULL,0,'in_stock',0,'Botble\\ACL\\Models\\User',NULL),(24,'The Marc Jacobs',NULL,NULL,'published','[\"products\\/7.jpg\"]','HS-199-A0',0,16,0,1,0,2,1,0,59,NULL,NULL,NULL,10.00,11.00,16.00,649.00,'2022-01-03 21:19:32','2022-03-22 19:21:34',NULL,0,'in_stock',0,'Botble\\ACL\\Models\\User',NULL),(25,'The Marc Jacobs',NULL,NULL,'published','[\"products\\/7-1.jpg\"]','HS-199-A0-A1',0,16,0,1,0,2,1,0,59,NULL,NULL,NULL,10.00,11.00,16.00,649.00,'2022-01-03 21:19:32','2022-03-22 19:21:34',NULL,0,'in_stock',0,'Botble\\ACL\\Models\\User',NULL),(26,'The Marc Jacobs',NULL,NULL,'published','[\"products\\/7-2.jpg\"]','HS-199-A0-A2',0,16,0,1,0,2,1,0,59,NULL,NULL,NULL,10.00,11.00,16.00,649.00,'2022-01-03 21:19:32','2022-03-22 19:21:34',NULL,0,'in_stock',0,'Botble\\ACL\\Models\\User',NULL),(27,'The Marc Jacobs',NULL,NULL,'published','[\"products\\/7.jpg\"]','HS-199-A0-A3',0,16,0,1,0,2,1,0,59,NULL,NULL,NULL,10.00,11.00,16.00,649.00,'2022-01-03 21:19:32','2022-03-22 19:21:34',NULL,0,'in_stock',0,'Botble\\ACL\\Models\\User',NULL),(28,'Round Crossbody Bag',NULL,NULL,'published','[\"products\\/8.jpg\"]','HS-101-A0',0,11,0,1,0,2,1,0,120,108,NULL,NULL,13.00,17.00,16.00,523.00,'2022-01-03 21:19:32','2022-03-22 19:21:34',NULL,0,'in_stock',0,'Botble\\ACL\\Models\\User',NULL),(29,'Round Crossbody Bag',NULL,NULL,'published','[\"products\\/8.jpg\"]','HS-101-A0-A1',0,11,0,1,0,2,1,0,120,92.4,NULL,NULL,13.00,17.00,16.00,523.00,'2022-01-03 21:19:32','2022-03-22 19:21:34',NULL,0,'in_stock',0,'Botble\\ACL\\Models\\User',NULL),(30,'Round Crossbody Bag',NULL,NULL,'published','[\"products\\/8.jpg\"]','HS-101-A0-A2',0,11,0,1,0,2,1,0,120,106.8,NULL,NULL,13.00,17.00,16.00,523.00,'2022-01-03 21:19:32','2022-03-22 19:21:34',NULL,0,'in_stock',0,'Botble\\ACL\\Models\\User',NULL);

--
-- Table structure for table `ec_products_translations`
--

CREATE TABLE `ec_products_translations` (
  `lang_code` varchar(191) CHARACTER SET utf8mb4 COLLATE utf8mb4_unicode_ci NOT NULL,
  `ec_products_id` int NOT NULL,
  `name` varchar(191) CHARACTER SET utf8mb4 COLLATE utf8mb4_unicode_ci DEFAULT NULL,
  `description` text CHARACTER SET utf8mb4 COLLATE utf8mb4_unicode_ci,
  `content` text CHARACTER SET utf8mb4 COLLATE utf8mb4_unicode_ci,
  PRIMARY KEY (`lang_code`,`ec_products_id`)
) ENGINE=InnoDB DEFAULT CHARSET=utf8mb4 COLLATE=utf8mb4_unicode_ci;

--
-- Dumping data for table `ec_products_translations`
--

INSERT INTO `ec_products_translations` VALUES ('vi',1,'Ví handmade',NULL,NULL),('vi',2,'Clutch handmade',NULL,NULL),('vi',3,'Ví Gucci Zip',NULL,NULL),('vi',4,'Snapshot bản tiêu chuẩn',NULL,NULL),('vi',5,'Túi máy ảnh mini Joan',NULL,NULL),('vi',6,'Cyan Boheme',NULL,NULL),('vi',7,'The Marc Jacobs',NULL,NULL),('vi',8,'Túi đeo chéo',NULL,NULL),('vi',9,'Ví handmade',NULL,NULL),('vi',10,'Ví handmade',NULL,NULL),('vi',11,'Ví handmade',NULL,NULL),('vi',12,'Clutch handmade',NULL,NULL),('vi',13,'Clutch handmade',NULL,NULL),('vi',14,'Clutch handmade',NULL,NULL),('vi',15,'Ví Gucci Zip',NULL,NULL),('vi',16,'Ví Gucci Zip',NULL,NULL),('vi',17,'Snapshot bản tiêu chuẩn',NULL,NULL),('vi',18,'Snapshot bản tiêu chuẩn',NULL,NULL),('vi',19,'Túi máy ảnh mini Joan',NULL,NULL),('vi',20,'Túi máy ảnh mini Joan',NULL,NULL),('vi',21,'Túi máy ảnh mini Joan',NULL,NULL),('vi',22,'Cyan Boheme',NULL,NULL),('vi',23,'Cyan Boheme',NULL,NULL),('vi',24,'The Marc Jacobs',NULL,NULL),('vi',25,'The Marc Jacobs',NULL,NULL),('vi',26,'The Marc Jacobs',NULL,NULL),('vi',27,'The Marc Jacobs',NULL,NULL),('vi',28,'Túi đeo chéo',NULL,NULL),('vi',29,'Túi đeo chéo',NULL,NULL),('vi',30,'Túi đeo chéo',NULL,NULL);

--
-- Table structure for table `ec_reviews`
--

CREATE TABLE `ec_reviews` (
  `id` bigint unsigned NOT NULL AUTO_INCREMENT,
  `customer_id` int unsigned NOT NULL,
  `product_id` int unsigned NOT NULL,
  `star` double(8,2) NOT NULL,
  `comment` text CHARACTER SET utf8mb4 COLLATE utf8mb4_unicode_ci NOT NULL,
  `status` varchar(60) CHARACTER SET utf8mb4 COLLATE utf8mb4_unicode_ci NOT NULL DEFAULT 'published',
  `created_at` timestamp NULL DEFAULT NULL,
  `updated_at` timestamp NULL DEFAULT NULL,
  `images` text CHARACTER SET utf8mb4 COLLATE utf8mb4_unicode_ci,
  PRIMARY KEY (`id`),
  KEY `ec_reviews_product_id_customer_id_status_created_at_index` (`product_id`,`customer_id`,`status`,`created_at`)
) ENGINE=InnoDB AUTO_INCREMENT=101 DEFAULT CHARSET=utf8mb4 COLLATE=utf8mb4_unicode_ci;

--
-- Dumping data for table `ec_reviews`
--

INSERT INTO `ec_reviews` VALUES (1,3,8,5.00,'Great system, great support, good job Botble. I\'m looking forward to more great functional plugins.','published','2022-01-03 21:19:34','2022-01-03 21:19:34','[\"products\\/3.jpg\",\"products\\/7.jpg\",\"products\\/8.jpg\"]'),(2,9,3,4.00,'I Love this Script. I also found how to add other fees. Now I just wait the BIG update for the Marketplace with the Bulk Import. Just do not forget to make it to be Multi-language for us the Botble Fans.','published','2022-01-03 21:19:34','2022-01-03 21:19:34','[\"products\\/3.jpg\"]'),(3,4,8,1.00,'Good app, good backup service and support. Good documentation.','published','2022-01-03 21:19:34','2022-01-03 21:19:34','[\"products\\/4.jpg\",\"products\\/5.jpg\"]'),(4,8,3,2.00,'Great E-commerce system. And much more : Wonderful Customer Support.','published','2022-01-03 21:19:34','2022-01-03 21:19:34','{\"0\":\"products\\/3.jpg\",\"2\":\"products\\/8.jpg\"}'),(5,3,5,1.00,'The script is the best of its class, fast, easy to implement and work with , and the most important thing is the great support team , Recommend with no doubt.','published','2022-01-03 21:19:34','2022-01-03 21:19:34','[\"products\\/3.jpg\",\"products\\/5.jpg\",\"products\\/8.jpg\"]'),(6,9,2,2.00,'Perfect +++++++++ i love it really also i get to fast ticket answers... Thanks Lot BOTBLE Teams','published','2022-01-03 21:19:34','2022-01-03 21:19:34','[\"products\\/3.jpg\"]'),(7,1,3,2.00,'The script is the best of its class, fast, easy to implement and work with , and the most important thing is the great support team , Recommend with no doubt.','published','2022-01-03 21:19:34','2022-01-03 21:19:34','[\"products\\/3.jpg\"]'),(8,8,4,1.00,'These guys are amazing! Responses immediately, amazing support and help... I immediately feel at ease after Purchasing..','published','2022-01-03 21:19:34','2022-01-03 21:19:34','[\"products\\/4.jpg\",\"products\\/7.jpg\"]'),(9,5,7,4.00,'This web app is really good in design, code quality & features. Besides, the customer support provided by the Botble team was really fast & helpful. You guys are awesome!','published','2022-01-03 21:19:34','2022-01-03 21:19:34','[\"products\\/3.jpg\",\"products\\/6.jpg\"]'),(10,8,7,1.00,'Very enthusiastic support! Excellent code is written. It\'s a true pleasure working with.','published','2022-01-03 21:19:34','2022-01-03 21:19:34','[\"products\\/2.jpg\",\"products\\/6.jpg\"]'),(11,6,3,5.00,'The script is the best of its class, fast, easy to implement and work with , and the most important thing is the great support team , Recommend with no doubt.','published','2022-01-03 21:19:34','2022-01-03 21:19:34','[\"products\\/3.jpg\",\"products\\/5.jpg\",\"products\\/8.jpg\"]'),(12,8,6,3.00,'These guys are amazing! Responses immediately, amazing support and help... I immediately feel at ease after Purchasing..','published','2022-01-03 21:19:34','2022-01-03 21:19:34','[\"products\\/2.jpg\",\"products\\/5.jpg\",\"products\\/8.jpg\"]'),(13,4,8,5.00,'Customer Support are grade (A*), however the code is a way too over engineered for it\'s purpose.','published','2022-01-03 21:19:34','2022-01-03 21:19:34','[\"products\\/2.jpg\",\"products\\/6.jpg\"]'),(14,3,5,5.00,'Ok good product. I have some issues in customizations. But its not correct to blame the developer. The product is good. Good luck for your business.','published','2022-01-03 21:19:34','2022-01-03 21:19:34','{\"0\":\"products\\/4.jpg\",\"2\":\"products\\/8.jpg\"}'),(15,9,3,1.00,'For me the best eCommerce script on Envato at this moment: modern, clean code, a lot of great features. The customer support is great too: I always get an answer within hours!','published','2022-01-03 21:19:34','2022-01-03 21:19:34','[\"products\\/4.jpg\",\"products\\/6.jpg\"]'),(16,2,5,1.00,'Clean & perfect source code','published','2022-01-03 21:19:34','2022-01-03 21:19:34','[\"products\\/2.jpg\",\"products\\/7.jpg\"]'),(17,7,8,3.00,'I Love this Script. I also found how to add other fees. Now I just wait the BIG update for the Marketplace with the Bulk Import. Just do not forget to make it to be Multi-language for us the Botble Fans.','published','2022-01-03 21:19:34','2022-01-03 21:19:34','[\"products\\/2.jpg\"]'),(18,5,5,1.00,'These guys are amazing! Responses immediately, amazing support and help... I immediately feel at ease after Purchasing..','published','2022-01-03 21:19:34','2022-01-03 21:19:34','[\"products\\/4.jpg\",\"products\\/5.jpg\",\"products\\/8.jpg\"]'),(19,2,5,2.00,'Amazing code, amazing support. Overall, im really confident in Botble and im happy I made the right choice! Thank you so much guys for coding this masterpiece','published','2022-01-03 21:19:34','2022-01-03 21:19:34','[\"products\\/4.jpg\",\"products\\/7.jpg\"]'),(20,3,4,4.00,'This script is well coded and is super fast. The support is pretty quick. Very patient and helpful team. I strongly recommend it and they deserve more than 5 stars.','published','2022-01-03 21:19:34','2022-01-03 21:19:34','[\"products\\/1.jpg\",\"products\\/6.jpg\"]'),(21,6,2,2.00,'Amazing code, amazing support. Overall, im really confident in Botble and im happy I made the right choice! Thank you so much guys for coding this masterpiece','published','2022-01-03 21:19:34','2022-01-03 21:19:34','[\"products\\/3.jpg\",\"products\\/5.jpg\",\"products\\/8.jpg\"]'),(22,6,1,2.00,'Cool template. Excellent code quality. The support responds very quickly, which is very rare on themeforest and codecanyon.net, I buy a lot of templates, and everyone will have a response from technical support for two or three days. Thanks to tech support. I recommend to buy.','published','2022-01-03 21:19:34','2022-01-03 21:19:34','[\"products\\/4.jpg\",\"products\\/5.jpg\"]'),(23,7,7,5.00,'Second or third time that I buy a Botble product, happy with the products and support. You guys do a good job :)','published','2022-01-03 21:19:34','2022-01-03 21:19:34','[\"products\\/2.jpg\",\"products\\/5.jpg\"]'),(24,2,6,4.00,'I Love this Script. I also found how to add other fees. Now I just wait the BIG update for the Marketplace with the Bulk Import. Just do not forget to make it to be Multi-language for us the Botble Fans.','published','2022-01-03 21:19:34','2022-01-03 21:19:34','[\"products\\/4.jpg\",\"products\\/7.jpg\"]'),(25,1,5,1.00,'Very enthusiastic support! Excellent code is written. It\'s a true pleasure working with.','published','2022-01-03 21:19:34','2022-01-03 21:19:34','[\"products\\/4.jpg\"]'),(26,6,7,3.00,'As a developer I reviewed this script. This is really awesome ecommerce script. I have convinced when I noticed that it\'s built on fully WordPress concept.','published','2022-01-03 21:19:34','2022-01-03 21:19:34','[\"products\\/4.jpg\",\"products\\/7.jpg\"]'),(27,9,6,4.00,'This script is well coded and is super fast. The support is pretty quick. Very patient and helpful team. I strongly recommend it and they deserve more than 5 stars.','published','2022-01-03 21:19:34','2022-01-03 21:19:34','[\"products\\/3.jpg\",\"products\\/7.jpg\"]'),(28,6,8,4.00,'Best ecommerce CMS online store!','published','2022-01-03 21:19:34','2022-01-03 21:19:34','[\"products\\/3.jpg\"]'),(29,8,2,1.00,'Great system, great support, good job Botble. I\'m looking forward to more great functional plugins.','published','2022-01-03 21:19:34','2022-01-03 21:19:34','[\"products\\/1.jpg\"]'),(30,8,1,1.00,'Clean & perfect source code','published','2022-01-03 21:19:34','2022-01-03 21:19:34','[\"products\\/2.jpg\",\"products\\/6.jpg\"]'),(31,9,5,1.00,'Customer Support are grade (A*), however the code is a way too over engineered for it\'s purpose.','published','2022-01-03 21:19:34','2022-01-03 21:19:34','[\"products\\/4.jpg\",\"products\\/7.jpg\"]'),(32,9,3,4.00,'Ok good product. I have some issues in customizations. But its not correct to blame the developer. The product is good. Good luck for your business.','published','2022-01-03 21:19:34','2022-01-03 21:19:34','[\"products\\/3.jpg\",\"products\\/7.jpg\"]'),(33,2,8,5.00,'The script is the best of its class, fast, easy to implement and work with , and the most important thing is the great support team , Recommend with no doubt.','published','2022-01-03 21:19:34','2022-01-03 21:19:34','[\"products\\/2.jpg\",\"products\\/6.jpg\",\"products\\/8.jpg\"]'),(34,5,2,3.00,'Clean & perfect source code','published','2022-01-03 21:19:34','2022-01-03 21:19:34','[\"products\\/3.jpg\",\"products\\/7.jpg\"]'),(35,2,2,3.00,'Clean & perfect source code','published','2022-01-03 21:19:34','2022-01-03 21:19:34','[\"products\\/2.jpg\",\"products\\/5.jpg\"]'),(36,2,6,5.00,'The best store template! Excellent coding! Very good support! Thank you so much for all the help, I really appreciated.','published','2022-01-03 21:19:34','2022-01-03 21:19:34','[\"products\\/3.jpg\",\"products\\/7.jpg\"]'),(37,5,3,1.00,'It\'s not my first experience here on Codecanyon and I can honestly tell you all that Botble puts a LOT of effort into the support. They answer so fast, they helped me tons of times. REALLY by far THE BEST EXPERIENCE on Codecanyon. Those guys at Botble are so good that they deserve 5 stars. I recommend them, I trust them and I can\'t wait to see what they will sell in a near future. Thank you Botble :)','published','2022-01-03 21:19:34','2022-01-03 21:19:34','[\"products\\/3.jpg\",\"products\\/7.jpg\"]'),(38,8,5,1.00,'The code is good, in general, if you like it, can you give it 5 stars?','published','2022-01-03 21:19:34','2022-01-03 21:19:34','[\"products\\/4.jpg\"]'),(39,3,6,5.00,'The best ecommerce CMS! Excellent coding! best support service! Thank you so much..... I really like your hard work.','published','2022-01-03 21:19:34','2022-01-03 21:19:34','[\"products\\/4.jpg\"]'),(40,6,6,1.00,'Very enthusiastic support! Excellent code is written. It\'s a true pleasure working with.','published','2022-01-03 21:19:34','2022-01-03 21:19:34','[\"products\\/2.jpg\",\"products\\/5.jpg\",\"products\\/8.jpg\"]'),(41,6,1,2.00,'The code is good, in general, if you like it, can you give it 5 stars?','published','2022-01-03 21:19:34','2022-01-03 21:19:34','[\"products\\/4.jpg\",\"products\\/7.jpg\"]'),(42,4,3,4.00,'As a developer I reviewed this script. This is really awesome ecommerce script. I have convinced when I noticed that it\'s built on fully WordPress concept.','published','2022-01-03 21:19:34','2022-01-03 21:19:34','[\"products\\/4.jpg\",\"products\\/7.jpg\"]'),(43,2,7,3.00,'The code is good, in general, if you like it, can you give it 5 stars?','published','2022-01-03 21:19:34','2022-01-03 21:19:34','[\"products\\/4.jpg\",\"products\\/6.jpg\"]'),(44,4,8,3.00,'The best ecommerce CMS! Excellent coding! best support service! Thank you so much..... I really like your hard work.','published','2022-01-03 21:19:34','2022-01-03 21:19:34','[\"products\\/3.jpg\"]'),(45,4,8,1.00,'As a developer I reviewed this script. This is really awesome ecommerce script. I have convinced when I noticed that it\'s built on fully WordPress concept.','published','2022-01-03 21:19:34','2022-01-03 21:19:34','[\"products\\/2.jpg\"]'),(46,3,4,4.00,'Great system, great support, good job Botble. I\'m looking forward to more great functional plugins.','published','2022-01-03 21:19:34','2022-01-03 21:19:34','[\"products\\/2.jpg\",\"products\\/6.jpg\"]'),(47,1,4,5.00,'Ok good product. I have some issues in customizations. But its not correct to blame the developer. The product is good. Good luck for your business.','published','2022-01-03 21:19:34','2022-01-03 21:19:34','[\"products\\/2.jpg\",\"products\\/5.jpg\"]'),(48,4,5,3.00,'As a developer I reviewed this script. This is really awesome ecommerce script. I have convinced when I noticed that it\'s built on fully WordPress concept.','published','2022-01-03 21:19:34','2022-01-03 21:19:34','{\"0\":\"products\\/4.jpg\",\"2\":\"products\\/8.jpg\"}'),(49,1,4,1.00,'Customer Support are grade (A*), however the code is a way too over engineered for it\'s purpose.','published','2022-01-03 21:19:34','2022-01-03 21:19:34','[\"products\\/2.jpg\",\"products\\/5.jpg\",\"products\\/8.jpg\"]'),(50,1,5,5.00,'The code is good, in general, if you like it, can you give it 5 stars?','published','2022-01-03 21:19:34','2022-01-03 21:19:34','[\"products\\/4.jpg\",\"products\\/6.jpg\"]'),(51,3,4,5.00,'The best ecommerce CMS! Excellent coding! best support service! Thank you so much..... I really like your hard work.','published','2022-01-03 21:19:34','2022-01-03 21:19:34','[\"products\\/4.jpg\",\"products\\/7.jpg\",\"products\\/8.jpg\"]'),(52,7,2,4.00,'Those guys now what they are doing, the release such a good product that it\'s a pleasure to work with ! Even when I was stuck on the project, I created a ticket and the next day it was replied by the team. GOOD JOB guys. I love working with them :)','published','2022-01-03 21:19:34','2022-01-03 21:19:34','[\"products\\/3.jpg\",\"products\\/7.jpg\"]'),(53,2,1,3.00,'These guys are amazing! Responses immediately, amazing support and help... I immediately feel at ease after Purchasing..','published','2022-01-03 21:19:34','2022-01-03 21:19:34','[\"products\\/2.jpg\",\"products\\/7.jpg\",\"products\\/8.jpg\"]'),(54,6,2,1.00,'Ok good product. I have some issues in customizations. But its not correct to blame the developer. The product is good. Good luck for your business.','published','2022-01-03 21:19:34','2022-01-03 21:19:34','[\"products\\/1.jpg\"]'),(55,7,1,3.00,'Good app, good backup service and support. Good documentation.','published','2022-01-03 21:19:34','2022-01-03 21:19:34','[\"products\\/3.jpg\"]'),(56,4,8,2.00,'The best store template! Excellent coding! Very good support! Thank you so much for all the help, I really appreciated.','published','2022-01-03 21:19:34','2022-01-03 21:19:34','[\"products\\/1.jpg\"]'),(57,9,8,4.00,'This script is well coded and is super fast. The support is pretty quick. Very patient and helpful team. I strongly recommend it and they deserve more than 5 stars.','published','2022-01-03 21:19:34','2022-01-03 21:19:34','[\"products\\/2.jpg\",\"products\\/7.jpg\",\"products\\/8.jpg\"]'),(58,5,1,2.00,'Solution is too robust for our purpose so we didn\'t use it at the end. But I appreciate customer support during initial configuration.','published','2022-01-03 21:19:34','2022-01-03 21:19:34','[\"products\\/4.jpg\",\"products\\/6.jpg\",\"products\\/8.jpg\"]'),(59,9,7,1.00,'Clean & perfect source code','published','2022-01-03 21:19:34','2022-01-03 21:19:34','[\"products\\/4.jpg\"]'),(60,6,7,1.00,'Very enthusiastic support! Excellent code is written. It\'s a true pleasure working with.','published','2022-01-03 21:19:34','2022-01-03 21:19:34','{\"0\":\"products\\/3.jpg\",\"2\":\"products\\/8.jpg\"}'),(61,9,5,4.00,'Good app, good backup service and support. Good documentation.','published','2022-01-03 21:19:34','2022-01-03 21:19:34','[\"products\\/4.jpg\",\"products\\/7.jpg\",\"products\\/8.jpg\"]'),(62,3,6,4.00,'The code is good, in general, if you like it, can you give it 5 stars?','published','2022-01-03 21:19:34','2022-01-03 21:19:34','{\"0\":\"products\\/2.jpg\",\"2\":\"products\\/8.jpg\"}'),(63,4,3,2.00,'For me the best eCommerce script on Envato at this moment: modern, clean code, a lot of great features. The customer support is great too: I always get an answer within hours!','published','2022-01-03 21:19:34','2022-01-03 21:19:34','[\"products\\/3.jpg\",\"products\\/6.jpg\"]'),(64,7,3,4.00,'Best ecommerce CMS online store!','published','2022-01-03 21:19:34','2022-01-03 21:19:34','{\"0\":\"products\\/2.jpg\",\"2\":\"products\\/8.jpg\"}'),(65,8,1,2.00,'Perfect +++++++++ i love it really also i get to fast ticket answers... Thanks Lot BOTBLE Teams','published','2022-01-03 21:19:34','2022-01-03 21:19:34','[\"products\\/4.jpg\",\"products\\/6.jpg\"]'),(66,1,2,5.00,'As a developer I reviewed this script. This is really awesome ecommerce script. I have convinced when I noticed that it\'s built on fully WordPress concept.','published','2022-01-03 21:19:34','2022-01-03 21:19:34','[\"products\\/4.jpg\"]'),(67,9,5,4.00,'Customer Support are grade (A*), however the code is a way too over engineered for it\'s purpose.','published','2022-01-03 21:19:34','2022-01-03 21:19:34','[\"products\\/3.jpg\"]'),(68,2,4,3.00,'This web app is really good in design, code quality & features. Besides, the customer support provided by the Botble team was really fast & helpful. You guys are awesome!','published','2022-01-03 21:19:34','2022-01-03 21:19:34','[\"products\\/2.jpg\",\"products\\/7.jpg\"]'),(69,7,4,4.00,'Those guys now what they are doing, the release such a good product that it\'s a pleasure to work with ! Even when I was stuck on the project, I created a ticket and the next day it was replied by the team. GOOD JOB guys. I love working with them :)','published','2022-01-03 21:19:34','2022-01-03 21:19:34','{\"0\":\"products\\/4.jpg\",\"2\":\"products\\/8.jpg\"}'),(70,9,7,3.00,'The code is good, in general, if you like it, can you give it 5 stars?','published','2022-01-03 21:19:34','2022-01-03 21:19:34','[\"products\\/2.jpg\",\"products\\/6.jpg\"]'),(71,8,8,1.00,'This web app is really good in design, code quality & features. Besides, the customer support provided by the Botble team was really fast & helpful. You guys are awesome!','published','2022-01-03 21:19:34','2022-01-03 21:19:34','[\"products\\/3.jpg\"]'),(72,5,6,1.00,'The best ecommerce CMS! Excellent coding! best support service! Thank you so much..... I really like your hard work.','published','2022-01-03 21:19:34','2022-01-03 21:19:34','[\"products\\/3.jpg\",\"products\\/7.jpg\"]'),(73,5,7,3.00,'We have received brilliant service support and will be expanding the features with the developer. Nice product!','published','2022-01-03 21:19:34','2022-01-03 21:19:34','[\"products\\/4.jpg\",\"products\\/5.jpg\"]'),(74,6,7,2.00,'We have received brilliant service support and will be expanding the features with the developer. Nice product!','published','2022-01-03 21:19:34','2022-01-03 21:19:34','[\"products\\/2.jpg\",\"products\\/7.jpg\"]'),(75,4,6,3.00,'We have received brilliant service support and will be expanding the features with the developer. Nice product!','published','2022-01-03 21:19:34','2022-01-03 21:19:34','[\"products\\/2.jpg\",\"products\\/5.jpg\",\"products\\/8.jpg\"]'),(76,3,2,5.00,'Amazing code, amazing support. Overall, im really confident in Botble and im happy I made the right choice! Thank you so much guys for coding this masterpiece','published','2022-01-03 21:19:34','2022-01-03 21:19:34','[\"products\\/3.jpg\",\"products\\/5.jpg\"]'),(77,1,4,1.00,'The best store template! Excellent coding! Very good support! Thank you so much for all the help, I really appreciated.','published','2022-01-03 21:19:34','2022-01-03 21:19:34','[\"products\\/4.jpg\"]'),(78,4,4,2.00,'Great E-commerce system. And much more : Wonderful Customer Support.','published','2022-01-03 21:19:34','2022-01-03 21:19:34','[\"products\\/2.jpg\",\"products\\/5.jpg\",\"products\\/8.jpg\"]'),(79,8,8,3.00,'Great system, great support, good job Botble. I\'m looking forward to more great functional plugins.','published','2022-01-03 21:19:34','2022-01-03 21:19:34','[\"products\\/1.jpg\",\"products\\/5.jpg\"]'),(80,9,6,2.00,'Good app, good backup service and support. Good documentation.','published','2022-01-03 21:19:34','2022-01-03 21:19:34','[\"products\\/1.jpg\",\"products\\/7.jpg\"]'),(81,7,8,2.00,'Very enthusiastic support! Excellent code is written. It\'s a true pleasure working with.','published','2022-01-03 21:19:34','2022-01-03 21:19:34','[\"products\\/2.jpg\"]'),(82,1,4,4.00,'Those guys now what they are doing, the release such a good product that it\'s a pleasure to work with ! Even when I was stuck on the project, I created a ticket and the next day it was replied by the team. GOOD JOB guys. I love working with them :)','published','2022-01-03 21:19:34','2022-01-03 21:19:34','[\"products\\/2.jpg\",\"products\\/7.jpg\"]'),(83,6,5,4.00,'Good app, good backup service and support. Good documentation.','published','2022-01-03 21:19:34','2022-01-03 21:19:34','[\"products\\/4.jpg\",\"products\\/6.jpg\"]'),(84,2,2,5.00,'As a developer I reviewed this script. This is really awesome ecommerce script. I have convinced when I noticed that it\'s built on fully WordPress concept.','published','2022-01-03 21:19:34','2022-01-03 21:19:34','[\"products\\/1.jpg\",\"products\\/6.jpg\"]'),(85,1,1,5.00,'Second or third time that I buy a Botble product, happy with the products and support. You guys do a good job :)','published','2022-01-03 21:19:34','2022-01-03 21:19:34','{\"0\":\"products\\/4.jpg\",\"2\":\"products\\/8.jpg\"}'),(86,7,2,3.00,'It\'s not my first experience here on Codecanyon and I can honestly tell you all that Botble puts a LOT of effort into the support. They answer so fast, they helped me tons of times. REALLY by far THE BEST EXPERIENCE on Codecanyon. Those guys at Botble are so good that they deserve 5 stars. I recommend them, I trust them and I can\'t wait to see what they will sell in a near future. Thank you Botble :)','published','2022-01-03 21:19:34','2022-01-03 21:19:34','[\"products\\/4.jpg\",\"products\\/6.jpg\"]'),(87,6,5,5.00,'Ok good product. I have some issues in customizations. But its not correct to blame the developer. The product is good. Good luck for your business.','published','2022-01-03 21:19:34','2022-01-03 21:19:34','[\"products\\/3.jpg\",\"products\\/6.jpg\"]'),(88,5,5,5.00,'This web app is really good in design, code quality & features. Besides, the customer support provided by the Botble team was really fast & helpful. You guys are awesome!','published','2022-01-03 21:19:34','2022-01-03 21:19:34','{\"0\":\"products\\/2.jpg\",\"2\":\"products\\/8.jpg\"}'),(89,8,4,4.00,'Second or third time that I buy a Botble product, happy with the products and support. You guys do a good job :)','published','2022-01-03 21:19:34','2022-01-03 21:19:34','[\"products\\/4.jpg\"]'),(90,5,5,5.00,'I Love this Script. I also found how to add other fees. Now I just wait the BIG update for the Marketplace with the Bulk Import. Just do not forget to make it to be Multi-language for us the Botble Fans.','published','2022-01-03 21:19:34','2022-01-03 21:19:34','[\"products\\/1.jpg\",\"products\\/5.jpg\",\"products\\/8.jpg\"]'),(91,1,3,1.00,'This web app is really good in design, code quality & features. Besides, the customer support provided by the Botble team was really fast & helpful. You guys are awesome!','published','2022-01-03 21:19:34','2022-01-03 21:19:34','[\"products\\/1.jpg\",\"products\\/5.jpg\"]'),(92,6,2,3.00,'For me the best eCommerce script on Envato at this moment: modern, clean code, a lot of great features. The customer support is great too: I always get an answer within hours!','published','2022-01-03 21:19:34','2022-01-03 21:19:34','[\"products\\/4.jpg\",\"products\\/5.jpg\"]'),(93,4,8,5.00,'Great E-commerce system. And much more : Wonderful Customer Support.','published','2022-01-03 21:19:34','2022-01-03 21:19:34','[\"products\\/3.jpg\",\"products\\/7.jpg\",\"products\\/8.jpg\"]'),(94,6,5,1.00,'These guys are amazing! Responses immediately, amazing support and help... I immediately feel at ease after Purchasing..','published','2022-01-03 21:19:34','2022-01-03 21:19:34','[\"products\\/2.jpg\",\"products\\/7.jpg\",\"products\\/8.jpg\"]'),(95,2,2,5.00,'Amazing code, amazing support. Overall, im really confident in Botble and im happy I made the right choice! Thank you so much guys for coding this masterpiece','published','2022-01-03 21:19:34','2022-01-03 21:19:34','[\"products\\/4.jpg\"]'),(96,6,8,5.00,'Ok good product. I have some issues in customizations. But its not correct to blame the developer. The product is good. Good luck for your business.','published','2022-01-03 21:19:34','2022-01-03 21:19:34','[\"products\\/2.jpg\",\"products\\/6.jpg\"]'),(97,6,6,3.00,'This script is well coded and is super fast. The support is pretty quick. Very patient and helpful team. I strongly recommend it and they deserve more than 5 stars.','published','2022-01-03 21:19:34','2022-01-03 21:19:34','[\"products\\/4.jpg\",\"products\\/6.jpg\",\"products\\/8.jpg\"]'),(98,3,5,1.00,'Cool template. Excellent code quality. The support responds very quickly, which is very rare on themeforest and codecanyon.net, I buy a lot of templates, and everyone will have a response from technical support for two or three days. Thanks to tech support. I recommend to buy.','published','2022-01-03 21:19:34','2022-01-03 21:19:34','[\"products\\/3.jpg\",\"products\\/6.jpg\"]'),(99,4,3,3.00,'Best ecommerce CMS online store!','published','2022-01-03 21:19:34','2022-01-03 21:19:34','[\"products\\/1.jpg\",\"products\\/7.jpg\"]'),(100,5,7,1.00,'For me the best eCommerce script on Envato at this moment: modern, clean code, a lot of great features. The customer support is great too: I always get an answer within hours!','published','2022-01-03 21:19:34','2022-01-03 21:19:34','[\"products\\/4.jpg\"]');

--
-- Table structure for table `ec_shipment_histories`
--

CREATE TABLE `ec_shipment_histories` (
  `id` bigint unsigned NOT NULL AUTO_INCREMENT,
  `action` varchar(120) CHARACTER SET utf8mb4 COLLATE utf8mb4_unicode_ci NOT NULL,
  `description` varchar(255) CHARACTER SET utf8mb4 COLLATE utf8mb4_unicode_ci NOT NULL,
  `user_id` int unsigned DEFAULT NULL,
  `shipment_id` int unsigned NOT NULL,
  `order_id` int unsigned NOT NULL,
  `created_at` timestamp NULL DEFAULT NULL,
  `updated_at` timestamp NULL DEFAULT NULL,
  PRIMARY KEY (`id`)
) ENGINE=InnoDB AUTO_INCREMENT=47 DEFAULT CHARSET=utf8mb4 COLLATE=utf8mb4_unicode_ci;

--
-- Dumping data for table `ec_shipment_histories`
--

INSERT INTO `ec_shipment_histories` VALUES (1,'create_from_order','Shipping was created from order %order_id%',0,1,1,'2022-04-07 11:55:18','2022-04-07 11:55:18'),(2,'update_status','Changed status of shipping to : Approved . Updated by: %user_name%',0,1,1,'2022-04-19 03:55:18','2022-04-20 19:55:18'),(3,'update_status','Changed status of shipping to : Delivered . Updated by: %user_name%',0,1,1,'2022-04-20 19:55:18','2022-04-20 19:55:18'),(4,'create_from_order','Shipping was created from order %order_id%',0,2,2,'2022-04-11 07:55:18','2022-04-11 07:55:18'),(5,'update_status','Changed status of shipping to : Approved . Updated by: %user_name%',0,2,2,'2022-04-19 05:55:18','2022-04-20 19:55:18'),(6,'create_from_order','Shipping was created from order %order_id%',0,3,3,'2022-04-16 07:55:18','2022-04-16 07:55:18'),(7,'update_status','Changed status of shipping to : Approved . Updated by: %user_name%',0,3,3,'2022-04-19 07:55:18','2022-04-20 19:55:18'),(8,'update_status','Changed status of shipping to : Delivered . Updated by: %user_name%',0,3,3,'2022-04-20 19:55:18','2022-04-20 19:55:18'),(9,'create_from_order','Shipping was created from order %order_id%',0,4,4,'2022-04-17 23:55:18','2022-04-17 23:55:18'),(10,'update_status','Changed status of shipping to : Approved . Updated by: %user_name%',0,4,4,'2022-04-19 09:55:18','2022-04-20 19:55:18'),(11,'create_from_order','Shipping was created from order %order_id%',0,5,5,'2022-04-07 11:55:18','2022-04-07 11:55:18'),(12,'update_status','Changed status of shipping to : Approved . Updated by: %user_name%',0,5,5,'2022-04-19 11:55:18','2022-04-20 19:55:18'),(13,'create_from_order','Shipping was created from order %order_id%',0,6,6,'2022-04-18 07:55:18','2022-04-18 07:55:18'),(14,'update_status','Changed status of shipping to : Approved . Updated by: %user_name%',0,6,6,'2022-04-19 13:55:18','2022-04-20 19:55:18'),(15,'create_from_order','Shipping was created from order %order_id%',0,7,7,'2022-04-09 03:55:18','2022-04-09 03:55:18'),(16,'update_status','Changed status of shipping to : Approved . Updated by: %user_name%',0,7,7,'2022-04-19 15:55:18','2022-04-20 19:55:18'),(17,'update_status','Changed status of shipping to : Delivered . Updated by: %user_name%',0,7,7,'2022-04-20 19:55:18','2022-04-20 19:55:18'),(18,'create_from_order','Shipping was created from order %order_id%',0,8,8,'2022-04-12 03:55:18','2022-04-12 03:55:18'),(19,'update_status','Changed status of shipping to : Approved . Updated by: %user_name%',0,8,8,'2022-04-19 17:55:18','2022-04-20 19:55:18'),(20,'update_status','Changed status of shipping to : Delivered . Updated by: %user_name%',0,8,8,'2022-04-20 19:55:18','2022-04-20 19:55:18'),(21,'create_from_order','Shipping was created from order %order_id%',0,9,9,'2022-04-18 19:55:18','2022-04-18 19:55:18'),(22,'update_status','Changed status of shipping to : Approved . Updated by: %user_name%',0,9,9,'2022-04-19 19:55:18','2022-04-20 19:55:18'),(23,'create_from_order','Shipping was created from order %order_id%',0,10,10,'2022-04-17 03:55:18','2022-04-17 03:55:18'),(24,'update_status','Changed status of shipping to : Approved . Updated by: %user_name%',0,10,10,'2022-04-19 21:55:18','2022-04-20 19:55:18'),(25,'create_from_order','Shipping was created from order %order_id%',0,11,11,'2022-04-17 11:55:18','2022-04-17 11:55:18'),(26,'update_status','Changed status of shipping to : Approved . Updated by: %user_name%',0,11,11,'2022-04-19 23:55:18','2022-04-20 19:55:18'),(27,'create_from_order','Shipping was created from order %order_id%',0,12,12,'2022-04-18 13:55:18','2022-04-18 13:55:18'),(28,'update_status','Changed status of shipping to : Approved . Updated by: %user_name%',0,12,12,'2022-04-20 01:55:18','2022-04-20 19:55:18'),(29,'update_status','Changed status of shipping to : Delivered . Updated by: %user_name%',0,12,12,'2022-04-20 19:55:18','2022-04-20 19:55:18'),(30,'create_from_order','Shipping was created from order %order_id%',0,13,13,'2022-04-16 19:55:18','2022-04-16 19:55:18'),(31,'update_status','Changed status of shipping to : Approved . Updated by: %user_name%',0,13,13,'2022-04-20 03:55:18','2022-04-20 19:55:18'),(32,'create_from_order','Shipping was created from order %order_id%',0,14,14,'2022-04-19 15:55:18','2022-04-19 15:55:18'),(33,'update_status','Changed status of shipping to : Approved . Updated by: %user_name%',0,14,14,'2022-04-20 05:55:18','2022-04-20 19:55:18'),(34,'create_from_order','Shipping was created from order %order_id%',0,15,15,'2022-04-17 19:55:18','2022-04-17 19:55:18'),(35,'update_status','Changed status of shipping to : Approved . Updated by: %user_name%',0,15,15,'2022-04-20 07:55:18','2022-04-20 19:55:18'),(36,'create_from_order','Shipping was created from order %order_id%',0,16,16,'2022-04-19 23:55:18','2022-04-19 23:55:18'),(37,'update_status','Changed status of shipping to : Approved . Updated by: %user_name%',0,16,16,'2022-04-20 09:55:18','2022-04-20 19:55:18'),(38,'update_status','Changed status of shipping to : Delivered . Updated by: %user_name%',0,16,16,'2022-04-20 19:55:18','2022-04-20 19:55:18'),(39,'create_from_order','Shipping was created from order %order_id%',0,17,17,'2022-04-18 11:55:18','2022-04-18 11:55:18'),(40,'update_status','Changed status of shipping to : Approved . Updated by: %user_name%',0,17,17,'2022-04-20 11:55:18','2022-04-20 19:55:18'),(41,'create_from_order','Shipping was created from order %order_id%',0,18,18,'2022-04-19 07:55:18','2022-04-19 07:55:18'),(42,'update_status','Changed status of shipping to : Approved . Updated by: %user_name%',0,18,18,'2022-04-20 13:55:18','2022-04-20 19:55:18'),(43,'create_from_order','Shipping was created from order %order_id%',0,19,19,'2022-04-19 11:55:18','2022-04-19 11:55:18'),(44,'update_status','Changed status of shipping to : Approved . Updated by: %user_name%',0,19,19,'2022-04-20 15:55:18','2022-04-20 19:55:18'),(45,'create_from_order','Shipping was created from order %order_id%',0,20,20,'2022-04-20 11:55:18','2022-04-20 11:55:18'),(46,'update_status','Changed status of shipping to : Approved . Updated by: %user_name%',0,20,20,'2022-04-20 17:55:18','2022-04-20 19:55:18');

--
-- Table structure for table `ec_shipments`
--

CREATE TABLE `ec_shipments` (
  `id` bigint unsigned NOT NULL AUTO_INCREMENT,
  `order_id` int unsigned NOT NULL,
  `user_id` int unsigned DEFAULT NULL,
  `weight` double(8,2) DEFAULT '0.00',
  `shipment_id` varchar(120) CHARACTER SET utf8mb4 COLLATE utf8mb4_unicode_ci DEFAULT NULL,
  `note` varchar(120) CHARACTER SET utf8mb4 COLLATE utf8mb4_unicode_ci DEFAULT NULL,
  `status` varchar(120) CHARACTER SET utf8mb4 COLLATE utf8mb4_unicode_ci NOT NULL DEFAULT 'pending',
  `cod_amount` decimal(15,2) DEFAULT '0.00',
  `cod_status` varchar(60) CHARACTER SET utf8mb4 COLLATE utf8mb4_unicode_ci NOT NULL DEFAULT 'pending',
  `cross_checking_status` varchar(60) CHARACTER SET utf8mb4 COLLATE utf8mb4_unicode_ci NOT NULL DEFAULT 'pending',
  `price` decimal(15,2) DEFAULT '0.00',
  `store_id` int unsigned DEFAULT NULL,
  `created_at` timestamp NULL DEFAULT NULL,
  `updated_at` timestamp NULL DEFAULT NULL,
  `tracking_id` varchar(191) CHARACTER SET utf8mb4 COLLATE utf8mb4_unicode_ci DEFAULT NULL,
  `shipping_company_name` varchar(191) CHARACTER SET utf8mb4 COLLATE utf8mb4_unicode_ci DEFAULT NULL,
  `tracking_link` varchar(191) CHARACTER SET utf8mb4 COLLATE utf8mb4_unicode_ci DEFAULT NULL,
  `estimate_date_shipped` datetime DEFAULT NULL,
  `date_shipped` datetime DEFAULT NULL,
  PRIMARY KEY (`id`)
) ENGINE=InnoDB AUTO_INCREMENT=21 DEFAULT CHARSET=utf8mb4 COLLATE=utf8mb4_unicode_ci;

--
-- Dumping data for table `ec_shipments`
--

INSERT INTO `ec_shipments` VALUES (1,1,NULL,2945.00,NULL,'','delivered',0.00,'completed','pending',0.00,0,'2022-04-20 19:55:18','2022-04-20 19:55:18','JJD007924406','GHN','https://mydhl.express.dhl/us/en/tracking.html#/track-by-reference','2022-04-26 02:55:18','2022-04-21 02:55:18'),(2,2,NULL,6310.00,NULL,'','approved',0.00,'completed','pending',0.00,0,'2022-04-20 19:55:18','2022-04-20 19:55:18','JJD0039699717','GHN','https://mydhl.express.dhl/us/en/tracking.html#/track-by-reference','2022-04-24 02:55:18',NULL),(3,3,NULL,5985.00,NULL,'','delivered',0.00,'completed','pending',0.00,0,'2022-04-20 19:55:18','2022-04-20 19:55:18','JJD0013384091','AliExpress','https://mydhl.express.dhl/us/en/tracking.html#/track-by-reference','2022-05-01 02:55:18','2022-04-21 02:55:18'),(4,4,NULL,6251.00,NULL,'','approved',0.00,'completed','pending',0.00,0,'2022-04-20 19:55:18','2022-04-20 19:55:18','JJD0082450268','FastShipping','https://mydhl.express.dhl/us/en/tracking.html#/track-by-reference','2022-04-30 02:55:18',NULL),(5,5,NULL,2470.00,NULL,'','approved',314.90,'pending','pending',0.00,0,'2022-04-20 19:55:18','2022-04-20 19:55:18','JJD0063867597','FastShipping','https://mydhl.express.dhl/us/en/tracking.html#/track-by-reference','2022-04-27 02:55:18',NULL),(6,6,NULL,3588.00,NULL,'','approved',0.00,'completed','pending',0.00,0,'2022-04-20 19:55:18','2022-04-20 19:55:18','JJD0099703443','FastShipping','https://mydhl.express.dhl/us/en/tracking.html#/track-by-reference','2022-04-26 02:55:18',NULL),(7,7,NULL,4281.00,NULL,'','delivered',0.00,'completed','pending',0.00,0,'2022-04-20 19:55:18','2022-04-20 19:55:18','JJD0014600614','FastShipping','https://mydhl.express.dhl/us/en/tracking.html#/track-by-reference','2022-05-01 02:55:18','2022-04-21 02:55:18'),(8,8,NULL,2519.00,NULL,'','delivered',0.00,'completed','pending',0.00,0,'2022-04-20 19:55:18','2022-04-20 19:55:18','JJD0018449942','FastShipping','https://mydhl.express.dhl/us/en/tracking.html#/track-by-reference','2022-04-28 02:55:18','2022-04-21 02:55:18'),(9,9,NULL,1910.00,NULL,'','approved',0.00,'completed','pending',0.00,0,'2022-04-20 19:55:18','2022-04-20 19:55:18','JJD0050726584','DHL','https://mydhl.express.dhl/us/en/tracking.html#/track-by-reference','2022-04-29 02:55:18',NULL),(10,10,NULL,4927.00,NULL,'','approved',0.00,'completed','pending',0.00,0,'2022-04-20 19:55:18','2022-04-20 19:55:18','JJD0066960892','FastShipping','https://mydhl.express.dhl/us/en/tracking.html#/track-by-reference','2022-04-30 02:55:18',NULL),(11,11,NULL,6741.00,NULL,'','approved',0.00,'completed','pending',0.00,0,'2022-04-20 19:55:18','2022-04-20 19:55:18','JJD0046670400','FastShipping','https://mydhl.express.dhl/us/en/tracking.html#/track-by-reference','2022-04-28 02:55:18',NULL),(12,12,NULL,1821.00,NULL,'','delivered',0.00,'completed','pending',0.00,0,'2022-04-20 19:55:18','2022-04-20 19:55:18','JJD0088343758','GHN','https://mydhl.express.dhl/us/en/tracking.html#/track-by-reference','2022-04-29 02:55:18','2022-04-21 02:55:18'),(13,13,NULL,3656.00,NULL,'','approved',0.00,'completed','pending',0.00,0,'2022-04-20 19:55:18','2022-04-20 19:55:18','JJD0039609350','AliExpress','https://mydhl.express.dhl/us/en/tracking.html#/track-by-reference','2022-04-22 02:55:18',NULL),(14,14,NULL,4796.00,NULL,'','approved',0.00,'completed','pending',0.00,0,'2022-04-20 19:55:18','2022-04-20 19:55:18','JJD0078375046','GHN','https://mydhl.express.dhl/us/en/tracking.html#/track-by-reference','2022-04-22 02:55:18',NULL),(15,15,NULL,1095.00,NULL,'','approved',0.00,'completed','pending',0.00,0,'2022-04-20 19:55:18','2022-04-20 19:55:18','JJD0010756136','FastShipping','https://mydhl.express.dhl/us/en/tracking.html#/track-by-reference','2022-04-27 02:55:18',NULL),(16,16,NULL,5262.00,NULL,'','delivered',0.00,'completed','pending',0.00,0,'2022-04-20 19:55:18','2022-04-20 19:55:18','JJD0081036377','DHL','https://mydhl.express.dhl/us/en/tracking.html#/track-by-reference','2022-04-27 02:55:18','2022-04-21 02:55:18'),(17,17,NULL,2580.00,NULL,'','approved',0.00,'completed','pending',0.00,0,'2022-04-20 19:55:18','2022-04-20 19:55:18','JJD0066312839','AliExpress','https://mydhl.express.dhl/us/en/tracking.html#/track-by-reference','2022-04-30 02:55:18',NULL),(18,18,NULL,5323.00,NULL,'','approved',0.00,'completed','pending',0.00,0,'2022-04-20 19:55:18','2022-04-20 19:55:18','JJD0061773384','GHN','https://mydhl.express.dhl/us/en/tracking.html#/track-by-reference','2022-04-30 02:55:18',NULL),(19,19,NULL,4628.00,NULL,'','approved',0.00,'completed','pending',0.00,0,'2022-04-20 19:55:18','2022-04-20 19:55:18','JJD0046270911','DHL','https://mydhl.express.dhl/us/en/tracking.html#/track-by-reference','2022-05-01 02:55:18',NULL),(20,20,NULL,4376.00,NULL,'','approved',0.00,'completed','pending',0.00,0,'2022-04-20 19:55:18','2022-04-20 19:55:18','JJD0097046616','DHL','https://mydhl.express.dhl/us/en/tracking.html#/track-by-reference','2022-05-01 02:55:18',NULL);

--
-- Table structure for table `ec_shipping`
--

CREATE TABLE `ec_shipping` (
  `id` bigint unsigned NOT NULL AUTO_INCREMENT,
  `title` varchar(191) CHARACTER SET utf8mb4 COLLATE utf8mb4_unicode_ci DEFAULT NULL,
  `country` varchar(120) CHARACTER SET utf8mb4 COLLATE utf8mb4_unicode_ci DEFAULT NULL,
  `created_at` timestamp NULL DEFAULT NULL,
  `updated_at` timestamp NULL DEFAULT NULL,
  PRIMARY KEY (`id`)
) ENGINE=InnoDB AUTO_INCREMENT=2 DEFAULT CHARSET=utf8mb4 COLLATE=utf8mb4_unicode_ci;

--
-- Dumping data for table `ec_shipping`
--

INSERT INTO `ec_shipping` VALUES (1,'All',NULL,'2022-01-03 21:19:35','2022-01-03 21:19:35');

--
-- Table structure for table `ec_shipping_rule_items`
--

CREATE TABLE `ec_shipping_rule_items` (
  `id` bigint unsigned NOT NULL AUTO_INCREMENT,
  `shipping_rule_id` int unsigned NOT NULL,
  `country` varchar(120) CHARACTER SET utf8mb4 COLLATE utf8mb4_unicode_ci DEFAULT NULL,
  `state` varchar(120) CHARACTER SET utf8mb4 COLLATE utf8mb4_unicode_ci DEFAULT NULL,
  `city` varchar(120) CHARACTER SET utf8mb4 COLLATE utf8mb4_unicode_ci DEFAULT NULL,
  `adjustment_price` decimal(15,2) DEFAULT '0.00',
  `is_enabled` tinyint(1) NOT NULL DEFAULT '1',
  `created_at` timestamp NULL DEFAULT NULL,
  `updated_at` timestamp NULL DEFAULT NULL,
  PRIMARY KEY (`id`)
) ENGINE=InnoDB DEFAULT CHARSET=utf8mb4 COLLATE=utf8mb4_unicode_ci;

--
-- Dumping data for table `ec_shipping_rule_items`
--


--
-- Table structure for table `ec_shipping_rules`
--

CREATE TABLE `ec_shipping_rules` (
  `id` bigint unsigned NOT NULL AUTO_INCREMENT,
  `name` varchar(120) CHARACTER SET utf8mb4 COLLATE utf8mb4_unicode_ci NOT NULL,
  `shipping_id` int unsigned NOT NULL,
  `type` enum('base_on_price','base_on_weight') CHARACTER SET utf8mb4 COLLATE utf8mb4_unicode_ci DEFAULT 'base_on_price',
  `from` decimal(15,2) DEFAULT '0.00',
  `to` decimal(15,2) DEFAULT '0.00',
  `price` decimal(15,2) DEFAULT '0.00',
  `created_at` timestamp NULL DEFAULT NULL,
  `updated_at` timestamp NULL DEFAULT NULL,
  PRIMARY KEY (`id`)
) ENGINE=InnoDB AUTO_INCREMENT=4 DEFAULT CHARSET=utf8mb4 COLLATE=utf8mb4_unicode_ci;

--
-- Dumping data for table `ec_shipping_rules`
--

INSERT INTO `ec_shipping_rules` VALUES (1,'Free shipping',1,'base_on_price',0.00,NULL,0.00,'2022-01-03 21:19:35','2022-01-03 21:19:35'),(2,'Local Pickup',1,'base_on_price',0.00,NULL,20.00,'2022-01-03 21:19:35','2022-01-03 21:19:35'),(3,'Flat Rate',1,'base_on_price',0.00,NULL,25.00,'2022-01-03 21:19:35','2022-01-03 21:19:35');

--
-- Table structure for table `ec_store_locators`
--

CREATE TABLE `ec_store_locators` (
  `id` bigint unsigned NOT NULL AUTO_INCREMENT,
  `name` varchar(60) CHARACTER SET utf8mb4 COLLATE utf8mb4_unicode_ci NOT NULL,
  `email` varchar(60) CHARACTER SET utf8mb4 COLLATE utf8mb4_unicode_ci DEFAULT NULL,
  `phone` varchar(20) CHARACTER SET utf8mb4 COLLATE utf8mb4_unicode_ci NOT NULL,
  `address` varchar(255) CHARACTER SET utf8mb4 COLLATE utf8mb4_unicode_ci NOT NULL,
  `country` varchar(120) CHARACTER SET utf8mb4 COLLATE utf8mb4_unicode_ci DEFAULT NULL,
  `state` varchar(120) CHARACTER SET utf8mb4 COLLATE utf8mb4_unicode_ci DEFAULT NULL,
  `city` varchar(120) CHARACTER SET utf8mb4 COLLATE utf8mb4_unicode_ci DEFAULT NULL,
  `is_primary` tinyint(1) DEFAULT '0',
  `is_shipping_location` tinyint(1) DEFAULT '1',
  `created_at` timestamp NULL DEFAULT NULL,
  `updated_at` timestamp NULL DEFAULT NULL,
  PRIMARY KEY (`id`)
) ENGINE=InnoDB AUTO_INCREMENT=2 DEFAULT CHARSET=utf8mb4 COLLATE=utf8mb4_unicode_ci;

--
-- Dumping data for table `ec_store_locators`
--

INSERT INTO `ec_store_locators` VALUES (1,'HASA SG','sales@botble.com','18006268','North Link Building, 10 Admiralty Street','SG','Singapore','Singapore',1,1,'2022-01-03 21:19:40','2022-01-03 21:19:40');

--
-- Table structure for table `ec_taxes`
--

CREATE TABLE `ec_taxes` (
  `id` bigint unsigned NOT NULL AUTO_INCREMENT,
  `title` varchar(191) CHARACTER SET utf8mb4 COLLATE utf8mb4_unicode_ci DEFAULT NULL,
  `percentage` double(8,6) DEFAULT NULL,
  `priority` int DEFAULT NULL,
  `status` varchar(60) CHARACTER SET utf8mb4 COLLATE utf8mb4_unicode_ci NOT NULL DEFAULT 'published',
  `created_at` timestamp NULL DEFAULT NULL,
  `updated_at` timestamp NULL DEFAULT NULL,
  PRIMARY KEY (`id`)
) ENGINE=InnoDB AUTO_INCREMENT=3 DEFAULT CHARSET=utf8mb4 COLLATE=utf8mb4_unicode_ci;

--
-- Dumping data for table `ec_taxes`
--

INSERT INTO `ec_taxes` VALUES (1,'VAT',10.000000,1,'published','2022-01-03 21:19:32','2022-01-03 21:19:32'),(2,'None',0.000000,2,'published','2022-01-03 21:19:32','2022-01-03 21:19:32');

--
-- Table structure for table `ec_wish_lists`
--

CREATE TABLE `ec_wish_lists` (
  `id` bigint unsigned NOT NULL AUTO_INCREMENT,
  `customer_id` int unsigned NOT NULL,
  `product_id` int unsigned NOT NULL,
  `created_at` timestamp NULL DEFAULT NULL,
  `updated_at` timestamp NULL DEFAULT NULL,
  PRIMARY KEY (`id`)
) ENGINE=InnoDB DEFAULT CHARSET=utf8mb4 COLLATE=utf8mb4_unicode_ci;

--
-- Dumping data for table `ec_wish_lists`
--


--
-- Table structure for table `failed_jobs`
--

CREATE TABLE `failed_jobs` (
  `id` bigint unsigned NOT NULL AUTO_INCREMENT,
  `uuid` varchar(191) CHARACTER SET utf8mb4 COLLATE utf8mb4_unicode_ci NOT NULL,
  `connection` text CHARACTER SET utf8mb4 COLLATE utf8mb4_unicode_ci NOT NULL,
  `queue` text CHARACTER SET utf8mb4 COLLATE utf8mb4_unicode_ci NOT NULL,
  `payload` longtext CHARACTER SET utf8mb4 COLLATE utf8mb4_unicode_ci NOT NULL,
  `exception` longtext CHARACTER SET utf8mb4 COLLATE utf8mb4_unicode_ci NOT NULL,
  `failed_at` timestamp NOT NULL DEFAULT CURRENT_TIMESTAMP,
  PRIMARY KEY (`id`),
  UNIQUE KEY `failed_jobs_uuid_unique` (`uuid`)
) ENGINE=InnoDB DEFAULT CHARSET=utf8mb4 COLLATE=utf8mb4_unicode_ci;

--
-- Dumping data for table `failed_jobs`
--


--
-- Table structure for table `faq_categories`
--

CREATE TABLE `faq_categories` (
  `id` bigint unsigned NOT NULL AUTO_INCREMENT,
  `name` varchar(120) CHARACTER SET utf8mb4 COLLATE utf8mb4_unicode_ci NOT NULL,
  `order` tinyint NOT NULL DEFAULT '0',
  `status` varchar(60) CHARACTER SET utf8mb4 COLLATE utf8mb4_unicode_ci NOT NULL DEFAULT 'published',
  `created_at` timestamp NULL DEFAULT NULL,
  `updated_at` timestamp NULL DEFAULT NULL,
  PRIMARY KEY (`id`)
) ENGINE=InnoDB AUTO_INCREMENT=4 DEFAULT CHARSET=utf8mb4 COLLATE=utf8mb4_unicode_ci;

--
-- Dumping data for table `faq_categories`
--

INSERT INTO `faq_categories` VALUES (1,'Shipping',0,'published','2022-01-03 21:19:42','2022-01-03 21:19:42'),(2,'Payment',1,'published','2022-01-03 21:19:42','2022-01-03 21:19:42'),(3,'Order & Returns',2,'published','2022-01-03 21:19:42','2022-01-03 21:19:42');

--
-- Table structure for table `faq_categories_translations`
--

CREATE TABLE `faq_categories_translations` (
  `lang_code` varchar(191) CHARACTER SET utf8mb4 COLLATE utf8mb4_unicode_ci NOT NULL,
  `faq_categories_id` int NOT NULL,
  `name` varchar(120) CHARACTER SET utf8mb4 COLLATE utf8mb4_unicode_ci DEFAULT NULL,
  PRIMARY KEY (`lang_code`,`faq_categories_id`)
) ENGINE=InnoDB DEFAULT CHARSET=utf8mb4 COLLATE=utf8mb4_unicode_ci;

--
-- Dumping data for table `faq_categories_translations`
--

INSERT INTO `faq_categories_translations` VALUES ('vi',1,'VẬN CHUYỂN'),('vi',2,'THANH TOÁN'),('vi',3,'ĐƠN HÀNG & HOÀN TRẢ');

--
-- Table structure for table `faqs`
--

CREATE TABLE `faqs` (
  `id` bigint unsigned NOT NULL AUTO_INCREMENT,
  `question` text CHARACTER SET utf8mb4 COLLATE utf8mb4_unicode_ci NOT NULL,
  `answer` text CHARACTER SET utf8mb4 COLLATE utf8mb4_unicode_ci NOT NULL,
  `category_id` int unsigned NOT NULL,
  `status` varchar(60) CHARACTER SET utf8mb4 COLLATE utf8mb4_unicode_ci NOT NULL DEFAULT 'published',
  `created_at` timestamp NULL DEFAULT NULL,
  `updated_at` timestamp NULL DEFAULT NULL,
  PRIMARY KEY (`id`)
) ENGINE=InnoDB AUTO_INCREMENT=11 DEFAULT CHARSET=utf8mb4 COLLATE=utf8mb4_unicode_ci;

--
-- Dumping data for table `faqs`
--

INSERT INTO `faqs` VALUES (1,'What Shipping Methods Are Available?','Ex Portland Pitchfork irure mustache. Eutra fap before they sold out literally. Aliquip ugh bicycle rights actually mlkshk, seitan squid craft beer tempor.',1,'published','2022-01-03 21:19:42','2022-01-03 21:19:42'),(2,'Do You Ship Internationally?','Hoodie tote bag mixtape tofu. Typewriter jean shorts wolf quinoa, messenger bag organic freegan cray.',1,'published','2022-01-03 21:19:42','2022-01-03 21:19:42'),(3,'How Long Will It Take To Get My Package?','Swag slow-carb quinoa VHS typewriter pork belly brunch, paleo single-origin coffee Wes Anderson. Flexitarian Pitchfork forage, literally paleo fap pour-over. Wes Anderson Pinterest YOLO fanny pack meggings, deep v XOXO chambray sustainable slow-carb raw denim church-key fap chillwave Etsy. +1 typewriter kitsch, American Apparel tofu Banksy Vice.',1,'published','2022-01-03 21:19:42','2022-01-03 21:19:42'),(4,'What Payment Methods Are Accepted?','Fashion axe DIY jean shorts, swag kale chips meh polaroid kogi butcher Wes Anderson chambray next level semiotics gentrify yr. Voluptate photo booth fugiat Vice. Austin sed Williamsburg, ea labore raw denim voluptate cred proident mixtape excepteur mustache. Twee chia photo booth readymade food truck, hoodie roof party swag keytar PBR DIY.',2,'published','2022-01-03 21:19:42','2022-01-03 21:19:42'),(5,'Is Buying On-Line Safe?','Art party authentic freegan semiotics jean shorts chia cred. Neutra Austin roof party Brooklyn, synth Thundercats swag 8-bit photo booth. Plaid letterpress leggings craft beer meh ethical Pinterest.',2,'published','2022-01-03 21:19:42','2022-01-03 21:19:42'),(6,'How do I place an Order?','Keytar cray slow-carb, Godard banh mi salvia pour-over. Slow-carb Odd Future seitan normcore. Master cleanse American Apparel gentrify flexitarian beard slow-carb next level. Raw denim polaroid paleo farm-to-table, put a bird on it lo-fi tattooed Wes Anderson Pinterest letterpress. Fingerstache McSweeney’s pour-over, letterpress Schlitz photo booth master cleanse bespoke hashtag chillwave gentrify.',3,'published','2022-01-03 21:19:42','2022-01-03 21:19:42'),(7,'How Can I Cancel Or Change My Order?','Plaid letterpress leggings craft beer meh ethical Pinterest. Art party authentic freegan semiotics jean shorts chia cred. Neutra Austin roof party Brooklyn, synth Thundercats swag 8-bit photo booth.',3,'published','2022-01-03 21:19:42','2022-01-03 21:19:42'),(8,'Do I need an account to place an order?','Thundercats swag 8-bit photo booth. Plaid letterpress leggings craft beer meh ethical Pinterest. Twee chia photo booth readymade food truck, hoodie roof party swag keytar PBR DIY. Cray ugh 3 wolf moon fap, fashion axe irony butcher cornhole typewriter chambray VHS banjo street art.',3,'published','2022-01-03 21:19:42','2022-01-03 21:19:42'),(9,'How Do I Track My Order?','Keytar cray slow-carb, Godard banh mi salvia pour-over. Slow-carb @Odd Future seitan normcore. Master cleanse American Apparel gentrify flexitarian beard slow-carb next level.',3,'published','2022-01-03 21:19:42','2022-01-03 21:19:42'),(10,'How Can I Return a Product?','Kale chips Truffaut Williamsburg, hashtag fixie Pinterest raw denim c hambray drinking vinegar Carles street art Bushwick gastropub. Wolf Tumblr paleo church-key. Plaid food truck Echo Park YOLO bitters hella, direct trade Thundercats leggings quinoa before they sold out. You probably haven’t heard of them wayfarers authentic umami drinking vinegar Pinterest Cosby sweater, fingerstache fap High Life.',3,'published','2022-01-03 21:19:42','2022-01-03 21:19:42');

--
-- Table structure for table `faqs_translations`
--

CREATE TABLE `faqs_translations` (
  `lang_code` varchar(191) CHARACTER SET utf8mb4 COLLATE utf8mb4_unicode_ci NOT NULL,
  `faqs_id` int NOT NULL,
  `question` text CHARACTER SET utf8mb4 COLLATE utf8mb4_unicode_ci,
  `answer` text CHARACTER SET utf8mb4 COLLATE utf8mb4_unicode_ci,
  PRIMARY KEY (`lang_code`,`faqs_id`)
) ENGINE=InnoDB DEFAULT CHARSET=utf8mb4 COLLATE=utf8mb4_unicode_ci;

--
-- Dumping data for table `faqs_translations`
--

INSERT INTO `faqs_translations` VALUES ('vi',1,'Có những phương thức vận chuyển nào?','Ex Portland Pitchfork irure ria mép. Eutra fap trước khi họ bán hết theo đúng nghĩa đen. Aliquip ugh quyền xe đạp thực sự mlkshk, rượu bia thủ công mực seitan. '),('vi',2,'Bạn có giao hàng quốc tế không?','Áo hoodie túi tote Tofu mixtape. Quần đùi jean đánh chữ Wolf quinoa, túi messenger hữu cơ freegan cray. '),('vi',3,'Mất bao lâu để nhận được gói hàng của tôi?','Bữa nửa buổi ăn sáng bằng bụng heo quay từ máy đánh chữ VHS, cà phê có nguồn gốc đơn Paleo, Wes Anderson. Khoan Pitchfork linh hoạt, theo nghĩa đen là đổ qua fap theo nghĩa đen. Wes Anderson Pinterest YOLO fanny pack meggings, deep v XOXO chambray bền vững slow-carb raw denim Church-key fap chillwave Etsy. +1 bộ dụng cụ đánh máy, đậu phụ Banksy Vice của American Apparel. '),('vi',4,'Phương thức thanh toán nào được chấp nhận?','Fashion Axe DIY jean shorts, swag kale chips meh polaroid kogi butcher Wes Anderson chambray next level semiotics gentrify yr. Quầy ảnh Voluptate fugiat Vice. Austin sed Williamsburg, ea labore raw denim voluptate cred proident mixtape excepteur ria mép. Twee chia gian hàng chụp ảnh xe bán đồ ăn sẵn, bữa tiệc trên mái áo hoodie swag keytar PBR DIY. '),('vi',5,'Mua trực tuyến có an toàn không?','Bữa tiệc nghệ thuật đích thực freegan semiotics jean shorts chia credit. Tiệc trên mái nhà Neutra Austin Brooklyn, Thundercats swag synth gian hàng ảnh 8-bit. Xà cạp letterpress kẻ sọc thủ công bia meh đạo đức Pinterest. '),('vi',6,'Làm cách nào để đặt hàng?','Keytar cray slow-carb, Godard banh mi salvia pour-over. Slow-carb Odd Định mức seitan trong tương lai. Master làm sạch American Apparel nhẹ nhàng làm sạch râu linh hoạt chậm carb cấp độ tiếp theo. Vải thô denim polaroid nhạt từ trang trại đến bàn, đặt một con chim trên đó hình xăm lo-fi Wes Anderson Pinterest letterpress. Bậc thầy gian hàng ảnh Schlitz của Fingerstache McSweeney đang làm sạch thẻ bắt đầu bằng hashtag theo yêu cầu riêng, chillwave gentrify. '),('vi',7,'Làm cách nào để tôi có thể hủy hoặc thay đổi đơn hàng của mình?','Xà cạp letterpress kẻ sọc thủ công bia meh đạo đức Pinterest. Bữa tiệc nghệ thuật đích thực freegan semiotics jean shorts chia tín. Tiệc trên mái nhà Neutra Austin ở Brooklyn, synth Thundercats có gian hàng ảnh 8-bit. '),('vi',8,'Tôi có cần tài khoản để đặt hàng không?','Thundercats làm lung lay gian hàng ảnh 8-bit. Xà cạp letterpress kẻ sọc thủ công bia meh đạo đức Pinterest. Twee chia ảnh gian hàng xe bán thức ăn làm sẵn, bữa tiệc trên mái áo hoodie swag keytar PBR DIY. Cray ugh 3 wolf moon fap, rìu thời trang mỉa mai người bán thịt máy đánh chữ chambray VHS banjo nghệ thuật đường phố. '),('vi',9,'Làm cách nào để theo dõi đơn hàng của tôi?','Keytar cray slow-carb, Godard banh mi salvia pour-over. Slow-carb @Odd Định mức seitan trong tương lai. Bậc thầy làm sạch American Apparel nhẹ nhàng làm sạch râu linh hoạt theo kiểu chậm carb cấp độ tiếp theo. '),('vi',10,'Làm cách nào để trả lại sản phẩm?','Kale chips Truffaut Williamsburg, fixie hashtag Pinterest raw denim c hambray uống giấm Carles street art Bushwick gastropub. Chìa khóa nhà thờ Wolf Tumblr. Xe tải thực phẩm kẻ sọc Echo Park YOLO cắn hella, giao dịch trực tiếp Thundercats legging quinoa trước khi bán hết. Có thể bạn chưa từng nghe nói về họ những người truyền bá vị umami đích thực uống giấm Pinterest Áo len Cosby, fingerstache fap High Life. ');

--
-- Table structure for table `galleries`
--

CREATE TABLE `galleries` (
  `id` bigint unsigned NOT NULL AUTO_INCREMENT,
  `name` varchar(120) CHARACTER SET utf8mb4 COLLATE utf8mb4_unicode_ci NOT NULL,
  `description` longtext CHARACTER SET utf8mb4 COLLATE utf8mb4_unicode_ci NOT NULL,
  `is_featured` tinyint unsigned NOT NULL DEFAULT '0',
  `order` tinyint unsigned NOT NULL DEFAULT '0',
  `image` varchar(255) CHARACTER SET utf8mb4 COLLATE utf8mb4_unicode_ci DEFAULT NULL,
  `user_id` int unsigned NOT NULL,
  `status` varchar(60) CHARACTER SET utf8mb4 COLLATE utf8mb4_unicode_ci NOT NULL DEFAULT 'published',
  `created_at` timestamp NULL DEFAULT NULL,
  `updated_at` timestamp NULL DEFAULT NULL,
  PRIMARY KEY (`id`),
  KEY `galleries_user_id_index` (`user_id`)
) ENGINE=InnoDB AUTO_INCREMENT=7 DEFAULT CHARSET=utf8mb4 COLLATE=utf8mb4_unicode_ci;

--
-- Dumping data for table `galleries`
--

INSERT INTO `galleries` VALUES (1,'Men','Aut ut quaerat culpa aut nesciunt facilis porro. Ut qui libero saepe consequatur. Non eaque ipsam incidunt quaerat.',1,0,'galleries/1.jpg',1,'published','2022-01-03 21:19:41','2022-01-03 21:19:41'),(2,'Women','Minima dolorum iste dolorum eveniet in debitis. Et nihil autem delectus quia voluptatem maiores.',1,0,'galleries/2.jpg',1,'published','2022-01-03 21:19:41','2022-01-03 21:19:41'),(3,'Accessories','Quia temporibus enim modi esse. Tempore est nihil quae laborum reprehenderit qui error. Dolorum sunt sint eum velit itaque blanditiis est.',1,0,'galleries/3.jpg',1,'published','2022-01-03 21:19:41','2022-01-03 21:19:41'),(4,'Shoes','Cumque qui modi adipisci et delectus. Labore deleniti harum sint architecto eos excepturi. Nostrum occaecati distinctio suscipit tempora.',1,0,'galleries/4.jpg',1,'published','2022-01-03 21:19:41','2022-01-03 21:19:41'),(5,'Denim','Sint qui perspiciatis ex vero fuga. Odio repellat consequatur sunt distinctio dolorem odit. Qui ipsam unde exercitationem omnis quas similique.',1,0,'galleries/5.jpg',1,'published','2022-01-03 21:19:41','2022-01-03 21:19:41'),(6,'Dress','Nihil adipisci quia sed dolorem. Qui sed nulla nam enim deserunt laboriosam aspernatur. Illum sequi id ea.',1,0,'galleries/6.jpg',1,'published','2022-01-03 21:19:41','2022-01-03 21:19:41');

--
-- Table structure for table `galleries_translations`
--

CREATE TABLE `galleries_translations` (
  `lang_code` varchar(191) CHARACTER SET utf8mb4 COLLATE utf8mb4_unicode_ci NOT NULL,
  `galleries_id` int NOT NULL,
  `name` varchar(255) CHARACTER SET utf8mb4 COLLATE utf8mb4_unicode_ci DEFAULT NULL,
  `description` longtext CHARACTER SET utf8mb4 COLLATE utf8mb4_unicode_ci,
  PRIMARY KEY (`lang_code`,`galleries_id`)
) ENGINE=InnoDB DEFAULT CHARSET=utf8mb4 COLLATE=utf8mb4_unicode_ci;

--
-- Dumping data for table `galleries_translations`
--

INSERT INTO `galleries_translations` VALUES ('vi',1,'Thời trang nam',NULL),('vi',2,'Thời trang nữ',NULL),('vi',3,'Phụ kiện',NULL),('vi',4,'Giày dép',NULL),('vi',5,'Denim',NULL),('vi',6,'Quần áo',NULL);

--
-- Table structure for table `gallery_meta`
--

CREATE TABLE `gallery_meta` (
  `id` bigint unsigned NOT NULL AUTO_INCREMENT,
  `images` text CHARACTER SET utf8mb4 COLLATE utf8mb4_unicode_ci,
  `reference_id` int unsigned NOT NULL,
  `reference_type` varchar(120) CHARACTER SET utf8mb4 COLLATE utf8mb4_unicode_ci NOT NULL,
  `created_at` timestamp NULL DEFAULT NULL,
  `updated_at` timestamp NULL DEFAULT NULL,
  PRIMARY KEY (`id`),
  KEY `gallery_meta_reference_id_index` (`reference_id`)
) ENGINE=InnoDB AUTO_INCREMENT=7 DEFAULT CHARSET=utf8mb4 COLLATE=utf8mb4_unicode_ci;

--
-- Dumping data for table `gallery_meta`
--

INSERT INTO `gallery_meta` VALUES (1,'[{\"img\":\"galleries\\/1.jpg\",\"description\":\"Et consequatur odio totam in. Inventore magni sint tenetur possimus. Magni sed corporis rerum et. Sunt molestiae nobis eum quam dolor voluptatem.\"},{\"img\":\"galleries\\/2.jpg\",\"description\":\"Ut quia quaerat non. Beatae et voluptatem soluta dignissimos.\"},{\"img\":\"galleries\\/3.jpg\",\"description\":\"Quis culpa omnis ut voluptas. Laboriosam eos aut iusto sit. Vel quaerat consequuntur nihil eos illo.\"},{\"img\":\"galleries\\/4.jpg\",\"description\":\"Dolor dolores dolorem sit. Commodi magnam aspernatur nulla sed. Architecto dolor ut quibusdam. Enim enim libero aliquid aliquam voluptas esse.\"},{\"img\":\"galleries\\/5.jpg\",\"description\":\"Sit maiores et earum saepe. Quo omnis pariatur architecto voluptatibus ad iusto atque quisquam.\"},{\"img\":\"galleries\\/6.jpg\",\"description\":\"Reiciendis enim quisquam aspernatur a consequatur et porro hic. Rem aliquam distinctio et dignissimos qui blanditiis.\"},{\"img\":\"galleries\\/7.jpg\",\"description\":\"Eligendi tempore aut nulla quod dicta. Harum perspiciatis alias aut ex nesciunt minus.\"},{\"img\":\"galleries\\/8.jpg\",\"description\":\"Magnam sint exercitationem doloribus. Et optio rerum tempore. Dolorem cumque perspiciatis qui aut.\"},{\"img\":\"galleries\\/9.jpg\",\"description\":\"Animi nulla laudantium hic distinctio ab explicabo maiores. Rerum quia eos quaerat veniam aut tenetur eos. Id in iste quas ea voluptate fugit.\"},{\"img\":\"galleries\\/10.jpg\",\"description\":\"Vel rerum sed autem et omnis repudiandae. Eius enim in ex. Laudantium delectus pariatur nostrum autem est quam harum.\"}]',1,'Botble\\Gallery\\Models\\Gallery','2022-01-03 21:19:41','2022-01-03 21:19:41'),(2,'[{\"img\":\"galleries\\/1.jpg\",\"description\":\"Et consequatur odio totam in. Inventore magni sint tenetur possimus. Magni sed corporis rerum et. Sunt molestiae nobis eum quam dolor voluptatem.\"},{\"img\":\"galleries\\/2.jpg\",\"description\":\"Ut quia quaerat non. Beatae et voluptatem soluta dignissimos.\"},{\"img\":\"galleries\\/3.jpg\",\"description\":\"Quis culpa omnis ut voluptas. Laboriosam eos aut iusto sit. Vel quaerat consequuntur nihil eos illo.\"},{\"img\":\"galleries\\/4.jpg\",\"description\":\"Dolor dolores dolorem sit. Commodi magnam aspernatur nulla sed. Architecto dolor ut quibusdam. Enim enim libero aliquid aliquam voluptas esse.\"},{\"img\":\"galleries\\/5.jpg\",\"description\":\"Sit maiores et earum saepe. Quo omnis pariatur architecto voluptatibus ad iusto atque quisquam.\"},{\"img\":\"galleries\\/6.jpg\",\"description\":\"Reiciendis enim quisquam aspernatur a consequatur et porro hic. Rem aliquam distinctio et dignissimos qui blanditiis.\"},{\"img\":\"galleries\\/7.jpg\",\"description\":\"Eligendi tempore aut nulla quod dicta. Harum perspiciatis alias aut ex nesciunt minus.\"},{\"img\":\"galleries\\/8.jpg\",\"description\":\"Magnam sint exercitationem doloribus. Et optio rerum tempore. Dolorem cumque perspiciatis qui aut.\"},{\"img\":\"galleries\\/9.jpg\",\"description\":\"Animi nulla laudantium hic distinctio ab explicabo maiores. Rerum quia eos quaerat veniam aut tenetur eos. Id in iste quas ea voluptate fugit.\"},{\"img\":\"galleries\\/10.jpg\",\"description\":\"Vel rerum sed autem et omnis repudiandae. Eius enim in ex. Laudantium delectus pariatur nostrum autem est quam harum.\"}]',2,'Botble\\Gallery\\Models\\Gallery','2022-01-03 21:19:41','2022-01-03 21:19:41'),(3,'[{\"img\":\"galleries\\/1.jpg\",\"description\":\"Et consequatur odio totam in. Inventore magni sint tenetur possimus. Magni sed corporis rerum et. Sunt molestiae nobis eum quam dolor voluptatem.\"},{\"img\":\"galleries\\/2.jpg\",\"description\":\"Ut quia quaerat non. Beatae et voluptatem soluta dignissimos.\"},{\"img\":\"galleries\\/3.jpg\",\"description\":\"Quis culpa omnis ut voluptas. Laboriosam eos aut iusto sit. Vel quaerat consequuntur nihil eos illo.\"},{\"img\":\"galleries\\/4.jpg\",\"description\":\"Dolor dolores dolorem sit. Commodi magnam aspernatur nulla sed. Architecto dolor ut quibusdam. Enim enim libero aliquid aliquam voluptas esse.\"},{\"img\":\"galleries\\/5.jpg\",\"description\":\"Sit maiores et earum saepe. Quo omnis pariatur architecto voluptatibus ad iusto atque quisquam.\"},{\"img\":\"galleries\\/6.jpg\",\"description\":\"Reiciendis enim quisquam aspernatur a consequatur et porro hic. Rem aliquam distinctio et dignissimos qui blanditiis.\"},{\"img\":\"galleries\\/7.jpg\",\"description\":\"Eligendi tempore aut nulla quod dicta. Harum perspiciatis alias aut ex nesciunt minus.\"},{\"img\":\"galleries\\/8.jpg\",\"description\":\"Magnam sint exercitationem doloribus. Et optio rerum tempore. Dolorem cumque perspiciatis qui aut.\"},{\"img\":\"galleries\\/9.jpg\",\"description\":\"Animi nulla laudantium hic distinctio ab explicabo maiores. Rerum quia eos quaerat veniam aut tenetur eos. Id in iste quas ea voluptate fugit.\"},{\"img\":\"galleries\\/10.jpg\",\"description\":\"Vel rerum sed autem et omnis repudiandae. Eius enim in ex. Laudantium delectus pariatur nostrum autem est quam harum.\"}]',3,'Botble\\Gallery\\Models\\Gallery','2022-01-03 21:19:41','2022-01-03 21:19:41'),(4,'[{\"img\":\"galleries\\/1.jpg\",\"description\":\"Et consequatur odio totam in. Inventore magni sint tenetur possimus. Magni sed corporis rerum et. Sunt molestiae nobis eum quam dolor voluptatem.\"},{\"img\":\"galleries\\/2.jpg\",\"description\":\"Ut quia quaerat non. Beatae et voluptatem soluta dignissimos.\"},{\"img\":\"galleries\\/3.jpg\",\"description\":\"Quis culpa omnis ut voluptas. Laboriosam eos aut iusto sit. Vel quaerat consequuntur nihil eos illo.\"},{\"img\":\"galleries\\/4.jpg\",\"description\":\"Dolor dolores dolorem sit. Commodi magnam aspernatur nulla sed. Architecto dolor ut quibusdam. Enim enim libero aliquid aliquam voluptas esse.\"},{\"img\":\"galleries\\/5.jpg\",\"description\":\"Sit maiores et earum saepe. Quo omnis pariatur architecto voluptatibus ad iusto atque quisquam.\"},{\"img\":\"galleries\\/6.jpg\",\"description\":\"Reiciendis enim quisquam aspernatur a consequatur et porro hic. Rem aliquam distinctio et dignissimos qui blanditiis.\"},{\"img\":\"galleries\\/7.jpg\",\"description\":\"Eligendi tempore aut nulla quod dicta. Harum perspiciatis alias aut ex nesciunt minus.\"},{\"img\":\"galleries\\/8.jpg\",\"description\":\"Magnam sint exercitationem doloribus. Et optio rerum tempore. Dolorem cumque perspiciatis qui aut.\"},{\"img\":\"galleries\\/9.jpg\",\"description\":\"Animi nulla laudantium hic distinctio ab explicabo maiores. Rerum quia eos quaerat veniam aut tenetur eos. Id in iste quas ea voluptate fugit.\"},{\"img\":\"galleries\\/10.jpg\",\"description\":\"Vel rerum sed autem et omnis repudiandae. Eius enim in ex. Laudantium delectus pariatur nostrum autem est quam harum.\"}]',4,'Botble\\Gallery\\Models\\Gallery','2022-01-03 21:19:41','2022-01-03 21:19:41'),(5,'[{\"img\":\"galleries\\/1.jpg\",\"description\":\"Et consequatur odio totam in. Inventore magni sint tenetur possimus. Magni sed corporis rerum et. Sunt molestiae nobis eum quam dolor voluptatem.\"},{\"img\":\"galleries\\/2.jpg\",\"description\":\"Ut quia quaerat non. Beatae et voluptatem soluta dignissimos.\"},{\"img\":\"galleries\\/3.jpg\",\"description\":\"Quis culpa omnis ut voluptas. Laboriosam eos aut iusto sit. Vel quaerat consequuntur nihil eos illo.\"},{\"img\":\"galleries\\/4.jpg\",\"description\":\"Dolor dolores dolorem sit. Commodi magnam aspernatur nulla sed. Architecto dolor ut quibusdam. Enim enim libero aliquid aliquam voluptas esse.\"},{\"img\":\"galleries\\/5.jpg\",\"description\":\"Sit maiores et earum saepe. Quo omnis pariatur architecto voluptatibus ad iusto atque quisquam.\"},{\"img\":\"galleries\\/6.jpg\",\"description\":\"Reiciendis enim quisquam aspernatur a consequatur et porro hic. Rem aliquam distinctio et dignissimos qui blanditiis.\"},{\"img\":\"galleries\\/7.jpg\",\"description\":\"Eligendi tempore aut nulla quod dicta. Harum perspiciatis alias aut ex nesciunt minus.\"},{\"img\":\"galleries\\/8.jpg\",\"description\":\"Magnam sint exercitationem doloribus. Et optio rerum tempore. Dolorem cumque perspiciatis qui aut.\"},{\"img\":\"galleries\\/9.jpg\",\"description\":\"Animi nulla laudantium hic distinctio ab explicabo maiores. Rerum quia eos quaerat veniam aut tenetur eos. Id in iste quas ea voluptate fugit.\"},{\"img\":\"galleries\\/10.jpg\",\"description\":\"Vel rerum sed autem et omnis repudiandae. Eius enim in ex. Laudantium delectus pariatur nostrum autem est quam harum.\"}]',5,'Botble\\Gallery\\Models\\Gallery','2022-01-03 21:19:41','2022-01-03 21:19:41'),(6,'[{\"img\":\"galleries\\/1.jpg\",\"description\":\"Et consequatur odio totam in. Inventore magni sint tenetur possimus. Magni sed corporis rerum et. Sunt molestiae nobis eum quam dolor voluptatem.\"},{\"img\":\"galleries\\/2.jpg\",\"description\":\"Ut quia quaerat non. Beatae et voluptatem soluta dignissimos.\"},{\"img\":\"galleries\\/3.jpg\",\"description\":\"Quis culpa omnis ut voluptas. Laboriosam eos aut iusto sit. Vel quaerat consequuntur nihil eos illo.\"},{\"img\":\"galleries\\/4.jpg\",\"description\":\"Dolor dolores dolorem sit. Commodi magnam aspernatur nulla sed. Architecto dolor ut quibusdam. Enim enim libero aliquid aliquam voluptas esse.\"},{\"img\":\"galleries\\/5.jpg\",\"description\":\"Sit maiores et earum saepe. Quo omnis pariatur architecto voluptatibus ad iusto atque quisquam.\"},{\"img\":\"galleries\\/6.jpg\",\"description\":\"Reiciendis enim quisquam aspernatur a consequatur et porro hic. Rem aliquam distinctio et dignissimos qui blanditiis.\"},{\"img\":\"galleries\\/7.jpg\",\"description\":\"Eligendi tempore aut nulla quod dicta. Harum perspiciatis alias aut ex nesciunt minus.\"},{\"img\":\"galleries\\/8.jpg\",\"description\":\"Magnam sint exercitationem doloribus. Et optio rerum tempore. Dolorem cumque perspiciatis qui aut.\"},{\"img\":\"galleries\\/9.jpg\",\"description\":\"Animi nulla laudantium hic distinctio ab explicabo maiores. Rerum quia eos quaerat veniam aut tenetur eos. Id in iste quas ea voluptate fugit.\"},{\"img\":\"galleries\\/10.jpg\",\"description\":\"Vel rerum sed autem et omnis repudiandae. Eius enim in ex. Laudantium delectus pariatur nostrum autem est quam harum.\"}]',6,'Botble\\Gallery\\Models\\Gallery','2022-01-03 21:19:41','2022-01-03 21:19:41');

--
-- Table structure for table `jobs`
--

CREATE TABLE `jobs` (
  `id` bigint unsigned NOT NULL AUTO_INCREMENT,
  `queue` varchar(191) CHARACTER SET utf8mb4 COLLATE utf8mb4_unicode_ci NOT NULL,
  `payload` longtext CHARACTER SET utf8mb4 COLLATE utf8mb4_unicode_ci NOT NULL,
  `attempts` tinyint unsigned NOT NULL,
  `reserved_at` int unsigned DEFAULT NULL,
  `available_at` int unsigned NOT NULL,
  `created_at` int unsigned NOT NULL,
  PRIMARY KEY (`id`),
  KEY `jobs_queue_index` (`queue`)
) ENGINE=InnoDB DEFAULT CHARSET=utf8mb4 COLLATE=utf8mb4_unicode_ci;

--
-- Dumping data for table `jobs`
--


--
-- Table structure for table `language_meta`
--

CREATE TABLE `language_meta` (
  `lang_meta_id` int unsigned NOT NULL AUTO_INCREMENT,
  `lang_meta_code` text CHARACTER SET utf8mb4 COLLATE utf8mb4_unicode_ci,
  `lang_meta_origin` varchar(255) CHARACTER SET utf8mb4 COLLATE utf8mb4_unicode_ci NOT NULL,
  `reference_id` int unsigned NOT NULL,
  `reference_type` varchar(120) CHARACTER SET utf8mb4 COLLATE utf8mb4_unicode_ci NOT NULL,
  PRIMARY KEY (`lang_meta_id`),
  KEY `language_meta_reference_id_index` (`reference_id`)
) ENGINE=InnoDB AUTO_INCREMENT=9 DEFAULT CHARSET=utf8mb4 COLLATE=utf8mb4_unicode_ci;

--
-- Dumping data for table `language_meta`
--

INSERT INTO `language_meta` VALUES (1,'en_US','af7ebb6beecc1d667b9f4789bec694d7',1,'Botble\\SimpleSlider\\Models\\SimpleSlider'),(2,'vi','af7ebb6beecc1d667b9f4789bec694d7',2,'Botble\\SimpleSlider\\Models\\SimpleSlider'),(3,'en_US','ea22a01ef6a0c23deb9535a8afb2409c',1,'Botble\\Menu\\Models\\MenuLocation'),(4,'en_US','2a3f17eb2de3758d4748b276a30f75ae',1,'Botble\\Menu\\Models\\Menu'),(5,'en_US','1b3c262be90f7d69ac0ec336a9e411f8',2,'Botble\\Menu\\Models\\Menu'),(6,'vi','7c285a8d2356ca461452dc5b5e25adb9',2,'Botble\\Menu\\Models\\MenuLocation'),(7,'vi','2a3f17eb2de3758d4748b276a30f75ae',3,'Botble\\Menu\\Models\\Menu'),(8,'vi','1b3c262be90f7d69ac0ec336a9e411f8',4,'Botble\\Menu\\Models\\Menu');

--
-- Table structure for table `language_meta_backup`
--

CREATE TABLE `language_meta_backup` (
  `lang_meta_id` int unsigned NOT NULL AUTO_INCREMENT,
  `lang_meta_code` text CHARACTER SET utf8mb4 COLLATE utf8mb4_unicode_ci,
  `lang_meta_origin` varchar(255) CHARACTER SET utf8mb4 COLLATE utf8mb4_unicode_ci NOT NULL,
  `reference_id` int unsigned NOT NULL,
  `reference_type` varchar(120) CHARACTER SET utf8mb4 COLLATE utf8mb4_unicode_ci NOT NULL,
  PRIMARY KEY (`lang_meta_id`),
  KEY `language_meta_reference_id_index` (`reference_id`)
) ENGINE=InnoDB DEFAULT CHARSET=utf8mb4 COLLATE=utf8mb4_unicode_ci;

--
-- Dumping data for table `language_meta_backup`
--


--
-- Table structure for table `languages`
--

CREATE TABLE `languages` (
  `lang_id` int unsigned NOT NULL AUTO_INCREMENT,
  `lang_name` varchar(120) CHARACTER SET utf8mb4 COLLATE utf8mb4_unicode_ci NOT NULL,
  `lang_locale` varchar(20) CHARACTER SET utf8mb4 COLLATE utf8mb4_unicode_ci NOT NULL,
  `lang_code` varchar(20) CHARACTER SET utf8mb4 COLLATE utf8mb4_unicode_ci NOT NULL,
  `lang_flag` varchar(20) CHARACTER SET utf8mb4 COLLATE utf8mb4_unicode_ci DEFAULT NULL,
  `lang_is_default` tinyint unsigned NOT NULL DEFAULT '0',
  `lang_order` int NOT NULL DEFAULT '0',
  `lang_is_rtl` tinyint unsigned NOT NULL DEFAULT '0',
  PRIMARY KEY (`lang_id`)
) ENGINE=InnoDB AUTO_INCREMENT=3 DEFAULT CHARSET=utf8mb4 COLLATE=utf8mb4_unicode_ci;

--
-- Dumping data for table `languages`
--

INSERT INTO `languages` VALUES (1,'English','en','en_US','us',1,0,0),(2,'Tiếng Việt','vi','vi','vn',0,0,0);

--
-- Table structure for table `media_files`
--

CREATE TABLE `media_files` (
  `id` bigint unsigned NOT NULL AUTO_INCREMENT,
  `user_id` int unsigned NOT NULL,
  `name` varchar(255) CHARACTER SET utf8mb4 COLLATE utf8mb4_unicode_ci NOT NULL,
  `folder_id` int unsigned NOT NULL DEFAULT '0',
  `mime_type` varchar(120) CHARACTER SET utf8mb4 COLLATE utf8mb4_unicode_ci NOT NULL,
  `size` int NOT NULL,
  `url` varchar(255) CHARACTER SET utf8mb4 COLLATE utf8mb4_unicode_ci NOT NULL,
  `options` text CHARACTER SET utf8mb4 COLLATE utf8mb4_unicode_ci,
  `created_at` timestamp NULL DEFAULT NULL,
  `updated_at` timestamp NULL DEFAULT NULL,
  `deleted_at` timestamp NULL DEFAULT NULL,
  PRIMARY KEY (`id`),
  KEY `media_files_user_id_index` (`user_id`),
  KEY `media_files_folder_id_user_id_created_at_index` (`folder_id`,`user_id`,`created_at`)
) ENGINE=InnoDB AUTO_INCREMENT=101 DEFAULT CHARSET=utf8mb4 COLLATE=utf8mb4_unicode_ci;

--
-- Dumping data for table `media_files`
--

INSERT INTO `media_files` VALUES (1,0,'1',1,'image/png',3509,'brands/1.png','[]','2022-01-03 21:19:19','2022-01-03 21:19:19',NULL),(2,0,'2',1,'image/png',3505,'brands/2.png','[]','2022-01-03 21:19:19','2022-01-03 21:19:19',NULL),(3,0,'3',1,'image/png',2585,'brands/3.png','[]','2022-01-03 21:19:19','2022-01-03 21:19:19',NULL),(4,0,'4',1,'image/png',6427,'brands/4.png','[]','2022-01-03 21:19:20','2022-01-03 21:19:20',NULL),(5,0,'5',1,'image/png',3246,'brands/5.png','[]','2022-01-03 21:19:20','2022-01-03 21:19:20',NULL),(6,0,'6',1,'image/png',3276,'brands/6.png','[]','2022-01-03 21:19:20','2022-01-03 21:19:20',NULL),(7,0,'7',1,'image/png',3120,'brands/7.png','[]','2022-01-03 21:19:20','2022-01-03 21:19:20',NULL),(8,0,'1',2,'image/png',21674,'product-categories/1.png','[]','2022-01-03 21:19:20','2022-01-03 21:19:20',NULL),(9,0,'2',2,'image/png',22406,'product-categories/2.png','[]','2022-01-03 21:19:20','2022-01-03 21:19:20',NULL),(10,0,'3',2,'image/png',23795,'product-categories/3.png','[]','2022-01-03 21:19:20','2022-01-03 21:19:20',NULL),(11,0,'4',2,'image/png',29386,'product-categories/4.png','[]','2022-01-03 21:19:21','2022-01-03 21:19:21',NULL),(12,0,'5',2,'image/png',28764,'product-categories/5.png','[]','2022-01-03 21:19:21','2022-01-03 21:19:21',NULL),(13,0,'6',2,'image/png',24529,'product-categories/6.png','[]','2022-01-03 21:19:21','2022-01-03 21:19:21',NULL),(14,0,'7',2,'image/png',26121,'product-categories/7.png','[]','2022-01-03 21:19:21','2022-01-03 21:19:21',NULL),(15,0,'1',3,'image/jpeg',134711,'product-collections/1.jpg','[]','2022-01-03 21:19:21','2022-01-03 21:19:21',NULL),(16,0,'2',3,'image/jpeg',9190,'product-collections/2.jpg','[]','2022-01-03 21:19:22','2022-01-03 21:19:22',NULL),(17,0,'3',3,'image/jpeg',67348,'product-collections/3.jpg','[]','2022-01-03 21:19:22','2022-01-03 21:19:22',NULL),(18,0,'4',3,'image/jpeg',21888,'product-collections/4.jpg','[]','2022-01-03 21:19:22','2022-01-03 21:19:22',NULL),(19,0,'1-1',4,'image/jpeg',35414,'products/1-1.jpg','[]','2022-01-03 21:19:22','2022-01-03 21:19:22',NULL),(20,0,'1',4,'image/jpeg',40289,'products/1.jpg','[]','2022-01-03 21:19:23','2022-01-03 21:19:23',NULL),(21,0,'10-1',4,'image/jpeg',125726,'products/10-1.jpg','[]','2022-01-03 21:19:23','2022-01-03 21:19:23',NULL),(22,0,'10-2',4,'image/jpeg',217925,'products/10-2.jpg','[]','2022-01-03 21:19:23','2022-01-03 21:19:23',NULL),(23,0,'10',4,'image/jpeg',115491,'products/10.jpg','[]','2022-01-03 21:19:23','2022-01-03 21:19:23',NULL),(24,0,'11',4,'image/jpeg',98441,'products/11.jpg','[]','2022-01-03 21:19:23','2022-01-03 21:19:23',NULL),(25,0,'2-1',4,'image/jpeg',68052,'products/2-1.jpg','[]','2022-01-03 21:19:24','2022-01-03 21:19:24',NULL),(26,0,'2-2',4,'image/jpeg',61214,'products/2-2.jpg','[]','2022-01-03 21:19:24','2022-01-03 21:19:24',NULL),(27,0,'2-3',4,'image/jpeg',69617,'products/2-3.jpg','[]','2022-01-03 21:19:24','2022-01-03 21:19:24',NULL),(28,0,'2',4,'image/jpeg',58637,'products/2.jpg','[]','2022-01-03 21:19:25','2022-01-03 21:19:25',NULL),(29,0,'3-1',4,'image/jpeg',56238,'products/3-1.jpg','[]','2022-01-03 21:19:25','2022-01-03 21:19:25',NULL),(30,0,'3-2',4,'image/jpeg',72882,'products/3-2.jpg','[]','2022-01-03 21:19:26','2022-01-03 21:19:26',NULL),(31,0,'3-3',4,'image/jpeg',62320,'products/3-3.jpg','[]','2022-01-03 21:19:26','2022-01-03 21:19:26',NULL),(32,0,'3',4,'image/jpeg',76513,'products/3.jpg','[]','2022-01-03 21:19:27','2022-01-03 21:19:27',NULL),(33,0,'4-1',4,'image/jpeg',74366,'products/4-1.jpg','[]','2022-01-03 21:19:27','2022-01-03 21:19:27',NULL),(34,0,'4-2',4,'image/jpeg',98336,'products/4-2.jpg','[]','2022-01-03 21:19:27','2022-01-03 21:19:27',NULL),(35,0,'4',4,'image/jpeg',109441,'products/4.jpg','[]','2022-01-03 21:19:28','2022-01-03 21:19:28',NULL),(36,0,'5-1',4,'image/jpeg',136199,'products/5-1.jpg','[]','2022-01-03 21:19:28','2022-01-03 21:19:28',NULL),(37,0,'5-2',4,'image/jpeg',47358,'products/5-2.jpg','[]','2022-01-03 21:19:29','2022-01-03 21:19:29',NULL),(38,0,'5',4,'image/jpeg',114530,'products/5.jpg','[]','2022-01-03 21:19:29','2022-01-03 21:19:29',NULL),(39,0,'6-1',4,'image/jpeg',31704,'products/6-1.jpg','[]','2022-01-03 21:19:30','2022-01-03 21:19:30',NULL),(40,0,'6',4,'image/jpeg',31263,'products/6.jpg','[]','2022-01-03 21:19:30','2022-01-03 21:19:30',NULL),(41,0,'7-1',4,'image/jpeg',161029,'products/7-1.jpg','[]','2022-01-03 21:19:30','2022-01-03 21:19:30',NULL),(42,0,'7-2',4,'image/jpeg',121927,'products/7-2.jpg','[]','2022-01-03 21:19:30','2022-01-03 21:19:30',NULL),(43,0,'7',4,'image/jpeg',161543,'products/7.jpg','[]','2022-01-03 21:19:30','2022-01-03 21:19:30',NULL),(44,0,'8',4,'image/jpeg',191505,'products/8.jpg','[]','2022-01-03 21:19:31','2022-01-03 21:19:31',NULL),(45,0,'9',4,'image/jpeg',104416,'products/9.jpg','[]','2022-01-03 21:19:31','2022-01-03 21:19:31',NULL),(46,0,'1',5,'image/jpeg',11752,'customers/1.jpg','[]','2022-01-03 21:19:32','2022-01-03 21:19:32',NULL),(47,0,'10',5,'image/jpeg',27814,'customers/10.jpg','[]','2022-01-03 21:19:32','2022-01-03 21:19:32',NULL),(48,0,'2',5,'image/jpeg',19005,'customers/2.jpg','[]','2022-01-03 21:19:32','2022-01-03 21:19:32',NULL),(49,0,'3',5,'image/jpeg',20400,'customers/3.jpg','[]','2022-01-03 21:19:33','2022-01-03 21:19:33',NULL),(50,0,'4',5,'image/jpeg',26819,'customers/4.jpg','[]','2022-01-03 21:19:33','2022-01-03 21:19:33',NULL),(51,0,'5',5,'image/jpeg',14367,'customers/5.jpg','[]','2022-01-03 21:19:33','2022-01-03 21:19:33',NULL),(52,0,'6',5,'image/jpeg',12367,'customers/6.jpg','[]','2022-01-03 21:19:33','2022-01-03 21:19:33',NULL),(53,0,'7',5,'image/jpeg',20652,'customers/7.jpg','[]','2022-01-03 21:19:33','2022-01-03 21:19:33',NULL),(54,0,'8',5,'image/jpeg',21164,'customers/8.jpg','[]','2022-01-03 21:19:33','2022-01-03 21:19:33',NULL),(55,0,'9',5,'image/jpeg',6084,'customers/9.jpg','[]','2022-01-03 21:19:33','2022-01-03 21:19:33',NULL),(58,0,'1',7,'image/jpeg',709173,'sliders/1.jpg','[]','2022-01-03 21:19:35','2022-01-03 21:19:35',NULL),(59,0,'2',7,'image/jpeg',1019757,'sliders/2.jpg','[]','2022-01-03 21:19:36','2022-01-03 21:19:36',NULL),(60,0,'3',7,'image/jpeg',435599,'sliders/3.jpg','[]','2022-01-03 21:19:36','2022-01-03 21:19:36',NULL),(61,0,'1',8,'image/jpeg',82629,'news/1.jpg','[]','2022-01-03 21:19:37','2022-01-03 21:19:37',NULL),(62,0,'10',8,'image/jpeg',342651,'news/10.jpg','[]','2022-01-03 21:19:37','2022-01-03 21:19:37',NULL),(63,0,'11',8,'image/jpeg',296740,'news/11.jpg','[]','2022-01-03 21:19:37','2022-01-03 21:19:37',NULL),(64,0,'2',8,'image/jpeg',119904,'news/2.jpg','[]','2022-01-03 21:19:38','2022-01-03 21:19:38',NULL),(65,0,'3',8,'image/jpeg',89543,'news/3.jpg','[]','2022-01-03 21:19:38','2022-01-03 21:19:38',NULL),(66,0,'4',8,'image/jpeg',51573,'news/4.jpg','[]','2022-01-03 21:19:38','2022-01-03 21:19:38',NULL),(67,0,'5',8,'image/jpeg',41164,'news/5.jpg','[]','2022-01-03 21:19:38','2022-01-03 21:19:38',NULL),(68,0,'6',8,'image/jpeg',80696,'news/6.jpg','[]','2022-01-03 21:19:38','2022-01-03 21:19:38',NULL),(69,0,'7',8,'image/jpeg',904027,'news/7.jpg','[]','2022-01-03 21:19:38','2022-01-03 21:19:38',NULL),(70,0,'8',8,'image/jpeg',351088,'news/8.jpg','[]','2022-01-03 21:19:39','2022-01-03 21:19:39',NULL),(71,0,'9',8,'image/jpeg',353751,'news/9.jpg','[]','2022-01-03 21:19:39','2022-01-03 21:19:39',NULL),(72,0,'1',9,'image/jpeg',21423,'galleries/1.jpg','[]','2022-01-03 21:19:40','2022-01-03 21:19:40',NULL),(73,0,'2',9,'image/jpeg',19653,'galleries/2.jpg','[]','2022-01-03 21:19:40','2022-01-03 21:19:40',NULL),(74,0,'3',9,'image/jpeg',23552,'galleries/3.jpg','[]','2022-01-03 21:19:40','2022-01-03 21:19:40',NULL),(75,0,'4',9,'image/jpeg',23963,'galleries/4.jpg','[]','2022-01-03 21:19:41','2022-01-03 21:19:41',NULL),(76,0,'5',9,'image/jpeg',18512,'galleries/5.jpg','[]','2022-01-03 21:19:41','2022-01-03 21:19:41',NULL),(77,0,'6',9,'image/jpeg',24905,'galleries/6.jpg','[]','2022-01-03 21:19:41','2022-01-03 21:19:41',NULL),(78,0,'7',9,'image/jpeg',24935,'galleries/7.jpg','[]','2022-01-03 21:19:41','2022-01-03 21:19:41',NULL),(79,0,'8',9,'image/jpeg',21362,'galleries/8.jpg','[]','2022-01-03 21:19:41','2022-01-03 21:19:41',NULL),(80,0,'9',9,'image/jpeg',22307,'galleries/9.jpg','[]','2022-01-03 21:19:41','2022-01-03 21:19:41',NULL),(81,0,'favicon',10,'image/png',14500,'general/favicon.png','[]','2022-01-03 21:19:42','2022-01-03 21:19:42',NULL),(82,0,'logo-light',10,'image/png',35316,'general/logo-light.png','[]','2022-01-03 21:19:42','2022-01-03 21:19:42',NULL),(83,0,'logo',10,'image/png',41654,'general/logo.png','[]','2022-01-03 21:19:42','2022-01-03 21:19:42',NULL),(84,0,'open-graph-image',10,'image/png',580691,'general/open-graph-image.png','[]','2022-01-03 21:19:42','2022-01-03 21:19:42',NULL),(99,0,'1',18,'image/jpeg',62921,'flash-sales/1.jpg','[]','2022-04-20 19:55:17','2022-04-20 19:55:17',NULL),(100,0,'2',18,'image/jpeg',74131,'flash-sales/2.jpg','[]','2022-04-20 19:55:17','2022-04-20 19:55:17',NULL);

--
-- Table structure for table `media_folders`
--

CREATE TABLE `media_folders` (
  `id` bigint unsigned NOT NULL AUTO_INCREMENT,
  `user_id` int unsigned NOT NULL,
  `name` varchar(191) CHARACTER SET utf8mb4 COLLATE utf8mb4_unicode_ci DEFAULT NULL,
  `slug` varchar(191) CHARACTER SET utf8mb4 COLLATE utf8mb4_unicode_ci DEFAULT NULL,
  `parent_id` int NOT NULL DEFAULT '0',
  `created_at` timestamp NULL DEFAULT NULL,
  `updated_at` timestamp NULL DEFAULT NULL,
  `deleted_at` timestamp NULL DEFAULT NULL,
  PRIMARY KEY (`id`),
  KEY `media_folders_user_id_index` (`user_id`),
  KEY `media_folders_parent_id_user_id_created_at_index` (`parent_id`,`user_id`,`created_at`)
) ENGINE=InnoDB AUTO_INCREMENT=19 DEFAULT CHARSET=utf8mb4 COLLATE=utf8mb4_unicode_ci;

--
-- Dumping data for table `media_folders`
--

INSERT INTO `media_folders` VALUES (1,0,'brands','brands',0,'2022-01-03 21:19:19','2022-01-03 21:19:19',NULL),(2,0,'product-categories','product-categories',0,'2022-01-03 21:19:20','2022-01-03 21:19:20',NULL),(3,0,'product-collections','product-collections',0,'2022-01-03 21:19:21','2022-01-03 21:19:21',NULL),(4,0,'products','products',0,'2022-01-03 21:19:22','2022-01-03 21:19:22',NULL),(5,0,'customers','customers',0,'2022-01-03 21:19:32','2022-01-03 21:19:32',NULL),(7,0,'sliders','sliders',0,'2022-01-03 21:19:35','2022-01-03 21:19:35',NULL),(8,0,'news','news',0,'2022-01-03 21:19:37','2022-01-03 21:19:37',NULL),(9,0,'galleries','galleries',0,'2022-01-03 21:19:40','2022-01-03 21:19:40',NULL),(10,0,'general','general',0,'2022-01-03 21:19:42','2022-01-03 21:19:42',NULL),(18,0,'flash-sales','flash-sales',0,'2022-04-20 19:55:17','2022-04-20 19:55:17',NULL);

--
-- Table structure for table `media_settings`
--

CREATE TABLE `media_settings` (
  `id` bigint unsigned NOT NULL AUTO_INCREMENT,
  `key` varchar(120) CHARACTER SET utf8mb4 COLLATE utf8mb4_unicode_ci NOT NULL,
  `value` text CHARACTER SET utf8mb4 COLLATE utf8mb4_unicode_ci,
  `media_id` int DEFAULT NULL,
  `user_id` int DEFAULT NULL,
  `created_at` timestamp NULL DEFAULT NULL,
  `updated_at` timestamp NULL DEFAULT NULL,
  PRIMARY KEY (`id`)
) ENGINE=InnoDB DEFAULT CHARSET=utf8mb4 COLLATE=utf8mb4_unicode_ci;

--
-- Dumping data for table `media_settings`
--


--
-- Table structure for table `menu_locations`
--

CREATE TABLE `menu_locations` (
  `id` bigint unsigned NOT NULL AUTO_INCREMENT,
  `menu_id` int unsigned NOT NULL,
  `location` varchar(120) CHARACTER SET utf8mb4 COLLATE utf8mb4_unicode_ci NOT NULL,
  `created_at` timestamp NULL DEFAULT NULL,
  `updated_at` timestamp NULL DEFAULT NULL,
  PRIMARY KEY (`id`),
  KEY `menu_locations_menu_id_created_at_index` (`menu_id`,`created_at`)
) ENGINE=InnoDB AUTO_INCREMENT=3 DEFAULT CHARSET=utf8mb4 COLLATE=utf8mb4_unicode_ci;

--
-- Dumping data for table `menu_locations`
--

INSERT INTO `menu_locations` VALUES (1,1,'main-menu','2022-01-03 21:19:42','2022-01-03 21:19:42'),(2,3,'main-menu','2022-01-03 21:19:42','2022-01-03 21:19:42');

--
-- Table structure for table `menu_nodes`
--

CREATE TABLE `menu_nodes` (
  `id` bigint unsigned NOT NULL AUTO_INCREMENT,
  `menu_id` int unsigned NOT NULL,
  `parent_id` int unsigned NOT NULL DEFAULT '0',
  `reference_id` int unsigned DEFAULT NULL,
  `reference_type` varchar(255) CHARACTER SET utf8mb4 COLLATE utf8mb4_unicode_ci DEFAULT NULL,
  `url` varchar(120) CHARACTER SET utf8mb4 COLLATE utf8mb4_unicode_ci DEFAULT NULL,
  `icon_font` varchar(50) CHARACTER SET utf8mb4 COLLATE utf8mb4_unicode_ci DEFAULT NULL,
  `position` tinyint unsigned NOT NULL DEFAULT '0',
  `title` varchar(120) CHARACTER SET utf8mb4 COLLATE utf8mb4_unicode_ci DEFAULT NULL,
  `css_class` varchar(120) CHARACTER SET utf8mb4 COLLATE utf8mb4_unicode_ci DEFAULT NULL,
  `target` varchar(20) CHARACTER SET utf8mb4 COLLATE utf8mb4_unicode_ci NOT NULL DEFAULT '_self',
  `has_child` tinyint unsigned NOT NULL DEFAULT '0',
  `created_at` timestamp NULL DEFAULT NULL,
  `updated_at` timestamp NULL DEFAULT NULL,
  PRIMARY KEY (`id`),
  KEY `menu_nodes_menu_id_index` (`menu_id`),
  KEY `menu_nodes_parent_id_index` (`parent_id`),
  KEY `menu_nodes_index` (`parent_id`,`reference_id`,`reference_type`,`has_child`,`created_at`)
) ENGINE=InnoDB AUTO_INCREMENT=26 DEFAULT CHARSET=utf8mb4 COLLATE=utf8mb4_unicode_ci;

--
-- Dumping data for table `menu_nodes`
--

INSERT INTO `menu_nodes` VALUES (1,1,0,NULL,NULL,'/',NULL,0,'Home',NULL,'_self',0,'2022-01-03 21:19:42','2022-01-03 21:19:42'),(2,1,0,NULL,NULL,'/products',NULL,0,'Products',NULL,'_self',1,'2022-01-03 21:19:42','2022-01-03 21:19:42'),(3,1,2,1,'Botble\\Ecommerce\\Models\\ProductCategory','/product-categories/office-bags',NULL,0,'Woman wallet',NULL,'_self',0,'2022-01-03 21:19:42','2022-01-03 21:19:42'),(4,1,2,2,'Botble\\Ecommerce\\Models\\ProductCategory','/product-categories/hand-bag',NULL,0,'Office bags',NULL,'_self',0,'2022-01-03 21:19:42','2022-01-03 21:19:42'),(5,1,2,3,'Botble\\Ecommerce\\Models\\ProductCategory','/product-categories/woman',NULL,0,'Hand bag',NULL,'_self',0,'2022-01-03 21:19:42','2022-01-03 21:19:42'),(6,1,2,4,'Botble\\Ecommerce\\Models\\ProductCategory','/product-categories/woman-wallet',NULL,0,'Backpack',NULL,'_self',0,'2022-01-03 21:19:42','2022-01-03 21:19:42'),(7,1,0,2,'Botble\\Page\\Models\\Page','/blog',NULL,0,'Blog',NULL,'_self',0,'2022-01-03 21:19:42','2022-01-03 21:19:42'),(8,1,0,5,'Botble\\Page\\Models\\Page','/faqs',NULL,0,'FAQ',NULL,'_self',0,'2022-01-03 21:19:42','2022-01-03 21:19:42'),(9,1,0,3,'Botble\\Page\\Models\\Page','/contact',NULL,0,'Contact',NULL,'_self',0,'2022-01-03 21:19:42','2022-01-03 21:19:42'),(10,2,0,NULL,NULL,'/login',NULL,0,'Login',NULL,'_self',0,'2022-01-03 21:19:42','2022-01-03 21:19:42'),(11,2,0,NULL,NULL,'/register',NULL,0,'Register',NULL,'_self',0,'2022-01-03 21:19:42','2022-01-03 21:19:42'),(12,2,0,2,'Botble\\Page\\Models\\Page','/blog',NULL,0,'Blog',NULL,'_self',0,'2022-01-03 21:19:42','2022-01-03 21:19:42'),(13,2,0,3,'Botble\\Page\\Models\\Page','/contact',NULL,0,'Contact',NULL,'_self',0,'2022-01-03 21:19:42','2022-01-03 21:19:42'),(14,3,0,NULL,NULL,'/',NULL,0,'Trang chủ',NULL,'_self',0,'2022-01-03 21:19:42','2022-01-03 21:19:42'),(15,3,0,NULL,NULL,'/products',NULL,0,'Sản phẩm',NULL,'_self',1,'2022-01-03 21:19:42','2022-01-03 21:19:42'),(16,3,15,1,'Botble\\Ecommerce\\Models\\ProductCategory','/product-categories/office-bags',NULL,0,'Túi xách nữ',NULL,'_self',0,'2022-01-03 21:19:42','2022-01-03 21:19:42'),(17,3,15,2,'Botble\\Ecommerce\\Models\\ProductCategory','/product-categories/hand-bag',NULL,0,'Túi công sở',NULL,'_self',0,'2022-01-03 21:19:42','2022-01-03 21:19:42'),(18,3,15,3,'Botble\\Ecommerce\\Models\\ProductCategory','/product-categories/woman',NULL,0,'Ví cầm tay',NULL,'_self',0,'2022-01-03 21:19:42','2022-01-03 21:19:42'),(19,3,15,4,'Botble\\Ecommerce\\Models\\ProductCategory','/product-categories/woman-wallet',NULL,0,'Ba lô',NULL,'_self',0,'2022-01-03 21:19:42','2022-01-03 21:19:42'),(20,3,0,2,'Botble\\Page\\Models\\Page','/blog',NULL,0,'Tin tức',NULL,'_self',0,'2022-01-03 21:19:42','2022-01-03 21:19:42'),(21,3,0,3,'Botble\\Page\\Models\\Page','/contact',NULL,0,'Liên hệ',NULL,'_self',0,'2022-01-03 21:19:42','2022-01-03 21:19:42'),(22,4,0,NULL,NULL,'/login',NULL,0,'Đăng nhập',NULL,'_self',0,'2022-01-03 21:19:42','2022-01-03 21:19:42'),(23,4,0,NULL,NULL,'/register',NULL,0,'Đăng ký',NULL,'_self',0,'2022-01-03 21:19:42','2022-01-03 21:19:42'),(24,4,0,2,'Botble\\Page\\Models\\Page','/blog',NULL,0,'Tin tức',NULL,'_self',0,'2022-01-03 21:19:42','2022-01-03 21:19:42'),(25,4,0,3,'Botble\\Page\\Models\\Page','/contact',NULL,0,'Liên hệ',NULL,'_self',0,'2022-01-03 21:19:42','2022-01-03 21:19:42');

--
-- Table structure for table `menus`
--

CREATE TABLE `menus` (
  `id` bigint unsigned NOT NULL AUTO_INCREMENT,
  `name` varchar(120) CHARACTER SET utf8mb4 COLLATE utf8mb4_unicode_ci NOT NULL,
  `slug` varchar(120) CHARACTER SET utf8mb4 COLLATE utf8mb4_unicode_ci DEFAULT NULL,
  `status` varchar(60) CHARACTER SET utf8mb4 COLLATE utf8mb4_unicode_ci NOT NULL DEFAULT 'published',
  `created_at` timestamp NULL DEFAULT NULL,
  `updated_at` timestamp NULL DEFAULT NULL,
  PRIMARY KEY (`id`),
  UNIQUE KEY `menus_slug_unique` (`slug`)
) ENGINE=InnoDB AUTO_INCREMENT=5 DEFAULT CHARSET=utf8mb4 COLLATE=utf8mb4_unicode_ci;

--
-- Dumping data for table `menus`
--

INSERT INTO `menus` VALUES (1,'Main menu','main-menu','published','2022-01-03 21:19:42','2022-01-03 21:19:42'),(2,'Customer services','customer-services','published','2022-01-03 21:19:42','2022-01-03 21:19:42'),(3,'Menu chính','menu-chinh','published','2022-01-03 21:19:42','2022-01-03 21:19:42'),(4,'Dịch vụ khách hàng','dich-vu-khach-hang','published','2022-01-03 21:19:42','2022-01-03 21:19:42');

--
-- Table structure for table `meta_boxes`
--

CREATE TABLE `meta_boxes` (
  `id` bigint unsigned NOT NULL AUTO_INCREMENT,
  `meta_key` varchar(255) CHARACTER SET utf8mb4 COLLATE utf8mb4_unicode_ci NOT NULL,
  `meta_value` text CHARACTER SET utf8mb4 COLLATE utf8mb4_unicode_ci,
  `reference_id` int unsigned NOT NULL,
  `reference_type` varchar(120) CHARACTER SET utf8mb4 COLLATE utf8mb4_unicode_ci NOT NULL,
  `created_at` timestamp NULL DEFAULT NULL,
  `updated_at` timestamp NULL DEFAULT NULL,
  PRIMARY KEY (`id`),
  KEY `meta_boxes_reference_id_index` (`reference_id`)
) ENGINE=InnoDB AUTO_INCREMENT=51 DEFAULT CHARSET=utf8mb4 COLLATE=utf8mb4_unicode_ci;

--
-- Dumping data for table `meta_boxes`
--

INSERT INTO `meta_boxes` VALUES (1,'faq_schema_config','[[[{\"key\":\"question\",\"value\":\"What Shipping Methods Are Available?\"},{\"key\":\"answer\",\"value\":\"Ex Portland Pitchfork irure mustache. Eutra fap before they sold out literally. Aliquip ugh bicycle rights actually mlkshk, seitan squid craft beer tempor.\"}],[{\"key\":\"question\",\"value\":\"Do You Ship Internationally?\"},{\"key\":\"answer\",\"value\":\"Hoodie tote bag mixtape tofu. Typewriter jean shorts wolf quinoa, messenger bag organic freegan cray.\"}],[{\"key\":\"question\",\"value\":\"How Long Will It Take To Get My Package?\"},{\"key\":\"answer\",\"value\":\"Swag slow-carb quinoa VHS typewriter pork belly brunch, paleo single-origin coffee Wes Anderson. Flexitarian Pitchfork forage, literally paleo fap pour-over. Wes Anderson Pinterest YOLO fanny pack meggings, deep v XOXO chambray sustainable slow-carb raw denim church-key fap chillwave Etsy. +1 typewriter kitsch, American Apparel tofu Banksy Vice.\"}],[{\"key\":\"question\",\"value\":\"What Payment Methods Are Accepted?\"},{\"key\":\"answer\",\"value\":\"Fashion axe DIY jean shorts, swag kale chips meh polaroid kogi butcher Wes Anderson chambray next level semiotics gentrify yr. Voluptate photo booth fugiat Vice. Austin sed Williamsburg, ea labore raw denim voluptate cred proident mixtape excepteur mustache. Twee chia photo booth readymade food truck, hoodie roof party swag keytar PBR DIY.\"}],[{\"key\":\"question\",\"value\":\"Is Buying On-Line Safe?\"},{\"key\":\"answer\",\"value\":\"Art party authentic freegan semiotics jean shorts chia cred. Neutra Austin roof party Brooklyn, synth Thundercats swag 8-bit photo booth. Plaid letterpress leggings craft beer meh ethical Pinterest.\"}]]]',1,'Botble\\Ecommerce\\Models\\Product','2022-01-03 21:19:32','2022-01-03 21:19:32'),(2,'faq_schema_config','[[[{\"key\":\"question\",\"value\":\"What Shipping Methods Are Available?\"},{\"key\":\"answer\",\"value\":\"Ex Portland Pitchfork irure mustache. Eutra fap before they sold out literally. Aliquip ugh bicycle rights actually mlkshk, seitan squid craft beer tempor.\"}],[{\"key\":\"question\",\"value\":\"Do You Ship Internationally?\"},{\"key\":\"answer\",\"value\":\"Hoodie tote bag mixtape tofu. Typewriter jean shorts wolf quinoa, messenger bag organic freegan cray.\"}],[{\"key\":\"question\",\"value\":\"How Long Will It Take To Get My Package?\"},{\"key\":\"answer\",\"value\":\"Swag slow-carb quinoa VHS typewriter pork belly brunch, paleo single-origin coffee Wes Anderson. Flexitarian Pitchfork forage, literally paleo fap pour-over. Wes Anderson Pinterest YOLO fanny pack meggings, deep v XOXO chambray sustainable slow-carb raw denim church-key fap chillwave Etsy. +1 typewriter kitsch, American Apparel tofu Banksy Vice.\"}],[{\"key\":\"question\",\"value\":\"What Payment Methods Are Accepted?\"},{\"key\":\"answer\",\"value\":\"Fashion axe DIY jean shorts, swag kale chips meh polaroid kogi butcher Wes Anderson chambray next level semiotics gentrify yr. Voluptate photo booth fugiat Vice. Austin sed Williamsburg, ea labore raw denim voluptate cred proident mixtape excepteur mustache. Twee chia photo booth readymade food truck, hoodie roof party swag keytar PBR DIY.\"}],[{\"key\":\"question\",\"value\":\"Is Buying On-Line Safe?\"},{\"key\":\"answer\",\"value\":\"Art party authentic freegan semiotics jean shorts chia cred. Neutra Austin roof party Brooklyn, synth Thundercats swag 8-bit photo booth. Plaid letterpress leggings craft beer meh ethical Pinterest.\"}]]]',2,'Botble\\Ecommerce\\Models\\Product','2022-01-03 21:19:32','2022-01-03 21:19:32'),(3,'faq_schema_config','[[[{\"key\":\"question\",\"value\":\"What Shipping Methods Are Available?\"},{\"key\":\"answer\",\"value\":\"Ex Portland Pitchfork irure mustache. Eutra fap before they sold out literally. Aliquip ugh bicycle rights actually mlkshk, seitan squid craft beer tempor.\"}],[{\"key\":\"question\",\"value\":\"Do You Ship Internationally?\"},{\"key\":\"answer\",\"value\":\"Hoodie tote bag mixtape tofu. Typewriter jean shorts wolf quinoa, messenger bag organic freegan cray.\"}],[{\"key\":\"question\",\"value\":\"How Long Will It Take To Get My Package?\"},{\"key\":\"answer\",\"value\":\"Swag slow-carb quinoa VHS typewriter pork belly brunch, paleo single-origin coffee Wes Anderson. Flexitarian Pitchfork forage, literally paleo fap pour-over. Wes Anderson Pinterest YOLO fanny pack meggings, deep v XOXO chambray sustainable slow-carb raw denim church-key fap chillwave Etsy. +1 typewriter kitsch, American Apparel tofu Banksy Vice.\"}],[{\"key\":\"question\",\"value\":\"What Payment Methods Are Accepted?\"},{\"key\":\"answer\",\"value\":\"Fashion axe DIY jean shorts, swag kale chips meh polaroid kogi butcher Wes Anderson chambray next level semiotics gentrify yr. Voluptate photo booth fugiat Vice. Austin sed Williamsburg, ea labore raw denim voluptate cred proident mixtape excepteur mustache. Twee chia photo booth readymade food truck, hoodie roof party swag keytar PBR DIY.\"}],[{\"key\":\"question\",\"value\":\"Is Buying On-Line Safe?\"},{\"key\":\"answer\",\"value\":\"Art party authentic freegan semiotics jean shorts chia cred. Neutra Austin roof party Brooklyn, synth Thundercats swag 8-bit photo booth. Plaid letterpress leggings craft beer meh ethical Pinterest.\"}]]]',3,'Botble\\Ecommerce\\Models\\Product','2022-01-03 21:19:32','2022-01-03 21:19:32'),(4,'faq_schema_config','[[[{\"key\":\"question\",\"value\":\"What Shipping Methods Are Available?\"},{\"key\":\"answer\",\"value\":\"Ex Portland Pitchfork irure mustache. Eutra fap before they sold out literally. Aliquip ugh bicycle rights actually mlkshk, seitan squid craft beer tempor.\"}],[{\"key\":\"question\",\"value\":\"Do You Ship Internationally?\"},{\"key\":\"answer\",\"value\":\"Hoodie tote bag mixtape tofu. Typewriter jean shorts wolf quinoa, messenger bag organic freegan cray.\"}],[{\"key\":\"question\",\"value\":\"How Long Will It Take To Get My Package?\"},{\"key\":\"answer\",\"value\":\"Swag slow-carb quinoa VHS typewriter pork belly brunch, paleo single-origin coffee Wes Anderson. Flexitarian Pitchfork forage, literally paleo fap pour-over. Wes Anderson Pinterest YOLO fanny pack meggings, deep v XOXO chambray sustainable slow-carb raw denim church-key fap chillwave Etsy. +1 typewriter kitsch, American Apparel tofu Banksy Vice.\"}],[{\"key\":\"question\",\"value\":\"What Payment Methods Are Accepted?\"},{\"key\":\"answer\",\"value\":\"Fashion axe DIY jean shorts, swag kale chips meh polaroid kogi butcher Wes Anderson chambray next level semiotics gentrify yr. Voluptate photo booth fugiat Vice. Austin sed Williamsburg, ea labore raw denim voluptate cred proident mixtape excepteur mustache. Twee chia photo booth readymade food truck, hoodie roof party swag keytar PBR DIY.\"}],[{\"key\":\"question\",\"value\":\"Is Buying On-Line Safe?\"},{\"key\":\"answer\",\"value\":\"Art party authentic freegan semiotics jean shorts chia cred. Neutra Austin roof party Brooklyn, synth Thundercats swag 8-bit photo booth. Plaid letterpress leggings craft beer meh ethical Pinterest.\"}]]]',4,'Botble\\Ecommerce\\Models\\Product','2022-01-03 21:19:32','2022-01-03 21:19:32'),(5,'faq_schema_config','[[[{\"key\":\"question\",\"value\":\"What Shipping Methods Are Available?\"},{\"key\":\"answer\",\"value\":\"Ex Portland Pitchfork irure mustache. Eutra fap before they sold out literally. Aliquip ugh bicycle rights actually mlkshk, seitan squid craft beer tempor.\"}],[{\"key\":\"question\",\"value\":\"Do You Ship Internationally?\"},{\"key\":\"answer\",\"value\":\"Hoodie tote bag mixtape tofu. Typewriter jean shorts wolf quinoa, messenger bag organic freegan cray.\"}],[{\"key\":\"question\",\"value\":\"How Long Will It Take To Get My Package?\"},{\"key\":\"answer\",\"value\":\"Swag slow-carb quinoa VHS typewriter pork belly brunch, paleo single-origin coffee Wes Anderson. Flexitarian Pitchfork forage, literally paleo fap pour-over. Wes Anderson Pinterest YOLO fanny pack meggings, deep v XOXO chambray sustainable slow-carb raw denim church-key fap chillwave Etsy. +1 typewriter kitsch, American Apparel tofu Banksy Vice.\"}],[{\"key\":\"question\",\"value\":\"What Payment Methods Are Accepted?\"},{\"key\":\"answer\",\"value\":\"Fashion axe DIY jean shorts, swag kale chips meh polaroid kogi butcher Wes Anderson chambray next level semiotics gentrify yr. Voluptate photo booth fugiat Vice. Austin sed Williamsburg, ea labore raw denim voluptate cred proident mixtape excepteur mustache. Twee chia photo booth readymade food truck, hoodie roof party swag keytar PBR DIY.\"}],[{\"key\":\"question\",\"value\":\"Is Buying On-Line Safe?\"},{\"key\":\"answer\",\"value\":\"Art party authentic freegan semiotics jean shorts chia cred. Neutra Austin roof party Brooklyn, synth Thundercats swag 8-bit photo booth. Plaid letterpress leggings craft beer meh ethical Pinterest.\"}]]]',5,'Botble\\Ecommerce\\Models\\Product','2022-01-03 21:19:32','2022-01-03 21:19:32'),(6,'faq_schema_config','[[[{\"key\":\"question\",\"value\":\"What Shipping Methods Are Available?\"},{\"key\":\"answer\",\"value\":\"Ex Portland Pitchfork irure mustache. Eutra fap before they sold out literally. Aliquip ugh bicycle rights actually mlkshk, seitan squid craft beer tempor.\"}],[{\"key\":\"question\",\"value\":\"Do You Ship Internationally?\"},{\"key\":\"answer\",\"value\":\"Hoodie tote bag mixtape tofu. Typewriter jean shorts wolf quinoa, messenger bag organic freegan cray.\"}],[{\"key\":\"question\",\"value\":\"How Long Will It Take To Get My Package?\"},{\"key\":\"answer\",\"value\":\"Swag slow-carb quinoa VHS typewriter pork belly brunch, paleo single-origin coffee Wes Anderson. Flexitarian Pitchfork forage, literally paleo fap pour-over. Wes Anderson Pinterest YOLO fanny pack meggings, deep v XOXO chambray sustainable slow-carb raw denim church-key fap chillwave Etsy. +1 typewriter kitsch, American Apparel tofu Banksy Vice.\"}],[{\"key\":\"question\",\"value\":\"What Payment Methods Are Accepted?\"},{\"key\":\"answer\",\"value\":\"Fashion axe DIY jean shorts, swag kale chips meh polaroid kogi butcher Wes Anderson chambray next level semiotics gentrify yr. Voluptate photo booth fugiat Vice. Austin sed Williamsburg, ea labore raw denim voluptate cred proident mixtape excepteur mustache. Twee chia photo booth readymade food truck, hoodie roof party swag keytar PBR DIY.\"}],[{\"key\":\"question\",\"value\":\"Is Buying On-Line Safe?\"},{\"key\":\"answer\",\"value\":\"Art party authentic freegan semiotics jean shorts chia cred. Neutra Austin roof party Brooklyn, synth Thundercats swag 8-bit photo booth. Plaid letterpress leggings craft beer meh ethical Pinterest.\"}]]]',6,'Botble\\Ecommerce\\Models\\Product','2022-01-03 21:19:32','2022-01-03 21:19:32'),(7,'faq_schema_config','[[[{\"key\":\"question\",\"value\":\"What Shipping Methods Are Available?\"},{\"key\":\"answer\",\"value\":\"Ex Portland Pitchfork irure mustache. Eutra fap before they sold out literally. Aliquip ugh bicycle rights actually mlkshk, seitan squid craft beer tempor.\"}],[{\"key\":\"question\",\"value\":\"Do You Ship Internationally?\"},{\"key\":\"answer\",\"value\":\"Hoodie tote bag mixtape tofu. Typewriter jean shorts wolf quinoa, messenger bag organic freegan cray.\"}],[{\"key\":\"question\",\"value\":\"How Long Will It Take To Get My Package?\"},{\"key\":\"answer\",\"value\":\"Swag slow-carb quinoa VHS typewriter pork belly brunch, paleo single-origin coffee Wes Anderson. Flexitarian Pitchfork forage, literally paleo fap pour-over. Wes Anderson Pinterest YOLO fanny pack meggings, deep v XOXO chambray sustainable slow-carb raw denim church-key fap chillwave Etsy. +1 typewriter kitsch, American Apparel tofu Banksy Vice.\"}],[{\"key\":\"question\",\"value\":\"What Payment Methods Are Accepted?\"},{\"key\":\"answer\",\"value\":\"Fashion axe DIY jean shorts, swag kale chips meh polaroid kogi butcher Wes Anderson chambray next level semiotics gentrify yr. Voluptate photo booth fugiat Vice. Austin sed Williamsburg, ea labore raw denim voluptate cred proident mixtape excepteur mustache. Twee chia photo booth readymade food truck, hoodie roof party swag keytar PBR DIY.\"}],[{\"key\":\"question\",\"value\":\"Is Buying On-Line Safe?\"},{\"key\":\"answer\",\"value\":\"Art party authentic freegan semiotics jean shorts chia cred. Neutra Austin roof party Brooklyn, synth Thundercats swag 8-bit photo booth. Plaid letterpress leggings craft beer meh ethical Pinterest.\"}]]]',7,'Botble\\Ecommerce\\Models\\Product','2022-01-03 21:19:32','2022-01-03 21:19:32'),(8,'faq_schema_config','[[[{\"key\":\"question\",\"value\":\"What Shipping Methods Are Available?\"},{\"key\":\"answer\",\"value\":\"Ex Portland Pitchfork irure mustache. Eutra fap before they sold out literally. Aliquip ugh bicycle rights actually mlkshk, seitan squid craft beer tempor.\"}],[{\"key\":\"question\",\"value\":\"Do You Ship Internationally?\"},{\"key\":\"answer\",\"value\":\"Hoodie tote bag mixtape tofu. Typewriter jean shorts wolf quinoa, messenger bag organic freegan cray.\"}],[{\"key\":\"question\",\"value\":\"How Long Will It Take To Get My Package?\"},{\"key\":\"answer\",\"value\":\"Swag slow-carb quinoa VHS typewriter pork belly brunch, paleo single-origin coffee Wes Anderson. Flexitarian Pitchfork forage, literally paleo fap pour-over. Wes Anderson Pinterest YOLO fanny pack meggings, deep v XOXO chambray sustainable slow-carb raw denim church-key fap chillwave Etsy. +1 typewriter kitsch, American Apparel tofu Banksy Vice.\"}],[{\"key\":\"question\",\"value\":\"What Payment Methods Are Accepted?\"},{\"key\":\"answer\",\"value\":\"Fashion axe DIY jean shorts, swag kale chips meh polaroid kogi butcher Wes Anderson chambray next level semiotics gentrify yr. Voluptate photo booth fugiat Vice. Austin sed Williamsburg, ea labore raw denim voluptate cred proident mixtape excepteur mustache. Twee chia photo booth readymade food truck, hoodie roof party swag keytar PBR DIY.\"}],[{\"key\":\"question\",\"value\":\"Is Buying On-Line Safe?\"},{\"key\":\"answer\",\"value\":\"Art party authentic freegan semiotics jean shorts chia cred. Neutra Austin roof party Brooklyn, synth Thundercats swag 8-bit photo booth. Plaid letterpress leggings craft beer meh ethical Pinterest.\"}]]]',8,'Botble\\Ecommerce\\Models\\Product','2022-01-03 21:19:32','2022-01-03 21:19:32'),(13,'button_text','[\"Shop now\"]',1,'Botble\\SimpleSlider\\Models\\SimpleSliderItem','2022-01-03 21:19:37','2022-01-03 21:19:37'),(14,'button_text','[\"Discover now\"]',2,'Botble\\SimpleSlider\\Models\\SimpleSliderItem','2022-01-03 21:19:37','2022-01-03 21:19:37'),(15,'button_text','[\"Shop now\"]',3,'Botble\\SimpleSlider\\Models\\SimpleSliderItem','2022-01-03 21:19:37','2022-01-03 21:19:37'),(16,'button_text','[\"Mua ngay\"]',4,'Botble\\SimpleSlider\\Models\\SimpleSliderItem','2022-01-03 21:19:37','2022-01-03 21:19:37'),(17,'button_text','[\"Kh\\u00e1m ph\\u00e1 ngay\"]',5,'Botble\\SimpleSlider\\Models\\SimpleSliderItem','2022-01-03 21:19:37','2022-01-03 21:19:37'),(18,'button_text','[\"Mua ngay\"]',6,'Botble\\SimpleSlider\\Models\\SimpleSliderItem','2022-01-03 21:19:37','2022-01-03 21:19:37'),(47,'image','[\"flash-sales\\/1.jpg\"]',1,'Botble\\Ecommerce\\Models\\FlashSale','2022-04-20 19:55:17','2022-04-20 19:55:17'),(48,'image','[\"flash-sales\\/2.jpg\"]',2,'Botble\\Ecommerce\\Models\\FlashSale','2022-04-20 19:55:17','2022-04-20 19:55:17'),(49,'vi_image','[\"flash-sales\\/1.jpg\"]',1,'Botble\\Ecommerce\\Models\\FlashSale','2022-04-20 19:55:17','2022-04-20 19:55:17'),(50,'vi_image','[\"flash-sales\\/2.jpg\"]',2,'Botble\\Ecommerce\\Models\\FlashSale','2022-04-20 19:55:17','2022-04-20 19:55:17');

--
-- Table structure for table `migrations`
--

CREATE TABLE `migrations` (
  `id` int unsigned NOT NULL AUTO_INCREMENT,
  `migration` varchar(191) CHARACTER SET utf8mb4 COLLATE utf8mb4_unicode_ci NOT NULL,
  `batch` int NOT NULL,
  PRIMARY KEY (`id`)
) ENGINE=InnoDB AUTO_INCREMENT=75 DEFAULT CHARSET=utf8mb4 COLLATE=utf8mb4_unicode_ci;

--
-- Dumping data for table `migrations`
--

INSERT INTO `migrations` VALUES (1,'2013_04_09_032329_create_base_tables',1),(2,'2013_04_09_062329_create_revisions_table',1),(3,'2014_10_12_000000_create_users_table',1),(4,'2014_10_12_100000_create_password_resets_table',1),(5,'2015_06_18_033822_create_blog_table',1),(6,'2015_06_29_025744_create_audit_history',1),(7,'2016_06_10_230148_create_acl_tables',1),(8,'2016_06_14_230857_create_menus_table',1),(9,'2016_06_17_091537_create_contacts_table',1),(10,'2016_06_28_221418_create_pages_table',1),(11,'2016_10_03_032336_create_languages_table',1),(12,'2016_10_05_074239_create_setting_table',1),(13,'2016_10_07_193005_create_translations_table',1),(14,'2016_10_13_150201_create_galleries_table',1),(15,'2016_11_28_032840_create_dashboard_widget_tables',1),(16,'2016_12_16_084601_create_widgets_table',1),(17,'2017_05_09_070343_create_media_tables',1),(18,'2017_05_18_080441_create_payment_tables',1),(19,'2017_07_11_140018_create_simple_slider_table',1),(20,'2017_10_24_154832_create_newsletter_table',1),(21,'2017_11_03_070450_create_slug_table',1),(22,'2018_07_09_221238_create_faq_table',1),(23,'2019_01_05_053554_create_jobs_table',1),(24,'2019_08_19_000000_create_failed_jobs_table',1),(25,'2020_03_05_041139_create_ecommerce_tables',1),(26,'2020_09_22_135635_update_taxes_table',1),(27,'2020_09_29_101006_add_views_into_ec_products_table',1),(28,'2020_10_01_152311_make_column_image_in_product_attributes_table_nullable',1),(29,'2020_10_06_073439_improve_ecommerce_database',1),(30,'2020_11_01_040415_update_table_ec_order_addresses',1),(31,'2020_11_04_091510_make_column_phone_in_order_addresses_nullable',1),(32,'2020_11_30_015801_update_table_ec_product_categories',1),(33,'2021_01_01_044147_ecommerce_create_flash_sale_table',1),(34,'2021_01_17_082713_add_column_is_featured_to_product_collections_table',1),(35,'2021_01_18_024333_add_zip_code_into_table_customer_addresses',1),(36,'2021_02_16_092633_remove_default_value_for_author_type',1),(37,'2021_02_18_073505_update_table_ec_reviews',1),(38,'2021_03_10_024419_add_column_confirmed_at_to_table_ec_customers',1),(39,'2021_03_10_025153_change_column_tax_amount',1),(40,'2021_03_20_033103_add_column_availability_to_table_ec_products',1),(41,'2021_03_27_144913_add_customer_type_into_table_payments',1),(42,'2021_04_28_074008_ecommerce_create_product_label_table',1),(43,'2021_05_24_034720_make_column_currency_nullable',1),(44,'2021_05_31_173037_ecommerce_create_ec_products_translations',1),(45,'2021_06_28_153141_correct_slugs_data',1),(46,'2021_08_09_161302_add_metadata_column_to_payments_table',1),(47,'2021_08_17_105016_remove_column_currency_id_in_some_tables',1),(48,'2021_08_30_142128_add_images_column_to_ec_reviews_table',1),(49,'2021_09_01_115151_remove_unused_fields_in_ec_products',1),(50,'2021_10_04_030050_add_column_created_by_to_table_ec_products',1),(51,'2021_10_05_122616_add_status_column_to_ec_customers_table',1),(52,'2021_10_19_020859_update_metadata_field',1),(53,'2021_10_25_021023_fix-priority-load-for-language-advanced',1),(54,'2021_11_03_025806_nullable_phone_number_in_ec_customer_addresses',1),(55,'2021_11_23_071403_correct_languages_for_product_variations',1),(56,'2021_11_28_031808_add_product_tags_translations',1),(57,'2021_12_01_031123_add_featured_image_to_ec_products',1),(58,'2021_12_03_030600_create_blog_translations',1),(59,'2021_12_03_075608_create_page_translations',1),(60,'2021_12_03_082134_create_faq_translations',1),(61,'2021_12_03_082953_create_gallery_translations',1),(62,'2021_12_26_024330_update_theme_options_social_links',1),(63,'2022_01_01_033107_update_table_ec_shipments',1),(64,'2019_11_18_061011_create_country_table',2),(65,'2021_12_03_084118_create_location_translations',2),(66,'2021_12_03_094518_migrate_old_location_data',2),(67,'2021_12_10_034440_switch_plugin_location_to_use_language_advanced',2),(68,'2022_01_16_085908_improve_plugin_location',2),(69,'2022_02_16_042457_improve_product_attribute_sets',3),(70,'2022_03_22_075758_correct_product_name',4),(71,'2022_04_19_113334_add_index_to_ec_products',5),(72,'2022_04_19_113923_add_index_to_table_posts',5),(73,'2022_04_20_100851_add_index_to_media_table',5),(74,'2022_04_20_101046_add_index_to_menu_table',5);

--
-- Table structure for table `newsletters`
--

CREATE TABLE `newsletters` (
  `id` bigint unsigned NOT NULL AUTO_INCREMENT,
  `email` varchar(120) CHARACTER SET utf8mb4 COLLATE utf8mb4_unicode_ci NOT NULL,
  `name` varchar(120) CHARACTER SET utf8mb4 COLLATE utf8mb4_unicode_ci DEFAULT NULL,
  `status` varchar(60) CHARACTER SET utf8mb4 COLLATE utf8mb4_unicode_ci NOT NULL DEFAULT 'subscribed',
  `created_at` timestamp NULL DEFAULT NULL,
  `updated_at` timestamp NULL DEFAULT NULL,
  PRIMARY KEY (`id`)
) ENGINE=InnoDB DEFAULT CHARSET=utf8mb4 COLLATE=utf8mb4_unicode_ci;

--
-- Dumping data for table `newsletters`
--


--
-- Table structure for table `pages`
--

CREATE TABLE `pages` (
  `id` bigint unsigned NOT NULL AUTO_INCREMENT,
  `name` varchar(120) CHARACTER SET utf8mb4 COLLATE utf8mb4_unicode_ci NOT NULL,
  `content` longtext CHARACTER SET utf8mb4 COLLATE utf8mb4_unicode_ci,
  `user_id` int NOT NULL,
  `image` varchar(255) CHARACTER SET utf8mb4 COLLATE utf8mb4_unicode_ci DEFAULT NULL,
  `template` varchar(60) CHARACTER SET utf8mb4 COLLATE utf8mb4_unicode_ci DEFAULT NULL,
  `is_featured` tinyint NOT NULL DEFAULT '0',
  `description` varchar(400) CHARACTER SET utf8mb4 COLLATE utf8mb4_unicode_ci DEFAULT NULL,
  `status` varchar(60) CHARACTER SET utf8mb4 COLLATE utf8mb4_unicode_ci NOT NULL DEFAULT 'published',
  `created_at` timestamp NULL DEFAULT NULL,
  `updated_at` timestamp NULL DEFAULT NULL,
  PRIMARY KEY (`id`)
) ENGINE=InnoDB AUTO_INCREMENT=6 DEFAULT CHARSET=utf8mb4 COLLATE=utf8mb4_unicode_ci;

--
-- Dumping data for table `pages`
--

INSERT INTO `pages` VALUES (1,'Homepage','<div>[simple-slider key=\"home-slider\"][/simple-slider]</div><div>[featured-product-categories title=\"Top Categories\" subtitle=\"Lorem ipsum dolor sit amet, consectetur adipiscing elit. Phasellus blandit massa enim Nullam nunc varius.\"][/featured-product-categories]</div><div>[product-collections title=\"A change of Season\" subtitle=\"Update your wardrobe with new seasonal trend\"][/product-collections]</div><div>[flash-sale title=\"Deal of the day\" subtitle=\"Best Deals For You\" show_popup=\"yes\"][/flash-sale]</div><div>[featured-products title=\"Our Picks For You\" subtitle=\"Always find the best ways for you\" limit=\"8\"][/featured-products]</div><div>[trending-products title=\"Trending Products\" subtitle=\"Products on trending\" limit=\"4\"][/trending-products]</div><div>[featured-brands title=\"Our Brands\"][/featured-brands]</div><div>[news title=\"Visit Our Blog\" subtitle=\"Our Blog updated the newest trend of the world regularly\"][/news]</div><div>[theme-galleries title=\"@ OUR GALLERIES\" subtitle=\"Our latest fashion galleries images\" limit=\"8\"][/theme-galleries]</div><div>[site-features icon1=\"icon-truck\" title1=\"FREE SHIPPING\" subtitle1=\"Free shipping on all US order or order above $200\" icon2=\"icon-life-buoy\" title2=\"SUPPORT 24/7\" subtitle2=\"Contact us 24 hours a day, 7 days a week\" icon3=\"icon-refresh-ccw\" title3=\"30 DAYS RETURN\" subtitle3=\"Simply return it within 30 days for an exchange\" icon4=\"icon-shield\" title4=\"100% PAYMENT SECURE\" subtitle4=\"We ensure secure payment with PEV\"][/site-features]</div>',1,NULL,'homepage',0,NULL,'published','2022-01-03 21:19:40','2022-01-03 21:19:40'),(2,'Blog','<p style=\"text-align: center\">We always share fashion tips with the hope you guys will find the best style for yourself.<br />Besides, we update the fashion trend as soon as we can.<br />Enjoy your journey!</p>',1,NULL,'default',0,NULL,'published','2022-01-03 21:19:40','2022-01-03 21:19:40'),(3,'Contact','<p>[contact-form][/contact-form]</p>',1,NULL,'default',0,NULL,'published','2022-01-03 21:19:40','2022-01-03 21:19:40'),(4,'Cookie Policy','<h3>EU Cookie Consent</h3><p>To use this website we are using Cookies and collecting some data. To be compliant with the EU GDPR we give you to choose if you allow us to use certain Cookies and to collect some Data.</p><h4>Essential Data</h4><p>The Essential Data is needed to run the Site you are visiting technically. You can not deactivate them.</p><p>- Session Cookie: PHP uses a Cookie to identify user sessions. Without this Cookie the Website is not working.</p><p>- XSRF-Token Cookie: Laravel automatically generates a CSRF \"token\" for each active user session managed by the application. This token is used to verify that the authenticated user is the one actually making the requests to the application.</p>',1,NULL,'default',0,NULL,'published','2022-01-03 21:19:40','2022-01-03 21:19:40'),(5,'FAQs','<div>[faqs][/faqs]</div>',1,NULL,'default',0,NULL,'published','2022-01-03 21:19:40','2022-01-03 21:19:40');

--
-- Table structure for table `pages_translations`
--

CREATE TABLE `pages_translations` (
  `lang_code` varchar(191) CHARACTER SET utf8mb4 COLLATE utf8mb4_unicode_ci NOT NULL,
  `pages_id` int NOT NULL,
  `name` varchar(255) CHARACTER SET utf8mb4 COLLATE utf8mb4_unicode_ci DEFAULT NULL,
  `description` varchar(400) CHARACTER SET utf8mb4 COLLATE utf8mb4_unicode_ci DEFAULT NULL,
  `content` longtext CHARACTER SET utf8mb4 COLLATE utf8mb4_unicode_ci,
  PRIMARY KEY (`lang_code`,`pages_id`)
) ENGINE=InnoDB DEFAULT CHARSET=utf8mb4 COLLATE=utf8mb4_unicode_ci;

--
-- Dumping data for table `pages_translations`
--

INSERT INTO `pages_translations` VALUES ('vi',1,'Trang chủ',NULL,'<div>[simple-slider key=\"slider-trang-chu\"][/simple-slider]</div><div>[featured-product-categories title=\"Danh mục nổi bật\" subtitle=\"Lorem ipsum dolor sit amet, consectetur adipiscing elit. Phasellus blandit massa enim Nullam nunc varius.\"][/featured-product-categories]</div><div>[product-collections title=\"Bộ sưu tập theo mùa\" subtitle=\"Cập nhật tủ quần áo của bạn với xu hướng theo mùa mới\"][/product-collections]</div><div>[flash-sale title=\"Khuyến mãi hôm nay\" subtitle=\"Khuyến mãi tốt nhất dành cho bạn\" show_popup=\"yes\"][/flash-sale]</div><div>[featured-products title=\"Lựa chọn của chúng tôi dành cho bạn\" subtitle=\"Luôn tìm ra những cách tốt nhất cho bạn\" limit=\"8\"][/featured-products]</div><div>[trending-products title=\"Sản phẩm nổi bật\" subtitle=\"Các sản phẩm xu hướng\" limit=\"4\"][/trending-products]</div><div>[featured-brands title=\"Thương hiệu\"][/featured-brands]</div><div>[news title=\"Bài viết mới nhất\" subtitle=\"Blog của chúng tôi cập nhật các xu hướng mới nhất của thế giới thường xuyên\"][/news]</div><div>[theme-galleries title=\"@ Thư viện ảnh\" subtitle=\"Hình ảnh phòng trưng bày thời trang mới nhất của chúng tôi\" limit=\"8\"][/theme-galleries]</div><div>[site-features icon1=\"icon-truck\" title1=\"MIỄN PHÍ VẬN CHUYỂN\" subtitle1=\"Giao hàng miễn phí cho tất cả các đơn đặt hàng tại Hoa Kỳ hoặc đơn hàng trên $200\" icon2=\"icon-life-buoy\" title2=\"HỖ TRỢ 24/7\" subtitle2=\"Liên hệ với chúng tôi 24 giờ một ngày, 7 ngày một tuần\" icon3=\"icon-refresh-ccw\" title3=\"30 HOÀN HÀNG\" subtitle3=\"Hỗ trợ trả hàng trong vòng 30 ngày\" icon4=\"icon-shield\" title4=\"100% THANH TOÁN BẢO MẬT\" subtitle4=\"Chúng tôi đảm bảo thanh toán an toàn với PEV\"][/site-features]</div>'),('vi',2,'Tin tức',NULL,'<p style=\"text-align: center\">We always share fashion tips with the hope you guys will find the best style for yourself.<br />Besides, we update the fashion trend as soon as we can.<br />Enjoy your journey!</p>'),('vi',3,'Liên hệ',NULL,'<p>[contact-form][/contact-form]</p>'),('vi',4,'Chính sách cookie',NULL,'<h3>EU Cookie Consent</h3><p>To use this website we are using Cookies and collecting some data. To be compliant with the EU GDPR we give you to choose if you allow us to use certain Cookies and to collect some Data.</p><h4>Essential Data</h4><p>The Essential Data is needed to run the Site you are visiting technically. You can not deactivate them.</p><p>- Session Cookie: PHP uses a Cookie to identify user sessions. Without this Cookie the Website is not working.</p><p>- XSRF-Token Cookie: Laravel automatically generates a CSRF \"token\" for each active user session managed by the application. This token is used to verify that the authenticated user is the one actually making the requests to the application.</p>'),('vi',5,'Câu hỏi thường gặp',NULL,'<div>[fas][/fas]</div>');

--
-- Table structure for table `password_resets`
--

CREATE TABLE `password_resets` (
  `email` varchar(191) CHARACTER SET utf8mb4 COLLATE utf8mb4_unicode_ci NOT NULL,
  `token` varchar(191) CHARACTER SET utf8mb4 COLLATE utf8mb4_unicode_ci NOT NULL,
  `created_at` timestamp NULL DEFAULT NULL,
  KEY `password_resets_email_index` (`email`)
) ENGINE=InnoDB DEFAULT CHARSET=utf8mb4 COLLATE=utf8mb4_unicode_ci;

--
-- Dumping data for table `password_resets`
--


--
-- Table structure for table `payments`
--

CREATE TABLE `payments` (
  `id` bigint unsigned NOT NULL AUTO_INCREMENT,
  `currency` varchar(120) CHARACTER SET utf8mb4 COLLATE utf8mb4_unicode_ci DEFAULT NULL,
  `user_id` int unsigned NOT NULL DEFAULT '0',
  `charge_id` varchar(60) CHARACTER SET utf8mb4 COLLATE utf8mb4_unicode_ci DEFAULT NULL,
  `payment_channel` varchar(60) CHARACTER SET utf8mb4 COLLATE utf8mb4_unicode_ci DEFAULT NULL,
  `description` varchar(255) CHARACTER SET utf8mb4 COLLATE utf8mb4_unicode_ci DEFAULT NULL,
  `amount` decimal(15,2) unsigned NOT NULL,
  `order_id` int unsigned DEFAULT NULL,
  `status` varchar(60) CHARACTER SET utf8mb4 COLLATE utf8mb4_unicode_ci DEFAULT 'pending',
  `payment_type` varchar(191) CHARACTER SET utf8mb4 COLLATE utf8mb4_unicode_ci DEFAULT 'confirm',
  `customer_id` int unsigned DEFAULT NULL,
  `refunded_amount` decimal(15,2) unsigned DEFAULT NULL,
  `refund_note` varchar(255) CHARACTER SET utf8mb4 COLLATE utf8mb4_unicode_ci DEFAULT NULL,
  `created_at` timestamp NULL DEFAULT NULL,
  `updated_at` timestamp NULL DEFAULT NULL,
  `customer_type` varchar(255) CHARACTER SET utf8mb4 COLLATE utf8mb4_unicode_ci DEFAULT NULL,
  `metadata` mediumtext CHARACTER SET utf8mb4 COLLATE utf8mb4_unicode_ci,
  PRIMARY KEY (`id`)
) ENGINE=InnoDB AUTO_INCREMENT=21 DEFAULT CHARSET=utf8mb4 COLLATE=utf8mb4_unicode_ci;

--
-- Dumping data for table `payments`
--

INSERT INTO `payments` VALUES (1,'USD',0,'TFWEWNMLVM','sslcommerz',NULL,477.00,1,'completed','confirm',6,NULL,NULL,'2022-04-20 19:55:18','2022-04-20 19:55:18','Botble\\Ecommerce\\Models\\Customer',NULL),(2,'USD',0,'SVO4EWVTFR','stripe',NULL,1656.90,2,'completed','confirm',9,NULL,NULL,'2022-04-20 19:55:18','2022-04-20 19:55:18','Botble\\Ecommerce\\Models\\Customer',NULL),(3,'USD',0,'JYAN3G31CZ','razorpay',NULL,1511.10,3,'completed','confirm',8,NULL,NULL,'2022-04-20 19:55:18','2022-04-20 19:55:18','Botble\\Ecommerce\\Models\\Customer',NULL),(4,'USD',0,'2R8KQQ9ID5','razorpay',NULL,1713.90,4,'completed','confirm',5,NULL,NULL,'2022-04-20 19:55:18','2022-04-20 19:55:18','Botble\\Ecommerce\\Models\\Customer',NULL),(5,'USD',0,'TRWENRAP9J','cod',NULL,314.90,5,'pending','confirm',7,NULL,NULL,'2022-04-20 19:55:18','2022-04-20 19:55:18','Botble\\Ecommerce\\Models\\Customer',NULL),(6,'USD',0,'B7TIHMITET','razorpay',NULL,1556.20,6,'completed','confirm',4,NULL,NULL,'2022-04-20 19:55:18','2022-04-20 19:55:18','Botble\\Ecommerce\\Models\\Customer',NULL),(7,'USD',0,'PBHRDXRHC6','bank_transfer',NULL,737.80,7,'pending','confirm',6,NULL,NULL,'2022-04-20 19:55:18','2022-04-20 19:55:18','Botble\\Ecommerce\\Models\\Customer',NULL),(8,'USD',0,'4TJZIVCEZS','paypal',NULL,548.10,8,'completed','confirm',5,NULL,NULL,'2022-04-20 19:55:18','2022-04-20 19:55:18','Botble\\Ecommerce\\Models\\Customer',NULL),(9,'USD',0,'Z3AKYT4VXD','paystack',NULL,998.60,9,'completed','confirm',6,NULL,NULL,'2022-04-20 19:55:18','2022-04-20 19:55:18','Botble\\Ecommerce\\Models\\Customer',NULL),(10,'USD',0,'GOSDCCTW3I','razorpay',NULL,1864.60,10,'completed','confirm',9,NULL,NULL,'2022-04-20 19:55:18','2022-04-20 19:55:18','Botble\\Ecommerce\\Models\\Customer',NULL),(11,'USD',0,'VCPFAD0ZJT','sslcommerz',NULL,2994.60,11,'completed','confirm',4,NULL,NULL,'2022-04-20 19:55:18','2022-04-20 19:55:18','Botble\\Ecommerce\\Models\\Customer',NULL),(12,'USD',0,'IX8ZDLEUIP','sslcommerz',NULL,255.90,12,'completed','confirm',4,NULL,NULL,'2022-04-20 19:55:18','2022-04-20 19:55:18','Botble\\Ecommerce\\Models\\Customer',NULL),(13,'USD',0,'FAPAFNJHIR','stripe',NULL,958.80,13,'completed','confirm',7,NULL,NULL,'2022-04-20 19:55:18','2022-04-20 19:55:18','Botble\\Ecommerce\\Models\\Customer',NULL),(14,'USD',0,'5QVB1GJKOD','paypal',NULL,1264.30,14,'completed','confirm',4,NULL,NULL,'2022-04-20 19:55:18','2022-04-20 19:55:18','Botble\\Ecommerce\\Models\\Customer',NULL),(15,'USD',0,'5LRSQNQO6C','paypal',NULL,497.20,15,'completed','confirm',4,NULL,NULL,'2022-04-20 19:55:18','2022-04-20 19:55:18','Botble\\Ecommerce\\Models\\Customer',NULL),(16,'USD',0,'WR6IPGED1D','bank_transfer',NULL,1752.20,16,'pending','confirm',9,NULL,NULL,'2022-04-20 19:55:18','2022-04-20 19:55:18','Botble\\Ecommerce\\Models\\Customer',NULL),(17,'USD',0,'FJP2OXH2JV','paypal',NULL,421.20,17,'completed','confirm',7,NULL,NULL,'2022-04-20 19:55:18','2022-04-20 19:55:18','Botble\\Ecommerce\\Models\\Customer',NULL),(18,'USD',0,'LNGAJB0XI6','paystack',NULL,1191.10,18,'completed','confirm',8,NULL,NULL,'2022-04-20 19:55:18','2022-04-20 19:55:18','Botble\\Ecommerce\\Models\\Customer',NULL),(19,'USD',0,'MCI4L9QBSM','bank_transfer',NULL,1143.40,19,'pending','confirm',6,NULL,NULL,'2022-04-20 19:55:18','2022-04-20 19:55:18','Botble\\Ecommerce\\Models\\Customer',NULL),(20,'USD',0,'HUAGYNEJQK','razorpay',NULL,1184.20,20,'completed','confirm',1,NULL,NULL,'2022-04-20 19:55:18','2022-04-20 19:55:18','Botble\\Ecommerce\\Models\\Customer',NULL);

--
-- Table structure for table `post_categories`
--

CREATE TABLE `post_categories` (
  `id` bigint unsigned NOT NULL AUTO_INCREMENT,
  `category_id` int unsigned NOT NULL,
  `post_id` int unsigned NOT NULL,
  PRIMARY KEY (`id`)
) ENGINE=InnoDB AUTO_INCREMENT=23 DEFAULT CHARSET=utf8mb4 COLLATE=utf8mb4_unicode_ci;

--
-- Dumping data for table `post_categories`
--

INSERT INTO `post_categories` VALUES (1,1,1),(2,3,1),(3,1,2),(4,4,2),(5,2,3),(6,3,3),(7,2,4),(8,4,4),(9,2,5),(10,4,5),(11,1,6),(12,3,6),(13,1,7),(14,4,7),(15,1,8),(16,4,8),(17,1,9),(18,3,9),(19,1,10),(20,4,10),(21,1,11),(22,3,11);

--
-- Table structure for table `post_tags`
--

CREATE TABLE `post_tags` (
  `id` bigint unsigned NOT NULL AUTO_INCREMENT,
  `tag_id` int unsigned NOT NULL,
  `post_id` int unsigned NOT NULL,
  PRIMARY KEY (`id`)
) ENGINE=InnoDB AUTO_INCREMENT=56 DEFAULT CHARSET=utf8mb4 COLLATE=utf8mb4_unicode_ci;

--
-- Dumping data for table `post_tags`
--

INSERT INTO `post_tags` VALUES (1,1,1),(2,2,1),(3,3,1),(4,4,1),(5,5,1),(6,1,2),(7,2,2),(8,3,2),(9,4,2),(10,5,2),(11,1,3),(12,2,3),(13,3,3),(14,4,3),(15,5,3),(16,1,4),(17,2,4),(18,3,4),(19,4,4),(20,5,4),(21,1,5),(22,2,5),(23,3,5),(24,4,5),(25,5,5),(26,1,6),(27,2,6),(28,3,6),(29,4,6),(30,5,6),(31,1,7),(32,2,7),(33,3,7),(34,4,7),(35,5,7),(36,1,8),(37,2,8),(38,3,8),(39,4,8),(40,5,8),(41,1,9),(42,2,9),(43,3,9),(44,4,9),(45,5,9),(46,1,10),(47,2,10),(48,3,10),(49,4,10),(50,5,10),(51,1,11),(52,2,11),(53,3,11),(54,4,11),(55,5,11);

--
-- Table structure for table `posts`
--

CREATE TABLE `posts` (
  `id` bigint unsigned NOT NULL AUTO_INCREMENT,
  `name` varchar(255) CHARACTER SET utf8mb4 COLLATE utf8mb4_unicode_ci NOT NULL,
  `description` varchar(400) CHARACTER SET utf8mb4 COLLATE utf8mb4_unicode_ci DEFAULT NULL,
  `content` longtext CHARACTER SET utf8mb4 COLLATE utf8mb4_unicode_ci,
  `status` varchar(60) CHARACTER SET utf8mb4 COLLATE utf8mb4_unicode_ci NOT NULL DEFAULT 'published',
  `author_id` int NOT NULL,
  `author_type` varchar(255) CHARACTER SET utf8mb4 COLLATE utf8mb4_unicode_ci NOT NULL DEFAULT 'Botble\\ACL\\Models\\User',
  `is_featured` tinyint unsigned NOT NULL DEFAULT '0',
  `image` varchar(255) CHARACTER SET utf8mb4 COLLATE utf8mb4_unicode_ci DEFAULT NULL,
  `views` int unsigned NOT NULL DEFAULT '0',
  `format_type` varchar(30) CHARACTER SET utf8mb4 COLLATE utf8mb4_unicode_ci DEFAULT NULL,
  `created_at` timestamp NULL DEFAULT NULL,
  `updated_at` timestamp NULL DEFAULT NULL,
  PRIMARY KEY (`id`),
  KEY `posts_status_author_id_author_type_created_at_index` (`status`,`author_id`,`author_type`,`created_at`)
) ENGINE=InnoDB AUTO_INCREMENT=12 DEFAULT CHARSET=utf8mb4 COLLATE=utf8mb4_unicode_ci;

--
-- Dumping data for table `posts`
--

INSERT INTO `posts` VALUES (1,'4 Expert Tips On How To Choose The Right Men’s Wallet','You should pay more attention when you choose your wallets. There are a lot of them on the market with the different designs and styles. When you choose carefully, you would be able to buy a wallet that is catered to your needs. Not to mention that it will help to enhance your style significantly.','<p>I have seen many people underestimating the power of their wallets. To them, they are just a functional item they use to carry. As a result, they often end up with the wallets which are not really suitable for them.</p>\n\n<p>You should pay more attention when you choose your wallets. There are a lot of them on the market with the different designs and styles. When you choose carefully, you would be able to buy a wallet that is catered to your needs. Not to mention that it will help to enhance your style significantly.</p>\n\n<p style=\"text-align:center\"><img alt=\"f4\" src=\"/storage/news/1.jpg\" /></p>\n\n<p><br />\n&nbsp;</p>\n\n<p><strong><em>For all of the reason above, here are 7 expert tips to help you pick up the right men&rsquo;s wallet for you:</em></strong></p>\n\n<h4><strong>Number 1: Choose A Neat Wallet</strong></h4>\n\n<p>The wallet is an essential accessory that you should go simple. Simplicity is the best in this case. A simple and neat wallet with the plain color and even&nbsp;<strong>minimalist style</strong>&nbsp;is versatile. It can be used for both formal and casual events. In addition, that wallet will go well with most of the clothes in your wardrobe.</p>\n\n<p>Keep in mind that a wallet will tell other people about your personality and your fashion sense as much as other clothes you put on. Hence, don&rsquo;t go cheesy on your wallet or else people will think that you have a funny and particular style.</p>\n\n<p style=\"text-align:center\"><img alt=\"f5\" src=\"/storage/news/2.jpg\" /></p>\n\n<p><br />\n&nbsp;</p>\n<hr />\n<h4><strong>Number 2: Choose The Right Size For Your Wallet</strong></h4>\n\n<p>You should avoid having an over-sized wallet. Don&rsquo;t think that you need to buy a big wallet because you have a lot to carry with you. In addition, a fat wallet is very ugly. It will make it harder for you to slide the wallet into your trousers&rsquo; pocket. In addition, it will create a bulge and ruin your look.</p>\n\n<p>Before you go on to buy a new wallet, clean out your wallet and place all of the items from your wallet on a table. Throw away things that you would never need any more such as the old bills or the expired gift cards. Remember to check your wallet on a frequent basis to get rid of all of the old stuff that you don&rsquo;t need anymore.</p>\n\n<p style=\"text-align:center\"><img alt=\"f1\" src=\"/storage/news/3.jpg\" /></p>\n\n<p><br />\n&nbsp;</p>\n\n<hr />\n<h4><strong>Number 3: Don&rsquo;t Limit Your Options Of Materials</strong></h4>\n\n<p>The types and designs of wallets are not the only things that you should consider when you go out searching for your best wallet. You have more than 1 option of material rather than leather to choose from as well.</p>\n\n<p>You can experiment with other available options such as cotton, polyester and canvas. They all have their own pros and cons. As a result, they will be suitable for different needs and requirements. You should think about them all in order to choose the material which you would like the most.</p>\n\n<p style=\"text-align:center\"><img alt=\"f6\" height=\"375\" src=\"/storage/news/4.jpg\" /></p>\n\n<p><br />\n&nbsp;</p>\n\n<hr />\n<h4><strong>Number 4: Consider A Wallet As A Long Term Investment</strong></h4>\n\n<p>Your wallet is indeed an investment that you should consider spending a decent amount of time and effort on it. Another factor that you need to consider is how much you want to spend on your wallet. The price ranges of wallets on the market vary a great deal. You can find a wallet which is as cheap as about 5 to 7 dollars. On the other hand, you should expect to pay around 250 to 300 dollars for a high-quality wallet.</p>\n\n<p>In case you need a wallet to use for a long time, it is a good idea that you should invest a decent amount of money on a wallet. A high quality wallet from a reputational brand with the premium quality such as cowhide leather will last for a long time. In addition, it is an accessory to show off your fashion sense and your social status.</p>\n\n<p style=\"text-align:center\"><img alt=\"f2\" height=\"400\" src=\"/storage/news/5.jpg\" /></p>\n\n<p>&nbsp;</p>\n','published',1,'Botble\\ACL\\Models\\User',1,'news/1.jpg',2063,NULL,'2022-01-03 21:19:40','2022-01-03 21:19:40'),(2,'Sexy Clutches: How to Buy & Wear a Designer Clutch Bag','You should pay more attention when you choose your wallets. There are a lot of them on the market with the different designs and styles. When you choose carefully, you would be able to buy a wallet that is catered to your needs. Not to mention that it will help to enhance your style significantly.','<p>I have seen many people underestimating the power of their wallets. To them, they are just a functional item they use to carry. As a result, they often end up with the wallets which are not really suitable for them.</p>\n\n<p>You should pay more attention when you choose your wallets. There are a lot of them on the market with the different designs and styles. When you choose carefully, you would be able to buy a wallet that is catered to your needs. Not to mention that it will help to enhance your style significantly.</p>\n\n<p style=\"text-align:center\"><img alt=\"f4\" src=\"/storage/news/1.jpg\" /></p>\n\n<p><br />\n&nbsp;</p>\n\n<p><strong><em>For all of the reason above, here are 7 expert tips to help you pick up the right men&rsquo;s wallet for you:</em></strong></p>\n\n<h4><strong>Number 1: Choose A Neat Wallet</strong></h4>\n\n<p>The wallet is an essential accessory that you should go simple. Simplicity is the best in this case. A simple and neat wallet with the plain color and even&nbsp;<strong>minimalist style</strong>&nbsp;is versatile. It can be used for both formal and casual events. In addition, that wallet will go well with most of the clothes in your wardrobe.</p>\n\n<p>Keep in mind that a wallet will tell other people about your personality and your fashion sense as much as other clothes you put on. Hence, don&rsquo;t go cheesy on your wallet or else people will think that you have a funny and particular style.</p>\n\n<p style=\"text-align:center\"><img alt=\"f5\" src=\"/storage/news/2.jpg\" /></p>\n\n<p><br />\n&nbsp;</p>\n<hr />\n<h4><strong>Number 2: Choose The Right Size For Your Wallet</strong></h4>\n\n<p>You should avoid having an over-sized wallet. Don&rsquo;t think that you need to buy a big wallet because you have a lot to carry with you. In addition, a fat wallet is very ugly. It will make it harder for you to slide the wallet into your trousers&rsquo; pocket. In addition, it will create a bulge and ruin your look.</p>\n\n<p>Before you go on to buy a new wallet, clean out your wallet and place all of the items from your wallet on a table. Throw away things that you would never need any more such as the old bills or the expired gift cards. Remember to check your wallet on a frequent basis to get rid of all of the old stuff that you don&rsquo;t need anymore.</p>\n\n<p style=\"text-align:center\"><img alt=\"f1\" src=\"/storage/news/3.jpg\" /></p>\n\n<p><br />\n&nbsp;</p>\n\n<hr />\n<h4><strong>Number 3: Don&rsquo;t Limit Your Options Of Materials</strong></h4>\n\n<p>The types and designs of wallets are not the only things that you should consider when you go out searching for your best wallet. You have more than 1 option of material rather than leather to choose from as well.</p>\n\n<p>You can experiment with other available options such as cotton, polyester and canvas. They all have their own pros and cons. As a result, they will be suitable for different needs and requirements. You should think about them all in order to choose the material which you would like the most.</p>\n\n<p style=\"text-align:center\"><img alt=\"f6\" height=\"375\" src=\"/storage/news/4.jpg\" /></p>\n\n<p><br />\n&nbsp;</p>\n\n<hr />\n<h4><strong>Number 4: Consider A Wallet As A Long Term Investment</strong></h4>\n\n<p>Your wallet is indeed an investment that you should consider spending a decent amount of time and effort on it. Another factor that you need to consider is how much you want to spend on your wallet. The price ranges of wallets on the market vary a great deal. You can find a wallet which is as cheap as about 5 to 7 dollars. On the other hand, you should expect to pay around 250 to 300 dollars for a high-quality wallet.</p>\n\n<p>In case you need a wallet to use for a long time, it is a good idea that you should invest a decent amount of money on a wallet. A high quality wallet from a reputational brand with the premium quality such as cowhide leather will last for a long time. In addition, it is an accessory to show off your fashion sense and your social status.</p>\n\n<p style=\"text-align:center\"><img alt=\"f2\" height=\"400\" src=\"/storage/news/5.jpg\" /></p>\n\n<p>&nbsp;</p>\n','published',1,'Botble\\ACL\\Models\\User',1,'news/2.jpg',1077,NULL,'2022-01-03 21:19:40','2022-01-03 21:19:40'),(3,'The Top 2020 Handbag Trends to Know','You should pay more attention when you choose your wallets. There are a lot of them on the market with the different designs and styles. When you choose carefully, you would be able to buy a wallet that is catered to your needs. Not to mention that it will help to enhance your style significantly.','<p>I have seen many people underestimating the power of their wallets. To them, they are just a functional item they use to carry. As a result, they often end up with the wallets which are not really suitable for them.</p>\n\n<p>You should pay more attention when you choose your wallets. There are a lot of them on the market with the different designs and styles. When you choose carefully, you would be able to buy a wallet that is catered to your needs. Not to mention that it will help to enhance your style significantly.</p>\n\n<p style=\"text-align:center\"><img alt=\"f4\" src=\"/storage/news/1.jpg\" /></p>\n\n<p><br />\n&nbsp;</p>\n\n<p><strong><em>For all of the reason above, here are 7 expert tips to help you pick up the right men&rsquo;s wallet for you:</em></strong></p>\n\n<h4><strong>Number 1: Choose A Neat Wallet</strong></h4>\n\n<p>The wallet is an essential accessory that you should go simple. Simplicity is the best in this case. A simple and neat wallet with the plain color and even&nbsp;<strong>minimalist style</strong>&nbsp;is versatile. It can be used for both formal and casual events. In addition, that wallet will go well with most of the clothes in your wardrobe.</p>\n\n<p>Keep in mind that a wallet will tell other people about your personality and your fashion sense as much as other clothes you put on. Hence, don&rsquo;t go cheesy on your wallet or else people will think that you have a funny and particular style.</p>\n\n<p style=\"text-align:center\"><img alt=\"f5\" src=\"/storage/news/2.jpg\" /></p>\n\n<p><br />\n&nbsp;</p>\n<hr />\n<h4><strong>Number 2: Choose The Right Size For Your Wallet</strong></h4>\n\n<p>You should avoid having an over-sized wallet. Don&rsquo;t think that you need to buy a big wallet because you have a lot to carry with you. In addition, a fat wallet is very ugly. It will make it harder for you to slide the wallet into your trousers&rsquo; pocket. In addition, it will create a bulge and ruin your look.</p>\n\n<p>Before you go on to buy a new wallet, clean out your wallet and place all of the items from your wallet on a table. Throw away things that you would never need any more such as the old bills or the expired gift cards. Remember to check your wallet on a frequent basis to get rid of all of the old stuff that you don&rsquo;t need anymore.</p>\n\n<p style=\"text-align:center\"><img alt=\"f1\" src=\"/storage/news/3.jpg\" /></p>\n\n<p><br />\n&nbsp;</p>\n\n<hr />\n<h4><strong>Number 3: Don&rsquo;t Limit Your Options Of Materials</strong></h4>\n\n<p>The types and designs of wallets are not the only things that you should consider when you go out searching for your best wallet. You have more than 1 option of material rather than leather to choose from as well.</p>\n\n<p>You can experiment with other available options such as cotton, polyester and canvas. They all have their own pros and cons. As a result, they will be suitable for different needs and requirements. You should think about them all in order to choose the material which you would like the most.</p>\n\n<p style=\"text-align:center\"><img alt=\"f6\" height=\"375\" src=\"/storage/news/4.jpg\" /></p>\n\n<p><br />\n&nbsp;</p>\n\n<hr />\n<h4><strong>Number 4: Consider A Wallet As A Long Term Investment</strong></h4>\n\n<p>Your wallet is indeed an investment that you should consider spending a decent amount of time and effort on it. Another factor that you need to consider is how much you want to spend on your wallet. The price ranges of wallets on the market vary a great deal. You can find a wallet which is as cheap as about 5 to 7 dollars. On the other hand, you should expect to pay around 250 to 300 dollars for a high-quality wallet.</p>\n\n<p>In case you need a wallet to use for a long time, it is a good idea that you should invest a decent amount of money on a wallet. A high quality wallet from a reputational brand with the premium quality such as cowhide leather will last for a long time. In addition, it is an accessory to show off your fashion sense and your social status.</p>\n\n<p style=\"text-align:center\"><img alt=\"f2\" height=\"400\" src=\"/storage/news/5.jpg\" /></p>\n\n<p>&nbsp;</p>\n','published',1,'Botble\\ACL\\Models\\User',1,'news/3.jpg',401,NULL,'2022-01-03 21:19:40','2022-01-03 21:19:40'),(4,'How to Match the Color of Your Handbag With an Outfit','You should pay more attention when you choose your wallets. There are a lot of them on the market with the different designs and styles. When you choose carefully, you would be able to buy a wallet that is catered to your needs. Not to mention that it will help to enhance your style significantly.','<p>I have seen many people underestimating the power of their wallets. To them, they are just a functional item they use to carry. As a result, they often end up with the wallets which are not really suitable for them.</p>\n\n<p>You should pay more attention when you choose your wallets. There are a lot of them on the market with the different designs and styles. When you choose carefully, you would be able to buy a wallet that is catered to your needs. Not to mention that it will help to enhance your style significantly.</p>\n\n<p style=\"text-align:center\"><img alt=\"f4\" src=\"/storage/news/1.jpg\" /></p>\n\n<p><br />\n&nbsp;</p>\n\n<p><strong><em>For all of the reason above, here are 7 expert tips to help you pick up the right men&rsquo;s wallet for you:</em></strong></p>\n\n<h4><strong>Number 1: Choose A Neat Wallet</strong></h4>\n\n<p>The wallet is an essential accessory that you should go simple. Simplicity is the best in this case. A simple and neat wallet with the plain color and even&nbsp;<strong>minimalist style</strong>&nbsp;is versatile. It can be used for both formal and casual events. In addition, that wallet will go well with most of the clothes in your wardrobe.</p>\n\n<p>Keep in mind that a wallet will tell other people about your personality and your fashion sense as much as other clothes you put on. Hence, don&rsquo;t go cheesy on your wallet or else people will think that you have a funny and particular style.</p>\n\n<p style=\"text-align:center\"><img alt=\"f5\" src=\"/storage/news/2.jpg\" /></p>\n\n<p><br />\n&nbsp;</p>\n<hr />\n<h4><strong>Number 2: Choose The Right Size For Your Wallet</strong></h4>\n\n<p>You should avoid having an over-sized wallet. Don&rsquo;t think that you need to buy a big wallet because you have a lot to carry with you. In addition, a fat wallet is very ugly. It will make it harder for you to slide the wallet into your trousers&rsquo; pocket. In addition, it will create a bulge and ruin your look.</p>\n\n<p>Before you go on to buy a new wallet, clean out your wallet and place all of the items from your wallet on a table. Throw away things that you would never need any more such as the old bills or the expired gift cards. Remember to check your wallet on a frequent basis to get rid of all of the old stuff that you don&rsquo;t need anymore.</p>\n\n<p style=\"text-align:center\"><img alt=\"f1\" src=\"/storage/news/3.jpg\" /></p>\n\n<p><br />\n&nbsp;</p>\n\n<hr />\n<h4><strong>Number 3: Don&rsquo;t Limit Your Options Of Materials</strong></h4>\n\n<p>The types and designs of wallets are not the only things that you should consider when you go out searching for your best wallet. You have more than 1 option of material rather than leather to choose from as well.</p>\n\n<p>You can experiment with other available options such as cotton, polyester and canvas. They all have their own pros and cons. As a result, they will be suitable for different needs and requirements. You should think about them all in order to choose the material which you would like the most.</p>\n\n<p style=\"text-align:center\"><img alt=\"f6\" height=\"375\" src=\"/storage/news/4.jpg\" /></p>\n\n<p><br />\n&nbsp;</p>\n\n<hr />\n<h4><strong>Number 4: Consider A Wallet As A Long Term Investment</strong></h4>\n\n<p>Your wallet is indeed an investment that you should consider spending a decent amount of time and effort on it. Another factor that you need to consider is how much you want to spend on your wallet. The price ranges of wallets on the market vary a great deal. You can find a wallet which is as cheap as about 5 to 7 dollars. On the other hand, you should expect to pay around 250 to 300 dollars for a high-quality wallet.</p>\n\n<p>In case you need a wallet to use for a long time, it is a good idea that you should invest a decent amount of money on a wallet. A high quality wallet from a reputational brand with the premium quality such as cowhide leather will last for a long time. In addition, it is an accessory to show off your fashion sense and your social status.</p>\n\n<p style=\"text-align:center\"><img alt=\"f2\" height=\"400\" src=\"/storage/news/5.jpg\" /></p>\n\n<p>&nbsp;</p>\n','published',1,'Botble\\ACL\\Models\\User',1,'news/4.jpg',2152,NULL,'2022-01-03 21:19:40','2022-01-03 21:19:40'),(5,'How to Care for Leather Bags','You should pay more attention when you choose your wallets. There are a lot of them on the market with the different designs and styles. When you choose carefully, you would be able to buy a wallet that is catered to your needs. Not to mention that it will help to enhance your style significantly.','<p>I have seen many people underestimating the power of their wallets. To them, they are just a functional item they use to carry. As a result, they often end up with the wallets which are not really suitable for them.</p>\n\n<p>You should pay more attention when you choose your wallets. There are a lot of them on the market with the different designs and styles. When you choose carefully, you would be able to buy a wallet that is catered to your needs. Not to mention that it will help to enhance your style significantly.</p>\n\n<p style=\"text-align:center\"><img alt=\"f4\" src=\"/storage/news/1.jpg\" /></p>\n\n<p><br />\n&nbsp;</p>\n\n<p><strong><em>For all of the reason above, here are 7 expert tips to help you pick up the right men&rsquo;s wallet for you:</em></strong></p>\n\n<h4><strong>Number 1: Choose A Neat Wallet</strong></h4>\n\n<p>The wallet is an essential accessory that you should go simple. Simplicity is the best in this case. A simple and neat wallet with the plain color and even&nbsp;<strong>minimalist style</strong>&nbsp;is versatile. It can be used for both formal and casual events. In addition, that wallet will go well with most of the clothes in your wardrobe.</p>\n\n<p>Keep in mind that a wallet will tell other people about your personality and your fashion sense as much as other clothes you put on. Hence, don&rsquo;t go cheesy on your wallet or else people will think that you have a funny and particular style.</p>\n\n<p style=\"text-align:center\"><img alt=\"f5\" src=\"/storage/news/2.jpg\" /></p>\n\n<p><br />\n&nbsp;</p>\n<hr />\n<h4><strong>Number 2: Choose The Right Size For Your Wallet</strong></h4>\n\n<p>You should avoid having an over-sized wallet. Don&rsquo;t think that you need to buy a big wallet because you have a lot to carry with you. In addition, a fat wallet is very ugly. It will make it harder for you to slide the wallet into your trousers&rsquo; pocket. In addition, it will create a bulge and ruin your look.</p>\n\n<p>Before you go on to buy a new wallet, clean out your wallet and place all of the items from your wallet on a table. Throw away things that you would never need any more such as the old bills or the expired gift cards. Remember to check your wallet on a frequent basis to get rid of all of the old stuff that you don&rsquo;t need anymore.</p>\n\n<p style=\"text-align:center\"><img alt=\"f1\" src=\"/storage/news/3.jpg\" /></p>\n\n<p><br />\n&nbsp;</p>\n\n<hr />\n<h4><strong>Number 3: Don&rsquo;t Limit Your Options Of Materials</strong></h4>\n\n<p>The types and designs of wallets are not the only things that you should consider when you go out searching for your best wallet. You have more than 1 option of material rather than leather to choose from as well.</p>\n\n<p>You can experiment with other available options such as cotton, polyester and canvas. They all have their own pros and cons. As a result, they will be suitable for different needs and requirements. You should think about them all in order to choose the material which you would like the most.</p>\n\n<p style=\"text-align:center\"><img alt=\"f6\" height=\"375\" src=\"/storage/news/4.jpg\" /></p>\n\n<p><br />\n&nbsp;</p>\n\n<hr />\n<h4><strong>Number 4: Consider A Wallet As A Long Term Investment</strong></h4>\n\n<p>Your wallet is indeed an investment that you should consider spending a decent amount of time and effort on it. Another factor that you need to consider is how much you want to spend on your wallet. The price ranges of wallets on the market vary a great deal. You can find a wallet which is as cheap as about 5 to 7 dollars. On the other hand, you should expect to pay around 250 to 300 dollars for a high-quality wallet.</p>\n\n<p>In case you need a wallet to use for a long time, it is a good idea that you should invest a decent amount of money on a wallet. A high quality wallet from a reputational brand with the premium quality such as cowhide leather will last for a long time. In addition, it is an accessory to show off your fashion sense and your social status.</p>\n\n<p style=\"text-align:center\"><img alt=\"f2\" height=\"400\" src=\"/storage/news/5.jpg\" /></p>\n\n<p>&nbsp;</p>\n','published',1,'Botble\\ACL\\Models\\User',1,'news/5.jpg',1575,NULL,'2022-01-03 21:19:40','2022-01-03 21:19:40'),(6,'We\'re Crushing Hard on Summer\'s 10 Biggest Bag Trends','You should pay more attention when you choose your wallets. There are a lot of them on the market with the different designs and styles. When you choose carefully, you would be able to buy a wallet that is catered to your needs. Not to mention that it will help to enhance your style significantly.','<p>I have seen many people underestimating the power of their wallets. To them, they are just a functional item they use to carry. As a result, they often end up with the wallets which are not really suitable for them.</p>\n\n<p>You should pay more attention when you choose your wallets. There are a lot of them on the market with the different designs and styles. When you choose carefully, you would be able to buy a wallet that is catered to your needs. Not to mention that it will help to enhance your style significantly.</p>\n\n<p style=\"text-align:center\"><img alt=\"f4\" src=\"/storage/news/1.jpg\" /></p>\n\n<p><br />\n&nbsp;</p>\n\n<p><strong><em>For all of the reason above, here are 7 expert tips to help you pick up the right men&rsquo;s wallet for you:</em></strong></p>\n\n<h4><strong>Number 1: Choose A Neat Wallet</strong></h4>\n\n<p>The wallet is an essential accessory that you should go simple. Simplicity is the best in this case. A simple and neat wallet with the plain color and even&nbsp;<strong>minimalist style</strong>&nbsp;is versatile. It can be used for both formal and casual events. In addition, that wallet will go well with most of the clothes in your wardrobe.</p>\n\n<p>Keep in mind that a wallet will tell other people about your personality and your fashion sense as much as other clothes you put on. Hence, don&rsquo;t go cheesy on your wallet or else people will think that you have a funny and particular style.</p>\n\n<p style=\"text-align:center\"><img alt=\"f5\" src=\"/storage/news/2.jpg\" /></p>\n\n<p><br />\n&nbsp;</p>\n<hr />\n<h4><strong>Number 2: Choose The Right Size For Your Wallet</strong></h4>\n\n<p>You should avoid having an over-sized wallet. Don&rsquo;t think that you need to buy a big wallet because you have a lot to carry with you. In addition, a fat wallet is very ugly. It will make it harder for you to slide the wallet into your trousers&rsquo; pocket. In addition, it will create a bulge and ruin your look.</p>\n\n<p>Before you go on to buy a new wallet, clean out your wallet and place all of the items from your wallet on a table. Throw away things that you would never need any more such as the old bills or the expired gift cards. Remember to check your wallet on a frequent basis to get rid of all of the old stuff that you don&rsquo;t need anymore.</p>\n\n<p style=\"text-align:center\"><img alt=\"f1\" src=\"/storage/news/3.jpg\" /></p>\n\n<p><br />\n&nbsp;</p>\n\n<hr />\n<h4><strong>Number 3: Don&rsquo;t Limit Your Options Of Materials</strong></h4>\n\n<p>The types and designs of wallets are not the only things that you should consider when you go out searching for your best wallet. You have more than 1 option of material rather than leather to choose from as well.</p>\n\n<p>You can experiment with other available options such as cotton, polyester and canvas. They all have their own pros and cons. As a result, they will be suitable for different needs and requirements. You should think about them all in order to choose the material which you would like the most.</p>\n\n<p style=\"text-align:center\"><img alt=\"f6\" height=\"375\" src=\"/storage/news/4.jpg\" /></p>\n\n<p><br />\n&nbsp;</p>\n\n<hr />\n<h4><strong>Number 4: Consider A Wallet As A Long Term Investment</strong></h4>\n\n<p>Your wallet is indeed an investment that you should consider spending a decent amount of time and effort on it. Another factor that you need to consider is how much you want to spend on your wallet. The price ranges of wallets on the market vary a great deal. You can find a wallet which is as cheap as about 5 to 7 dollars. On the other hand, you should expect to pay around 250 to 300 dollars for a high-quality wallet.</p>\n\n<p>In case you need a wallet to use for a long time, it is a good idea that you should invest a decent amount of money on a wallet. A high quality wallet from a reputational brand with the premium quality such as cowhide leather will last for a long time. In addition, it is an accessory to show off your fashion sense and your social status.</p>\n\n<p style=\"text-align:center\"><img alt=\"f2\" height=\"400\" src=\"/storage/news/5.jpg\" /></p>\n\n<p>&nbsp;</p>\n','published',1,'Botble\\ACL\\Models\\User',1,'news/6.jpg',2065,NULL,'2022-01-03 21:19:40','2022-01-03 21:19:40'),(7,'Essential Qualities of Highly Successful Music','You should pay more attention when you choose your wallets. There are a lot of them on the market with the different designs and styles. When you choose carefully, you would be able to buy a wallet that is catered to your needs. Not to mention that it will help to enhance your style significantly.','<p>I have seen many people underestimating the power of their wallets. To them, they are just a functional item they use to carry. As a result, they often end up with the wallets which are not really suitable for them.</p>\n\n<p>You should pay more attention when you choose your wallets. There are a lot of them on the market with the different designs and styles. When you choose carefully, you would be able to buy a wallet that is catered to your needs. Not to mention that it will help to enhance your style significantly.</p>\n\n<p style=\"text-align:center\"><img alt=\"f4\" src=\"/storage/news/1.jpg\" /></p>\n\n<p><br />\n&nbsp;</p>\n\n<p><strong><em>For all of the reason above, here are 7 expert tips to help you pick up the right men&rsquo;s wallet for you:</em></strong></p>\n\n<h4><strong>Number 1: Choose A Neat Wallet</strong></h4>\n\n<p>The wallet is an essential accessory that you should go simple. Simplicity is the best in this case. A simple and neat wallet with the plain color and even&nbsp;<strong>minimalist style</strong>&nbsp;is versatile. It can be used for both formal and casual events. In addition, that wallet will go well with most of the clothes in your wardrobe.</p>\n\n<p>Keep in mind that a wallet will tell other people about your personality and your fashion sense as much as other clothes you put on. Hence, don&rsquo;t go cheesy on your wallet or else people will think that you have a funny and particular style.</p>\n\n<p style=\"text-align:center\"><img alt=\"f5\" src=\"/storage/news/2.jpg\" /></p>\n\n<p><br />\n&nbsp;</p>\n<hr />\n<h4><strong>Number 2: Choose The Right Size For Your Wallet</strong></h4>\n\n<p>You should avoid having an over-sized wallet. Don&rsquo;t think that you need to buy a big wallet because you have a lot to carry with you. In addition, a fat wallet is very ugly. It will make it harder for you to slide the wallet into your trousers&rsquo; pocket. In addition, it will create a bulge and ruin your look.</p>\n\n<p>Before you go on to buy a new wallet, clean out your wallet and place all of the items from your wallet on a table. Throw away things that you would never need any more such as the old bills or the expired gift cards. Remember to check your wallet on a frequent basis to get rid of all of the old stuff that you don&rsquo;t need anymore.</p>\n\n<p style=\"text-align:center\"><img alt=\"f1\" src=\"/storage/news/3.jpg\" /></p>\n\n<p><br />\n&nbsp;</p>\n\n<hr />\n<h4><strong>Number 3: Don&rsquo;t Limit Your Options Of Materials</strong></h4>\n\n<p>The types and designs of wallets are not the only things that you should consider when you go out searching for your best wallet. You have more than 1 option of material rather than leather to choose from as well.</p>\n\n<p>You can experiment with other available options such as cotton, polyester and canvas. They all have their own pros and cons. As a result, they will be suitable for different needs and requirements. You should think about them all in order to choose the material which you would like the most.</p>\n\n<p style=\"text-align:center\"><img alt=\"f6\" height=\"375\" src=\"/storage/news/4.jpg\" /></p>\n\n<p><br />\n&nbsp;</p>\n\n<hr />\n<h4><strong>Number 4: Consider A Wallet As A Long Term Investment</strong></h4>\n\n<p>Your wallet is indeed an investment that you should consider spending a decent amount of time and effort on it. Another factor that you need to consider is how much you want to spend on your wallet. The price ranges of wallets on the market vary a great deal. You can find a wallet which is as cheap as about 5 to 7 dollars. On the other hand, you should expect to pay around 250 to 300 dollars for a high-quality wallet.</p>\n\n<p>In case you need a wallet to use for a long time, it is a good idea that you should invest a decent amount of money on a wallet. A high quality wallet from a reputational brand with the premium quality such as cowhide leather will last for a long time. In addition, it is an accessory to show off your fashion sense and your social status.</p>\n\n<p style=\"text-align:center\"><img alt=\"f2\" height=\"400\" src=\"/storage/news/5.jpg\" /></p>\n\n<p>&nbsp;</p>\n','published',1,'Botble\\ACL\\Models\\User',1,'news/7.jpg',1296,NULL,'2022-01-03 21:19:40','2022-01-03 21:19:40'),(8,'9 Things I Love About Shaving My Head','You should pay more attention when you choose your wallets. There are a lot of them on the market with the different designs and styles. When you choose carefully, you would be able to buy a wallet that is catered to your needs. Not to mention that it will help to enhance your style significantly.','<p>I have seen many people underestimating the power of their wallets. To them, they are just a functional item they use to carry. As a result, they often end up with the wallets which are not really suitable for them.</p>\n\n<p>You should pay more attention when you choose your wallets. There are a lot of them on the market with the different designs and styles. When you choose carefully, you would be able to buy a wallet that is catered to your needs. Not to mention that it will help to enhance your style significantly.</p>\n\n<p style=\"text-align:center\"><img alt=\"f4\" src=\"/storage/news/1.jpg\" /></p>\n\n<p><br />\n&nbsp;</p>\n\n<p><strong><em>For all of the reason above, here are 7 expert tips to help you pick up the right men&rsquo;s wallet for you:</em></strong></p>\n\n<h4><strong>Number 1: Choose A Neat Wallet</strong></h4>\n\n<p>The wallet is an essential accessory that you should go simple. Simplicity is the best in this case. A simple and neat wallet with the plain color and even&nbsp;<strong>minimalist style</strong>&nbsp;is versatile. It can be used for both formal and casual events. In addition, that wallet will go well with most of the clothes in your wardrobe.</p>\n\n<p>Keep in mind that a wallet will tell other people about your personality and your fashion sense as much as other clothes you put on. Hence, don&rsquo;t go cheesy on your wallet or else people will think that you have a funny and particular style.</p>\n\n<p style=\"text-align:center\"><img alt=\"f5\" src=\"/storage/news/2.jpg\" /></p>\n\n<p><br />\n&nbsp;</p>\n<hr />\n<h4><strong>Number 2: Choose The Right Size For Your Wallet</strong></h4>\n\n<p>You should avoid having an over-sized wallet. Don&rsquo;t think that you need to buy a big wallet because you have a lot to carry with you. In addition, a fat wallet is very ugly. It will make it harder for you to slide the wallet into your trousers&rsquo; pocket. In addition, it will create a bulge and ruin your look.</p>\n\n<p>Before you go on to buy a new wallet, clean out your wallet and place all of the items from your wallet on a table. Throw away things that you would never need any more such as the old bills or the expired gift cards. Remember to check your wallet on a frequent basis to get rid of all of the old stuff that you don&rsquo;t need anymore.</p>\n\n<p style=\"text-align:center\"><img alt=\"f1\" src=\"/storage/news/3.jpg\" /></p>\n\n<p><br />\n&nbsp;</p>\n\n<hr />\n<h4><strong>Number 3: Don&rsquo;t Limit Your Options Of Materials</strong></h4>\n\n<p>The types and designs of wallets are not the only things that you should consider when you go out searching for your best wallet. You have more than 1 option of material rather than leather to choose from as well.</p>\n\n<p>You can experiment with other available options such as cotton, polyester and canvas. They all have their own pros and cons. As a result, they will be suitable for different needs and requirements. You should think about them all in order to choose the material which you would like the most.</p>\n\n<p style=\"text-align:center\"><img alt=\"f6\" height=\"375\" src=\"/storage/news/4.jpg\" /></p>\n\n<p><br />\n&nbsp;</p>\n\n<hr />\n<h4><strong>Number 4: Consider A Wallet As A Long Term Investment</strong></h4>\n\n<p>Your wallet is indeed an investment that you should consider spending a decent amount of time and effort on it. Another factor that you need to consider is how much you want to spend on your wallet. The price ranges of wallets on the market vary a great deal. You can find a wallet which is as cheap as about 5 to 7 dollars. On the other hand, you should expect to pay around 250 to 300 dollars for a high-quality wallet.</p>\n\n<p>In case you need a wallet to use for a long time, it is a good idea that you should invest a decent amount of money on a wallet. A high quality wallet from a reputational brand with the premium quality such as cowhide leather will last for a long time. In addition, it is an accessory to show off your fashion sense and your social status.</p>\n\n<p style=\"text-align:center\"><img alt=\"f2\" height=\"400\" src=\"/storage/news/5.jpg\" /></p>\n\n<p>&nbsp;</p>\n','published',1,'Botble\\ACL\\Models\\User',1,'news/8.jpg',190,NULL,'2022-01-03 21:19:40','2022-01-03 21:19:40'),(9,'Why Teamwork Really Makes The Dream Work','You should pay more attention when you choose your wallets. There are a lot of them on the market with the different designs and styles. When you choose carefully, you would be able to buy a wallet that is catered to your needs. Not to mention that it will help to enhance your style significantly.','<p>I have seen many people underestimating the power of their wallets. To them, they are just a functional item they use to carry. As a result, they often end up with the wallets which are not really suitable for them.</p>\n\n<p>You should pay more attention when you choose your wallets. There are a lot of them on the market with the different designs and styles. When you choose carefully, you would be able to buy a wallet that is catered to your needs. Not to mention that it will help to enhance your style significantly.</p>\n\n<p style=\"text-align:center\"><img alt=\"f4\" src=\"/storage/news/1.jpg\" /></p>\n\n<p><br />\n&nbsp;</p>\n\n<p><strong><em>For all of the reason above, here are 7 expert tips to help you pick up the right men&rsquo;s wallet for you:</em></strong></p>\n\n<h4><strong>Number 1: Choose A Neat Wallet</strong></h4>\n\n<p>The wallet is an essential accessory that you should go simple. Simplicity is the best in this case. A simple and neat wallet with the plain color and even&nbsp;<strong>minimalist style</strong>&nbsp;is versatile. It can be used for both formal and casual events. In addition, that wallet will go well with most of the clothes in your wardrobe.</p>\n\n<p>Keep in mind that a wallet will tell other people about your personality and your fashion sense as much as other clothes you put on. Hence, don&rsquo;t go cheesy on your wallet or else people will think that you have a funny and particular style.</p>\n\n<p style=\"text-align:center\"><img alt=\"f5\" src=\"/storage/news/2.jpg\" /></p>\n\n<p><br />\n&nbsp;</p>\n<hr />\n<h4><strong>Number 2: Choose The Right Size For Your Wallet</strong></h4>\n\n<p>You should avoid having an over-sized wallet. Don&rsquo;t think that you need to buy a big wallet because you have a lot to carry with you. In addition, a fat wallet is very ugly. It will make it harder for you to slide the wallet into your trousers&rsquo; pocket. In addition, it will create a bulge and ruin your look.</p>\n\n<p>Before you go on to buy a new wallet, clean out your wallet and place all of the items from your wallet on a table. Throw away things that you would never need any more such as the old bills or the expired gift cards. Remember to check your wallet on a frequent basis to get rid of all of the old stuff that you don&rsquo;t need anymore.</p>\n\n<p style=\"text-align:center\"><img alt=\"f1\" src=\"/storage/news/3.jpg\" /></p>\n\n<p><br />\n&nbsp;</p>\n\n<hr />\n<h4><strong>Number 3: Don&rsquo;t Limit Your Options Of Materials</strong></h4>\n\n<p>The types and designs of wallets are not the only things that you should consider when you go out searching for your best wallet. You have more than 1 option of material rather than leather to choose from as well.</p>\n\n<p>You can experiment with other available options such as cotton, polyester and canvas. They all have their own pros and cons. As a result, they will be suitable for different needs and requirements. You should think about them all in order to choose the material which you would like the most.</p>\n\n<p style=\"text-align:center\"><img alt=\"f6\" height=\"375\" src=\"/storage/news/4.jpg\" /></p>\n\n<p><br />\n&nbsp;</p>\n\n<hr />\n<h4><strong>Number 4: Consider A Wallet As A Long Term Investment</strong></h4>\n\n<p>Your wallet is indeed an investment that you should consider spending a decent amount of time and effort on it. Another factor that you need to consider is how much you want to spend on your wallet. The price ranges of wallets on the market vary a great deal. You can find a wallet which is as cheap as about 5 to 7 dollars. On the other hand, you should expect to pay around 250 to 300 dollars for a high-quality wallet.</p>\n\n<p>In case you need a wallet to use for a long time, it is a good idea that you should invest a decent amount of money on a wallet. A high quality wallet from a reputational brand with the premium quality such as cowhide leather will last for a long time. In addition, it is an accessory to show off your fashion sense and your social status.</p>\n\n<p style=\"text-align:center\"><img alt=\"f2\" height=\"400\" src=\"/storage/news/5.jpg\" /></p>\n\n<p>&nbsp;</p>\n','published',1,'Botble\\ACL\\Models\\User',1,'news/9.jpg',663,NULL,'2022-01-03 21:19:40','2022-01-03 21:19:40'),(10,'The World Caters to Average People','You should pay more attention when you choose your wallets. There are a lot of them on the market with the different designs and styles. When you choose carefully, you would be able to buy a wallet that is catered to your needs. Not to mention that it will help to enhance your style significantly.','<p>I have seen many people underestimating the power of their wallets. To them, they are just a functional item they use to carry. As a result, they often end up with the wallets which are not really suitable for them.</p>\n\n<p>You should pay more attention when you choose your wallets. There are a lot of them on the market with the different designs and styles. When you choose carefully, you would be able to buy a wallet that is catered to your needs. Not to mention that it will help to enhance your style significantly.</p>\n\n<p style=\"text-align:center\"><img alt=\"f4\" src=\"/storage/news/1.jpg\" /></p>\n\n<p><br />\n&nbsp;</p>\n\n<p><strong><em>For all of the reason above, here are 7 expert tips to help you pick up the right men&rsquo;s wallet for you:</em></strong></p>\n\n<h4><strong>Number 1: Choose A Neat Wallet</strong></h4>\n\n<p>The wallet is an essential accessory that you should go simple. Simplicity is the best in this case. A simple and neat wallet with the plain color and even&nbsp;<strong>minimalist style</strong>&nbsp;is versatile. It can be used for both formal and casual events. In addition, that wallet will go well with most of the clothes in your wardrobe.</p>\n\n<p>Keep in mind that a wallet will tell other people about your personality and your fashion sense as much as other clothes you put on. Hence, don&rsquo;t go cheesy on your wallet or else people will think that you have a funny and particular style.</p>\n\n<p style=\"text-align:center\"><img alt=\"f5\" src=\"/storage/news/2.jpg\" /></p>\n\n<p><br />\n&nbsp;</p>\n<hr />\n<h4><strong>Number 2: Choose The Right Size For Your Wallet</strong></h4>\n\n<p>You should avoid having an over-sized wallet. Don&rsquo;t think that you need to buy a big wallet because you have a lot to carry with you. In addition, a fat wallet is very ugly. It will make it harder for you to slide the wallet into your trousers&rsquo; pocket. In addition, it will create a bulge and ruin your look.</p>\n\n<p>Before you go on to buy a new wallet, clean out your wallet and place all of the items from your wallet on a table. Throw away things that you would never need any more such as the old bills or the expired gift cards. Remember to check your wallet on a frequent basis to get rid of all of the old stuff that you don&rsquo;t need anymore.</p>\n\n<p style=\"text-align:center\"><img alt=\"f1\" src=\"/storage/news/3.jpg\" /></p>\n\n<p><br />\n&nbsp;</p>\n\n<hr />\n<h4><strong>Number 3: Don&rsquo;t Limit Your Options Of Materials</strong></h4>\n\n<p>The types and designs of wallets are not the only things that you should consider when you go out searching for your best wallet. You have more than 1 option of material rather than leather to choose from as well.</p>\n\n<p>You can experiment with other available options such as cotton, polyester and canvas. They all have their own pros and cons. As a result, they will be suitable for different needs and requirements. You should think about them all in order to choose the material which you would like the most.</p>\n\n<p style=\"text-align:center\"><img alt=\"f6\" height=\"375\" src=\"/storage/news/4.jpg\" /></p>\n\n<p><br />\n&nbsp;</p>\n\n<hr />\n<h4><strong>Number 4: Consider A Wallet As A Long Term Investment</strong></h4>\n\n<p>Your wallet is indeed an investment that you should consider spending a decent amount of time and effort on it. Another factor that you need to consider is how much you want to spend on your wallet. The price ranges of wallets on the market vary a great deal. You can find a wallet which is as cheap as about 5 to 7 dollars. On the other hand, you should expect to pay around 250 to 300 dollars for a high-quality wallet.</p>\n\n<p>In case you need a wallet to use for a long time, it is a good idea that you should invest a decent amount of money on a wallet. A high quality wallet from a reputational brand with the premium quality such as cowhide leather will last for a long time. In addition, it is an accessory to show off your fashion sense and your social status.</p>\n\n<p style=\"text-align:center\"><img alt=\"f2\" height=\"400\" src=\"/storage/news/5.jpg\" /></p>\n\n<p>&nbsp;</p>\n','published',1,'Botble\\ACL\\Models\\User',1,'news/10.jpg',831,NULL,'2022-01-03 21:19:40','2022-01-03 21:19:40'),(11,'The litigants on the screen are not actors','You should pay more attention when you choose your wallets. There are a lot of them on the market with the different designs and styles. When you choose carefully, you would be able to buy a wallet that is catered to your needs. Not to mention that it will help to enhance your style significantly.','<p>I have seen many people underestimating the power of their wallets. To them, they are just a functional item they use to carry. As a result, they often end up with the wallets which are not really suitable for them.</p>\n\n<p>You should pay more attention when you choose your wallets. There are a lot of them on the market with the different designs and styles. When you choose carefully, you would be able to buy a wallet that is catered to your needs. Not to mention that it will help to enhance your style significantly.</p>\n\n<p style=\"text-align:center\"><img alt=\"f4\" src=\"/storage/news/1.jpg\" /></p>\n\n<p><br />\n&nbsp;</p>\n\n<p><strong><em>For all of the reason above, here are 7 expert tips to help you pick up the right men&rsquo;s wallet for you:</em></strong></p>\n\n<h4><strong>Number 1: Choose A Neat Wallet</strong></h4>\n\n<p>The wallet is an essential accessory that you should go simple. Simplicity is the best in this case. A simple and neat wallet with the plain color and even&nbsp;<strong>minimalist style</strong>&nbsp;is versatile. It can be used for both formal and casual events. In addition, that wallet will go well with most of the clothes in your wardrobe.</p>\n\n<p>Keep in mind that a wallet will tell other people about your personality and your fashion sense as much as other clothes you put on. Hence, don&rsquo;t go cheesy on your wallet or else people will think that you have a funny and particular style.</p>\n\n<p style=\"text-align:center\"><img alt=\"f5\" src=\"/storage/news/2.jpg\" /></p>\n\n<p><br />\n&nbsp;</p>\n<hr />\n<h4><strong>Number 2: Choose The Right Size For Your Wallet</strong></h4>\n\n<p>You should avoid having an over-sized wallet. Don&rsquo;t think that you need to buy a big wallet because you have a lot to carry with you. In addition, a fat wallet is very ugly. It will make it harder for you to slide the wallet into your trousers&rsquo; pocket. In addition, it will create a bulge and ruin your look.</p>\n\n<p>Before you go on to buy a new wallet, clean out your wallet and place all of the items from your wallet on a table. Throw away things that you would never need any more such as the old bills or the expired gift cards. Remember to check your wallet on a frequent basis to get rid of all of the old stuff that you don&rsquo;t need anymore.</p>\n\n<p style=\"text-align:center\"><img alt=\"f1\" src=\"/storage/news/3.jpg\" /></p>\n\n<p><br />\n&nbsp;</p>\n\n<hr />\n<h4><strong>Number 3: Don&rsquo;t Limit Your Options Of Materials</strong></h4>\n\n<p>The types and designs of wallets are not the only things that you should consider when you go out searching for your best wallet. You have more than 1 option of material rather than leather to choose from as well.</p>\n\n<p>You can experiment with other available options such as cotton, polyester and canvas. They all have their own pros and cons. As a result, they will be suitable for different needs and requirements. You should think about them all in order to choose the material which you would like the most.</p>\n\n<p style=\"text-align:center\"><img alt=\"f6\" height=\"375\" src=\"/storage/news/4.jpg\" /></p>\n\n<p><br />\n&nbsp;</p>\n\n<hr />\n<h4><strong>Number 4: Consider A Wallet As A Long Term Investment</strong></h4>\n\n<p>Your wallet is indeed an investment that you should consider spending a decent amount of time and effort on it. Another factor that you need to consider is how much you want to spend on your wallet. The price ranges of wallets on the market vary a great deal. You can find a wallet which is as cheap as about 5 to 7 dollars. On the other hand, you should expect to pay around 250 to 300 dollars for a high-quality wallet.</p>\n\n<p>In case you need a wallet to use for a long time, it is a good idea that you should invest a decent amount of money on a wallet. A high quality wallet from a reputational brand with the premium quality such as cowhide leather will last for a long time. In addition, it is an accessory to show off your fashion sense and your social status.</p>\n\n<p style=\"text-align:center\"><img alt=\"f2\" height=\"400\" src=\"/storage/news/5.jpg\" /></p>\n\n<p>&nbsp;</p>\n','published',1,'Botble\\ACL\\Models\\User',0,'news/11.jpg',960,NULL,'2022-01-03 21:19:40','2022-01-03 21:19:40');

--
-- Table structure for table `posts_translations`
--

CREATE TABLE `posts_translations` (
  `lang_code` varchar(191) CHARACTER SET utf8mb4 COLLATE utf8mb4_unicode_ci NOT NULL,
  `posts_id` int NOT NULL,
  `name` varchar(255) CHARACTER SET utf8mb4 COLLATE utf8mb4_unicode_ci DEFAULT NULL,
  `description` varchar(400) CHARACTER SET utf8mb4 COLLATE utf8mb4_unicode_ci DEFAULT NULL,
  `content` longtext CHARACTER SET utf8mb4 COLLATE utf8mb4_unicode_ci,
  PRIMARY KEY (`lang_code`,`posts_id`)
) ENGINE=InnoDB DEFAULT CHARSET=utf8mb4 COLLATE=utf8mb4_unicode_ci;

--
-- Dumping data for table `posts_translations`
--

INSERT INTO `posts_translations` VALUES ('vi',1,'4 Lời khuyên của Chuyên gia về Cách Chọn Ví Nam Phù hợp','Bạn nên chú ý hơn khi chọn ví. Có rất nhiều trong số chúng trên thị trường với các mẫu mã và phong cách khác nhau. Khi bạn lựa chọn cẩn thận, bạn sẽ có thể mua một chiếc ví phù hợp với nhu cầu của bạn. Chưa kể nó sẽ giúp nâng tầm phong cách của bạn một cách đáng kể.','<p>I have seen many people underestimating the power of their wallets. To them, they are just a functional item they use to carry. As a result, they often end up with the wallets which are not really suitable for them.</p>\n\n<p>You should pay more attention when you choose your wallets. There are a lot of them on the market with the different designs and styles. When you choose carefully, you would be able to buy a wallet that is catered to your needs. Not to mention that it will help to enhance your style significantly.</p>\n\n<p style=\"text-align:center\"><img alt=\"f4\" src=\"/storage/news/1.jpg\" /></p>\n\n<p><br />\n&nbsp;</p>\n\n<p><strong><em>For all of the reason above, here are 7 expert tips to help you pick up the right men&rsquo;s wallet for you:</em></strong></p>\n\n<h4><strong>Number 1: Choose A Neat Wallet</strong></h4>\n\n<p>The wallet is an essential accessory that you should go simple. Simplicity is the best in this case. A simple and neat wallet with the plain color and even&nbsp;<strong>minimalist style</strong>&nbsp;is versatile. It can be used for both formal and casual events. In addition, that wallet will go well with most of the clothes in your wardrobe.</p>\n\n<p>Keep in mind that a wallet will tell other people about your personality and your fashion sense as much as other clothes you put on. Hence, don&rsquo;t go cheesy on your wallet or else people will think that you have a funny and particular style.</p>\n\n<p style=\"text-align:center\"><img alt=\"f5\" src=\"/storage/news/2.jpg\" /></p>\n\n<p><br />\n&nbsp;</p>\n<hr />\n<h4><strong>Number 2: Choose The Right Size For Your Wallet</strong></h4>\n\n<p>You should avoid having an over-sized wallet. Don&rsquo;t think that you need to buy a big wallet because you have a lot to carry with you. In addition, a fat wallet is very ugly. It will make it harder for you to slide the wallet into your trousers&rsquo; pocket. In addition, it will create a bulge and ruin your look.</p>\n\n<p>Before you go on to buy a new wallet, clean out your wallet and place all of the items from your wallet on a table. Throw away things that you would never need any more such as the old bills or the expired gift cards. Remember to check your wallet on a frequent basis to get rid of all of the old stuff that you don&rsquo;t need anymore.</p>\n\n<p style=\"text-align:center\"><img alt=\"f1\" src=\"/storage/news/3.jpg\" /></p>\n\n<p><br />\n&nbsp;</p>\n\n<hr />\n<h4><strong>Number 3: Don&rsquo;t Limit Your Options Of Materials</strong></h4>\n\n<p>The types and designs of wallets are not the only things that you should consider when you go out searching for your best wallet. You have more than 1 option of material rather than leather to choose from as well.</p>\n\n<p>You can experiment with other available options such as cotton, polyester and canvas. They all have their own pros and cons. As a result, they will be suitable for different needs and requirements. You should think about them all in order to choose the material which you would like the most.</p>\n\n<p style=\"text-align:center\"><img alt=\"f6\" height=\"375\" src=\"/storage/news/4.jpg\" /></p>\n\n<p><br />\n&nbsp;</p>\n\n<hr />\n<h4><strong>Number 4: Consider A Wallet As A Long Term Investment</strong></h4>\n\n<p>Your wallet is indeed an investment that you should consider spending a decent amount of time and effort on it. Another factor that you need to consider is how much you want to spend on your wallet. The price ranges of wallets on the market vary a great deal. You can find a wallet which is as cheap as about 5 to 7 dollars. On the other hand, you should expect to pay around 250 to 300 dollars for a high-quality wallet.</p>\n\n<p>In case you need a wallet to use for a long time, it is a good idea that you should invest a decent amount of money on a wallet. A high quality wallet from a reputational brand with the premium quality such as cowhide leather will last for a long time. In addition, it is an accessory to show off your fashion sense and your social status.</p>\n\n<p style=\"text-align:center\"><img alt=\"f2\" height=\"400\" src=\"/storage/news/5.jpg\" /></p>\n\n<p>&nbsp;</p>\n'),('vi',2,'Sexy Clutches: Cách Mua & Đeo Túi Clutch Thiết kế','Bạn nên chú ý hơn khi chọn ví. Có rất nhiều trong số chúng trên thị trường với các mẫu mã và phong cách khác nhau. Khi bạn lựa chọn cẩn thận, bạn sẽ có thể mua một chiếc ví phù hợp với nhu cầu của bạn. Chưa kể nó sẽ giúp nâng tầm phong cách của bạn một cách đáng kể.','<p>I have seen many people underestimating the power of their wallets. To them, they are just a functional item they use to carry. As a result, they often end up with the wallets which are not really suitable for them.</p>\n\n<p>You should pay more attention when you choose your wallets. There are a lot of them on the market with the different designs and styles. When you choose carefully, you would be able to buy a wallet that is catered to your needs. Not to mention that it will help to enhance your style significantly.</p>\n\n<p style=\"text-align:center\"><img alt=\"f4\" src=\"/storage/news/1.jpg\" /></p>\n\n<p><br />\n&nbsp;</p>\n\n<p><strong><em>For all of the reason above, here are 7 expert tips to help you pick up the right men&rsquo;s wallet for you:</em></strong></p>\n\n<h4><strong>Number 1: Choose A Neat Wallet</strong></h4>\n\n<p>The wallet is an essential accessory that you should go simple. Simplicity is the best in this case. A simple and neat wallet with the plain color and even&nbsp;<strong>minimalist style</strong>&nbsp;is versatile. It can be used for both formal and casual events. In addition, that wallet will go well with most of the clothes in your wardrobe.</p>\n\n<p>Keep in mind that a wallet will tell other people about your personality and your fashion sense as much as other clothes you put on. Hence, don&rsquo;t go cheesy on your wallet or else people will think that you have a funny and particular style.</p>\n\n<p style=\"text-align:center\"><img alt=\"f5\" src=\"/storage/news/2.jpg\" /></p>\n\n<p><br />\n&nbsp;</p>\n<hr />\n<h4><strong>Number 2: Choose The Right Size For Your Wallet</strong></h4>\n\n<p>You should avoid having an over-sized wallet. Don&rsquo;t think that you need to buy a big wallet because you have a lot to carry with you. In addition, a fat wallet is very ugly. It will make it harder for you to slide the wallet into your trousers&rsquo; pocket. In addition, it will create a bulge and ruin your look.</p>\n\n<p>Before you go on to buy a new wallet, clean out your wallet and place all of the items from your wallet on a table. Throw away things that you would never need any more such as the old bills or the expired gift cards. Remember to check your wallet on a frequent basis to get rid of all of the old stuff that you don&rsquo;t need anymore.</p>\n\n<p style=\"text-align:center\"><img alt=\"f1\" src=\"/storage/news/3.jpg\" /></p>\n\n<p><br />\n&nbsp;</p>\n\n<hr />\n<h4><strong>Number 3: Don&rsquo;t Limit Your Options Of Materials</strong></h4>\n\n<p>The types and designs of wallets are not the only things that you should consider when you go out searching for your best wallet. You have more than 1 option of material rather than leather to choose from as well.</p>\n\n<p>You can experiment with other available options such as cotton, polyester and canvas. They all have their own pros and cons. As a result, they will be suitable for different needs and requirements. You should think about them all in order to choose the material which you would like the most.</p>\n\n<p style=\"text-align:center\"><img alt=\"f6\" height=\"375\" src=\"/storage/news/4.jpg\" /></p>\n\n<p><br />\n&nbsp;</p>\n\n<hr />\n<h4><strong>Number 4: Consider A Wallet As A Long Term Investment</strong></h4>\n\n<p>Your wallet is indeed an investment that you should consider spending a decent amount of time and effort on it. Another factor that you need to consider is how much you want to spend on your wallet. The price ranges of wallets on the market vary a great deal. You can find a wallet which is as cheap as about 5 to 7 dollars. On the other hand, you should expect to pay around 250 to 300 dollars for a high-quality wallet.</p>\n\n<p>In case you need a wallet to use for a long time, it is a good idea that you should invest a decent amount of money on a wallet. A high quality wallet from a reputational brand with the premium quality such as cowhide leather will last for a long time. In addition, it is an accessory to show off your fashion sense and your social status.</p>\n\n<p style=\"text-align:center\"><img alt=\"f2\" height=\"400\" src=\"/storage/news/5.jpg\" /></p>\n\n<p>&nbsp;</p>\n'),('vi',3,'Xu hướng túi xách hàng đầu năm 2020 cần biết','Bạn nên chú ý hơn khi chọn ví. Có rất nhiều trong số chúng trên thị trường với các mẫu mã và phong cách khác nhau. Khi bạn lựa chọn cẩn thận, bạn sẽ có thể mua một chiếc ví phù hợp với nhu cầu của bạn. Chưa kể nó sẽ giúp nâng tầm phong cách của bạn một cách đáng kể.','<p>I have seen many people underestimating the power of their wallets. To them, they are just a functional item they use to carry. As a result, they often end up with the wallets which are not really suitable for them.</p>\n\n<p>You should pay more attention when you choose your wallets. There are a lot of them on the market with the different designs and styles. When you choose carefully, you would be able to buy a wallet that is catered to your needs. Not to mention that it will help to enhance your style significantly.</p>\n\n<p style=\"text-align:center\"><img alt=\"f4\" src=\"/storage/news/1.jpg\" /></p>\n\n<p><br />\n&nbsp;</p>\n\n<p><strong><em>For all of the reason above, here are 7 expert tips to help you pick up the right men&rsquo;s wallet for you:</em></strong></p>\n\n<h4><strong>Number 1: Choose A Neat Wallet</strong></h4>\n\n<p>The wallet is an essential accessory that you should go simple. Simplicity is the best in this case. A simple and neat wallet with the plain color and even&nbsp;<strong>minimalist style</strong>&nbsp;is versatile. It can be used for both formal and casual events. In addition, that wallet will go well with most of the clothes in your wardrobe.</p>\n\n<p>Keep in mind that a wallet will tell other people about your personality and your fashion sense as much as other clothes you put on. Hence, don&rsquo;t go cheesy on your wallet or else people will think that you have a funny and particular style.</p>\n\n<p style=\"text-align:center\"><img alt=\"f5\" src=\"/storage/news/2.jpg\" /></p>\n\n<p><br />\n&nbsp;</p>\n<hr />\n<h4><strong>Number 2: Choose The Right Size For Your Wallet</strong></h4>\n\n<p>You should avoid having an over-sized wallet. Don&rsquo;t think that you need to buy a big wallet because you have a lot to carry with you. In addition, a fat wallet is very ugly. It will make it harder for you to slide the wallet into your trousers&rsquo; pocket. In addition, it will create a bulge and ruin your look.</p>\n\n<p>Before you go on to buy a new wallet, clean out your wallet and place all of the items from your wallet on a table. Throw away things that you would never need any more such as the old bills or the expired gift cards. Remember to check your wallet on a frequent basis to get rid of all of the old stuff that you don&rsquo;t need anymore.</p>\n\n<p style=\"text-align:center\"><img alt=\"f1\" src=\"/storage/news/3.jpg\" /></p>\n\n<p><br />\n&nbsp;</p>\n\n<hr />\n<h4><strong>Number 3: Don&rsquo;t Limit Your Options Of Materials</strong></h4>\n\n<p>The types and designs of wallets are not the only things that you should consider when you go out searching for your best wallet. You have more than 1 option of material rather than leather to choose from as well.</p>\n\n<p>You can experiment with other available options such as cotton, polyester and canvas. They all have their own pros and cons. As a result, they will be suitable for different needs and requirements. You should think about them all in order to choose the material which you would like the most.</p>\n\n<p style=\"text-align:center\"><img alt=\"f6\" height=\"375\" src=\"/storage/news/4.jpg\" /></p>\n\n<p><br />\n&nbsp;</p>\n\n<hr />\n<h4><strong>Number 4: Consider A Wallet As A Long Term Investment</strong></h4>\n\n<p>Your wallet is indeed an investment that you should consider spending a decent amount of time and effort on it. Another factor that you need to consider is how much you want to spend on your wallet. The price ranges of wallets on the market vary a great deal. You can find a wallet which is as cheap as about 5 to 7 dollars. On the other hand, you should expect to pay around 250 to 300 dollars for a high-quality wallet.</p>\n\n<p>In case you need a wallet to use for a long time, it is a good idea that you should invest a decent amount of money on a wallet. A high quality wallet from a reputational brand with the premium quality such as cowhide leather will last for a long time. In addition, it is an accessory to show off your fashion sense and your social status.</p>\n\n<p style=\"text-align:center\"><img alt=\"f2\" height=\"400\" src=\"/storage/news/5.jpg\" /></p>\n\n<p>&nbsp;</p>\n'),('vi',4,'Cách Phối Màu Túi Xách Của Bạn Với Trang Phục','Bạn nên chú ý hơn khi chọn ví. Có rất nhiều trong số chúng trên thị trường với các mẫu mã và phong cách khác nhau. Khi bạn lựa chọn cẩn thận, bạn sẽ có thể mua một chiếc ví phù hợp với nhu cầu của bạn. Chưa kể nó sẽ giúp nâng tầm phong cách của bạn một cách đáng kể.','<p>I have seen many people underestimating the power of their wallets. To them, they are just a functional item they use to carry. As a result, they often end up with the wallets which are not really suitable for them.</p>\n\n<p>You should pay more attention when you choose your wallets. There are a lot of them on the market with the different designs and styles. When you choose carefully, you would be able to buy a wallet that is catered to your needs. Not to mention that it will help to enhance your style significantly.</p>\n\n<p style=\"text-align:center\"><img alt=\"f4\" src=\"/storage/news/1.jpg\" /></p>\n\n<p><br />\n&nbsp;</p>\n\n<p><strong><em>For all of the reason above, here are 7 expert tips to help you pick up the right men&rsquo;s wallet for you:</em></strong></p>\n\n<h4><strong>Number 1: Choose A Neat Wallet</strong></h4>\n\n<p>The wallet is an essential accessory that you should go simple. Simplicity is the best in this case. A simple and neat wallet with the plain color and even&nbsp;<strong>minimalist style</strong>&nbsp;is versatile. It can be used for both formal and casual events. In addition, that wallet will go well with most of the clothes in your wardrobe.</p>\n\n<p>Keep in mind that a wallet will tell other people about your personality and your fashion sense as much as other clothes you put on. Hence, don&rsquo;t go cheesy on your wallet or else people will think that you have a funny and particular style.</p>\n\n<p style=\"text-align:center\"><img alt=\"f5\" src=\"/storage/news/2.jpg\" /></p>\n\n<p><br />\n&nbsp;</p>\n<hr />\n<h4><strong>Number 2: Choose The Right Size For Your Wallet</strong></h4>\n\n<p>You should avoid having an over-sized wallet. Don&rsquo;t think that you need to buy a big wallet because you have a lot to carry with you. In addition, a fat wallet is very ugly. It will make it harder for you to slide the wallet into your trousers&rsquo; pocket. In addition, it will create a bulge and ruin your look.</p>\n\n<p>Before you go on to buy a new wallet, clean out your wallet and place all of the items from your wallet on a table. Throw away things that you would never need any more such as the old bills or the expired gift cards. Remember to check your wallet on a frequent basis to get rid of all of the old stuff that you don&rsquo;t need anymore.</p>\n\n<p style=\"text-align:center\"><img alt=\"f1\" src=\"/storage/news/3.jpg\" /></p>\n\n<p><br />\n&nbsp;</p>\n\n<hr />\n<h4><strong>Number 3: Don&rsquo;t Limit Your Options Of Materials</strong></h4>\n\n<p>The types and designs of wallets are not the only things that you should consider when you go out searching for your best wallet. You have more than 1 option of material rather than leather to choose from as well.</p>\n\n<p>You can experiment with other available options such as cotton, polyester and canvas. They all have their own pros and cons. As a result, they will be suitable for different needs and requirements. You should think about them all in order to choose the material which you would like the most.</p>\n\n<p style=\"text-align:center\"><img alt=\"f6\" height=\"375\" src=\"/storage/news/4.jpg\" /></p>\n\n<p><br />\n&nbsp;</p>\n\n<hr />\n<h4><strong>Number 4: Consider A Wallet As A Long Term Investment</strong></h4>\n\n<p>Your wallet is indeed an investment that you should consider spending a decent amount of time and effort on it. Another factor that you need to consider is how much you want to spend on your wallet. The price ranges of wallets on the market vary a great deal. You can find a wallet which is as cheap as about 5 to 7 dollars. On the other hand, you should expect to pay around 250 to 300 dollars for a high-quality wallet.</p>\n\n<p>In case you need a wallet to use for a long time, it is a good idea that you should invest a decent amount of money on a wallet. A high quality wallet from a reputational brand with the premium quality such as cowhide leather will last for a long time. In addition, it is an accessory to show off your fashion sense and your social status.</p>\n\n<p style=\"text-align:center\"><img alt=\"f2\" height=\"400\" src=\"/storage/news/5.jpg\" /></p>\n\n<p>&nbsp;</p>\n'),('vi',5,'Cách Chăm sóc Túi Da','Bạn nên chú ý hơn khi chọn ví. Có rất nhiều trong số chúng trên thị trường với các mẫu mã và phong cách khác nhau. Khi bạn lựa chọn cẩn thận, bạn sẽ có thể mua một chiếc ví phù hợp với nhu cầu của bạn. Chưa kể nó sẽ giúp nâng tầm phong cách của bạn một cách đáng kể.','<p>I have seen many people underestimating the power of their wallets. To them, they are just a functional item they use to carry. As a result, they often end up with the wallets which are not really suitable for them.</p>\n\n<p>You should pay more attention when you choose your wallets. There are a lot of them on the market with the different designs and styles. When you choose carefully, you would be able to buy a wallet that is catered to your needs. Not to mention that it will help to enhance your style significantly.</p>\n\n<p style=\"text-align:center\"><img alt=\"f4\" src=\"/storage/news/1.jpg\" /></p>\n\n<p><br />\n&nbsp;</p>\n\n<p><strong><em>For all of the reason above, here are 7 expert tips to help you pick up the right men&rsquo;s wallet for you:</em></strong></p>\n\n<h4><strong>Number 1: Choose A Neat Wallet</strong></h4>\n\n<p>The wallet is an essential accessory that you should go simple. Simplicity is the best in this case. A simple and neat wallet with the plain color and even&nbsp;<strong>minimalist style</strong>&nbsp;is versatile. It can be used for both formal and casual events. In addition, that wallet will go well with most of the clothes in your wardrobe.</p>\n\n<p>Keep in mind that a wallet will tell other people about your personality and your fashion sense as much as other clothes you put on. Hence, don&rsquo;t go cheesy on your wallet or else people will think that you have a funny and particular style.</p>\n\n<p style=\"text-align:center\"><img alt=\"f5\" src=\"/storage/news/2.jpg\" /></p>\n\n<p><br />\n&nbsp;</p>\n<hr />\n<h4><strong>Number 2: Choose The Right Size For Your Wallet</strong></h4>\n\n<p>You should avoid having an over-sized wallet. Don&rsquo;t think that you need to buy a big wallet because you have a lot to carry with you. In addition, a fat wallet is very ugly. It will make it harder for you to slide the wallet into your trousers&rsquo; pocket. In addition, it will create a bulge and ruin your look.</p>\n\n<p>Before you go on to buy a new wallet, clean out your wallet and place all of the items from your wallet on a table. Throw away things that you would never need any more such as the old bills or the expired gift cards. Remember to check your wallet on a frequent basis to get rid of all of the old stuff that you don&rsquo;t need anymore.</p>\n\n<p style=\"text-align:center\"><img alt=\"f1\" src=\"/storage/news/3.jpg\" /></p>\n\n<p><br />\n&nbsp;</p>\n\n<hr />\n<h4><strong>Number 3: Don&rsquo;t Limit Your Options Of Materials</strong></h4>\n\n<p>The types and designs of wallets are not the only things that you should consider when you go out searching for your best wallet. You have more than 1 option of material rather than leather to choose from as well.</p>\n\n<p>You can experiment with other available options such as cotton, polyester and canvas. They all have their own pros and cons. As a result, they will be suitable for different needs and requirements. You should think about them all in order to choose the material which you would like the most.</p>\n\n<p style=\"text-align:center\"><img alt=\"f6\" height=\"375\" src=\"/storage/news/4.jpg\" /></p>\n\n<p><br />\n&nbsp;</p>\n\n<hr />\n<h4><strong>Number 4: Consider A Wallet As A Long Term Investment</strong></h4>\n\n<p>Your wallet is indeed an investment that you should consider spending a decent amount of time and effort on it. Another factor that you need to consider is how much you want to spend on your wallet. The price ranges of wallets on the market vary a great deal. You can find a wallet which is as cheap as about 5 to 7 dollars. On the other hand, you should expect to pay around 250 to 300 dollars for a high-quality wallet.</p>\n\n<p>In case you need a wallet to use for a long time, it is a good idea that you should invest a decent amount of money on a wallet. A high quality wallet from a reputational brand with the premium quality such as cowhide leather will last for a long time. In addition, it is an accessory to show off your fashion sense and your social status.</p>\n\n<p style=\"text-align:center\"><img alt=\"f2\" height=\"400\" src=\"/storage/news/5.jpg\" /></p>\n\n<p>&nbsp;</p>\n'),('vi',6,'Chúng tôi đang nghiền ngẫm 10 xu hướng túi lớn nhất của mùa hè','Bạn nên chú ý hơn khi chọn ví. Có rất nhiều trong số chúng trên thị trường với các mẫu mã và phong cách khác nhau. Khi bạn lựa chọn cẩn thận, bạn sẽ có thể mua một chiếc ví phù hợp với nhu cầu của bạn. Chưa kể nó sẽ giúp nâng tầm phong cách của bạn một cách đáng kể.','<p>I have seen many people underestimating the power of their wallets. To them, they are just a functional item they use to carry. As a result, they often end up with the wallets which are not really suitable for them.</p>\n\n<p>You should pay more attention when you choose your wallets. There are a lot of them on the market with the different designs and styles. When you choose carefully, you would be able to buy a wallet that is catered to your needs. Not to mention that it will help to enhance your style significantly.</p>\n\n<p style=\"text-align:center\"><img alt=\"f4\" src=\"/storage/news/1.jpg\" /></p>\n\n<p><br />\n&nbsp;</p>\n\n<p><strong><em>For all of the reason above, here are 7 expert tips to help you pick up the right men&rsquo;s wallet for you:</em></strong></p>\n\n<h4><strong>Number 1: Choose A Neat Wallet</strong></h4>\n\n<p>The wallet is an essential accessory that you should go simple. Simplicity is the best in this case. A simple and neat wallet with the plain color and even&nbsp;<strong>minimalist style</strong>&nbsp;is versatile. It can be used for both formal and casual events. In addition, that wallet will go well with most of the clothes in your wardrobe.</p>\n\n<p>Keep in mind that a wallet will tell other people about your personality and your fashion sense as much as other clothes you put on. Hence, don&rsquo;t go cheesy on your wallet or else people will think that you have a funny and particular style.</p>\n\n<p style=\"text-align:center\"><img alt=\"f5\" src=\"/storage/news/2.jpg\" /></p>\n\n<p><br />\n&nbsp;</p>\n<hr />\n<h4><strong>Number 2: Choose The Right Size For Your Wallet</strong></h4>\n\n<p>You should avoid having an over-sized wallet. Don&rsquo;t think that you need to buy a big wallet because you have a lot to carry with you. In addition, a fat wallet is very ugly. It will make it harder for you to slide the wallet into your trousers&rsquo; pocket. In addition, it will create a bulge and ruin your look.</p>\n\n<p>Before you go on to buy a new wallet, clean out your wallet and place all of the items from your wallet on a table. Throw away things that you would never need any more such as the old bills or the expired gift cards. Remember to check your wallet on a frequent basis to get rid of all of the old stuff that you don&rsquo;t need anymore.</p>\n\n<p style=\"text-align:center\"><img alt=\"f1\" src=\"/storage/news/3.jpg\" /></p>\n\n<p><br />\n&nbsp;</p>\n\n<hr />\n<h4><strong>Number 3: Don&rsquo;t Limit Your Options Of Materials</strong></h4>\n\n<p>The types and designs of wallets are not the only things that you should consider when you go out searching for your best wallet. You have more than 1 option of material rather than leather to choose from as well.</p>\n\n<p>You can experiment with other available options such as cotton, polyester and canvas. They all have their own pros and cons. As a result, they will be suitable for different needs and requirements. You should think about them all in order to choose the material which you would like the most.</p>\n\n<p style=\"text-align:center\"><img alt=\"f6\" height=\"375\" src=\"/storage/news/4.jpg\" /></p>\n\n<p><br />\n&nbsp;</p>\n\n<hr />\n<h4><strong>Number 4: Consider A Wallet As A Long Term Investment</strong></h4>\n\n<p>Your wallet is indeed an investment that you should consider spending a decent amount of time and effort on it. Another factor that you need to consider is how much you want to spend on your wallet. The price ranges of wallets on the market vary a great deal. You can find a wallet which is as cheap as about 5 to 7 dollars. On the other hand, you should expect to pay around 250 to 300 dollars for a high-quality wallet.</p>\n\n<p>In case you need a wallet to use for a long time, it is a good idea that you should invest a decent amount of money on a wallet. A high quality wallet from a reputational brand with the premium quality such as cowhide leather will last for a long time. In addition, it is an accessory to show off your fashion sense and your social status.</p>\n\n<p style=\"text-align:center\"><img alt=\"f2\" height=\"400\" src=\"/storage/news/5.jpg\" /></p>\n\n<p>&nbsp;</p>\n'),('vi',7,'Những phẩm chất cần thiết của âm nhạc thành công cao','Bạn nên chú ý hơn khi chọn ví. Có rất nhiều trong số chúng trên thị trường với các mẫu mã và phong cách khác nhau. Khi bạn lựa chọn cẩn thận, bạn sẽ có thể mua một chiếc ví phù hợp với nhu cầu của bạn. Chưa kể nó sẽ giúp nâng tầm phong cách của bạn một cách đáng kể.','<p>I have seen many people underestimating the power of their wallets. To them, they are just a functional item they use to carry. As a result, they often end up with the wallets which are not really suitable for them.</p>\n\n<p>You should pay more attention when you choose your wallets. There are a lot of them on the market with the different designs and styles. When you choose carefully, you would be able to buy a wallet that is catered to your needs. Not to mention that it will help to enhance your style significantly.</p>\n\n<p style=\"text-align:center\"><img alt=\"f4\" src=\"/storage/news/1.jpg\" /></p>\n\n<p><br />\n&nbsp;</p>\n\n<p><strong><em>For all of the reason above, here are 7 expert tips to help you pick up the right men&rsquo;s wallet for you:</em></strong></p>\n\n<h4><strong>Number 1: Choose A Neat Wallet</strong></h4>\n\n<p>The wallet is an essential accessory that you should go simple. Simplicity is the best in this case. A simple and neat wallet with the plain color and even&nbsp;<strong>minimalist style</strong>&nbsp;is versatile. It can be used for both formal and casual events. In addition, that wallet will go well with most of the clothes in your wardrobe.</p>\n\n<p>Keep in mind that a wallet will tell other people about your personality and your fashion sense as much as other clothes you put on. Hence, don&rsquo;t go cheesy on your wallet or else people will think that you have a funny and particular style.</p>\n\n<p style=\"text-align:center\"><img alt=\"f5\" src=\"/storage/news/2.jpg\" /></p>\n\n<p><br />\n&nbsp;</p>\n<hr />\n<h4><strong>Number 2: Choose The Right Size For Your Wallet</strong></h4>\n\n<p>You should avoid having an over-sized wallet. Don&rsquo;t think that you need to buy a big wallet because you have a lot to carry with you. In addition, a fat wallet is very ugly. It will make it harder for you to slide the wallet into your trousers&rsquo; pocket. In addition, it will create a bulge and ruin your look.</p>\n\n<p>Before you go on to buy a new wallet, clean out your wallet and place all of the items from your wallet on a table. Throw away things that you would never need any more such as the old bills or the expired gift cards. Remember to check your wallet on a frequent basis to get rid of all of the old stuff that you don&rsquo;t need anymore.</p>\n\n<p style=\"text-align:center\"><img alt=\"f1\" src=\"/storage/news/3.jpg\" /></p>\n\n<p><br />\n&nbsp;</p>\n\n<hr />\n<h4><strong>Number 3: Don&rsquo;t Limit Your Options Of Materials</strong></h4>\n\n<p>The types and designs of wallets are not the only things that you should consider when you go out searching for your best wallet. You have more than 1 option of material rather than leather to choose from as well.</p>\n\n<p>You can experiment with other available options such as cotton, polyester and canvas. They all have their own pros and cons. As a result, they will be suitable for different needs and requirements. You should think about them all in order to choose the material which you would like the most.</p>\n\n<p style=\"text-align:center\"><img alt=\"f6\" height=\"375\" src=\"/storage/news/4.jpg\" /></p>\n\n<p><br />\n&nbsp;</p>\n\n<hr />\n<h4><strong>Number 4: Consider A Wallet As A Long Term Investment</strong></h4>\n\n<p>Your wallet is indeed an investment that you should consider spending a decent amount of time and effort on it. Another factor that you need to consider is how much you want to spend on your wallet. The price ranges of wallets on the market vary a great deal. You can find a wallet which is as cheap as about 5 to 7 dollars. On the other hand, you should expect to pay around 250 to 300 dollars for a high-quality wallet.</p>\n\n<p>In case you need a wallet to use for a long time, it is a good idea that you should invest a decent amount of money on a wallet. A high quality wallet from a reputational brand with the premium quality such as cowhide leather will last for a long time. In addition, it is an accessory to show off your fashion sense and your social status.</p>\n\n<p style=\"text-align:center\"><img alt=\"f2\" height=\"400\" src=\"/storage/news/5.jpg\" /></p>\n\n<p>&nbsp;</p>\n'),('vi',8,'9 điều tôi thích khi cạo đầu','Bạn nên chú ý hơn khi chọn ví. Có rất nhiều trong số chúng trên thị trường với các mẫu mã và phong cách khác nhau. Khi bạn lựa chọn cẩn thận, bạn sẽ có thể mua một chiếc ví phù hợp với nhu cầu của bạn. Chưa kể nó sẽ giúp nâng tầm phong cách của bạn một cách đáng kể.','<p>I have seen many people underestimating the power of their wallets. To them, they are just a functional item they use to carry. As a result, they often end up with the wallets which are not really suitable for them.</p>\n\n<p>You should pay more attention when you choose your wallets. There are a lot of them on the market with the different designs and styles. When you choose carefully, you would be able to buy a wallet that is catered to your needs. Not to mention that it will help to enhance your style significantly.</p>\n\n<p style=\"text-align:center\"><img alt=\"f4\" src=\"/storage/news/1.jpg\" /></p>\n\n<p><br />\n&nbsp;</p>\n\n<p><strong><em>For all of the reason above, here are 7 expert tips to help you pick up the right men&rsquo;s wallet for you:</em></strong></p>\n\n<h4><strong>Number 1: Choose A Neat Wallet</strong></h4>\n\n<p>The wallet is an essential accessory that you should go simple. Simplicity is the best in this case. A simple and neat wallet with the plain color and even&nbsp;<strong>minimalist style</strong>&nbsp;is versatile. It can be used for both formal and casual events. In addition, that wallet will go well with most of the clothes in your wardrobe.</p>\n\n<p>Keep in mind that a wallet will tell other people about your personality and your fashion sense as much as other clothes you put on. Hence, don&rsquo;t go cheesy on your wallet or else people will think that you have a funny and particular style.</p>\n\n<p style=\"text-align:center\"><img alt=\"f5\" src=\"/storage/news/2.jpg\" /></p>\n\n<p><br />\n&nbsp;</p>\n<hr />\n<h4><strong>Number 2: Choose The Right Size For Your Wallet</strong></h4>\n\n<p>You should avoid having an over-sized wallet. Don&rsquo;t think that you need to buy a big wallet because you have a lot to carry with you. In addition, a fat wallet is very ugly. It will make it harder for you to slide the wallet into your trousers&rsquo; pocket. In addition, it will create a bulge and ruin your look.</p>\n\n<p>Before you go on to buy a new wallet, clean out your wallet and place all of the items from your wallet on a table. Throw away things that you would never need any more such as the old bills or the expired gift cards. Remember to check your wallet on a frequent basis to get rid of all of the old stuff that you don&rsquo;t need anymore.</p>\n\n<p style=\"text-align:center\"><img alt=\"f1\" src=\"/storage/news/3.jpg\" /></p>\n\n<p><br />\n&nbsp;</p>\n\n<hr />\n<h4><strong>Number 3: Don&rsquo;t Limit Your Options Of Materials</strong></h4>\n\n<p>The types and designs of wallets are not the only things that you should consider when you go out searching for your best wallet. You have more than 1 option of material rather than leather to choose from as well.</p>\n\n<p>You can experiment with other available options such as cotton, polyester and canvas. They all have their own pros and cons. As a result, they will be suitable for different needs and requirements. You should think about them all in order to choose the material which you would like the most.</p>\n\n<p style=\"text-align:center\"><img alt=\"f6\" height=\"375\" src=\"/storage/news/4.jpg\" /></p>\n\n<p><br />\n&nbsp;</p>\n\n<hr />\n<h4><strong>Number 4: Consider A Wallet As A Long Term Investment</strong></h4>\n\n<p>Your wallet is indeed an investment that you should consider spending a decent amount of time and effort on it. Another factor that you need to consider is how much you want to spend on your wallet. The price ranges of wallets on the market vary a great deal. You can find a wallet which is as cheap as about 5 to 7 dollars. On the other hand, you should expect to pay around 250 to 300 dollars for a high-quality wallet.</p>\n\n<p>In case you need a wallet to use for a long time, it is a good idea that you should invest a decent amount of money on a wallet. A high quality wallet from a reputational brand with the premium quality such as cowhide leather will last for a long time. In addition, it is an accessory to show off your fashion sense and your social status.</p>\n\n<p style=\"text-align:center\"><img alt=\"f2\" height=\"400\" src=\"/storage/news/5.jpg\" /></p>\n\n<p>&nbsp;</p>\n'),('vi',9,'Tại sao làm việc theo nhóm thực sự biến giấc mơ thành công','Bạn nên chú ý hơn khi chọn ví. Có rất nhiều trong số chúng trên thị trường với các mẫu mã và phong cách khác nhau. Khi bạn lựa chọn cẩn thận, bạn sẽ có thể mua một chiếc ví phù hợp với nhu cầu của bạn. Chưa kể nó sẽ giúp nâng tầm phong cách của bạn một cách đáng kể.','<p>I have seen many people underestimating the power of their wallets. To them, they are just a functional item they use to carry. As a result, they often end up with the wallets which are not really suitable for them.</p>\n\n<p>You should pay more attention when you choose your wallets. There are a lot of them on the market with the different designs and styles. When you choose carefully, you would be able to buy a wallet that is catered to your needs. Not to mention that it will help to enhance your style significantly.</p>\n\n<p style=\"text-align:center\"><img alt=\"f4\" src=\"/storage/news/1.jpg\" /></p>\n\n<p><br />\n&nbsp;</p>\n\n<p><strong><em>For all of the reason above, here are 7 expert tips to help you pick up the right men&rsquo;s wallet for you:</em></strong></p>\n\n<h4><strong>Number 1: Choose A Neat Wallet</strong></h4>\n\n<p>The wallet is an essential accessory that you should go simple. Simplicity is the best in this case. A simple and neat wallet with the plain color and even&nbsp;<strong>minimalist style</strong>&nbsp;is versatile. It can be used for both formal and casual events. In addition, that wallet will go well with most of the clothes in your wardrobe.</p>\n\n<p>Keep in mind that a wallet will tell other people about your personality and your fashion sense as much as other clothes you put on. Hence, don&rsquo;t go cheesy on your wallet or else people will think that you have a funny and particular style.</p>\n\n<p style=\"text-align:center\"><img alt=\"f5\" src=\"/storage/news/2.jpg\" /></p>\n\n<p><br />\n&nbsp;</p>\n<hr />\n<h4><strong>Number 2: Choose The Right Size For Your Wallet</strong></h4>\n\n<p>You should avoid having an over-sized wallet. Don&rsquo;t think that you need to buy a big wallet because you have a lot to carry with you. In addition, a fat wallet is very ugly. It will make it harder for you to slide the wallet into your trousers&rsquo; pocket. In addition, it will create a bulge and ruin your look.</p>\n\n<p>Before you go on to buy a new wallet, clean out your wallet and place all of the items from your wallet on a table. Throw away things that you would never need any more such as the old bills or the expired gift cards. Remember to check your wallet on a frequent basis to get rid of all of the old stuff that you don&rsquo;t need anymore.</p>\n\n<p style=\"text-align:center\"><img alt=\"f1\" src=\"/storage/news/3.jpg\" /></p>\n\n<p><br />\n&nbsp;</p>\n\n<hr />\n<h4><strong>Number 3: Don&rsquo;t Limit Your Options Of Materials</strong></h4>\n\n<p>The types and designs of wallets are not the only things that you should consider when you go out searching for your best wallet. You have more than 1 option of material rather than leather to choose from as well.</p>\n\n<p>You can experiment with other available options such as cotton, polyester and canvas. They all have their own pros and cons. As a result, they will be suitable for different needs and requirements. You should think about them all in order to choose the material which you would like the most.</p>\n\n<p style=\"text-align:center\"><img alt=\"f6\" height=\"375\" src=\"/storage/news/4.jpg\" /></p>\n\n<p><br />\n&nbsp;</p>\n\n<hr />\n<h4><strong>Number 4: Consider A Wallet As A Long Term Investment</strong></h4>\n\n<p>Your wallet is indeed an investment that you should consider spending a decent amount of time and effort on it. Another factor that you need to consider is how much you want to spend on your wallet. The price ranges of wallets on the market vary a great deal. You can find a wallet which is as cheap as about 5 to 7 dollars. On the other hand, you should expect to pay around 250 to 300 dollars for a high-quality wallet.</p>\n\n<p>In case you need a wallet to use for a long time, it is a good idea that you should invest a decent amount of money on a wallet. A high quality wallet from a reputational brand with the premium quality such as cowhide leather will last for a long time. In addition, it is an accessory to show off your fashion sense and your social status.</p>\n\n<p style=\"text-align:center\"><img alt=\"f2\" height=\"400\" src=\"/storage/news/5.jpg\" /></p>\n\n<p>&nbsp;</p>\n'),('vi',10,'Thế giới phục vụ cho những người trung bình','Bạn nên chú ý hơn khi chọn ví. Có rất nhiều trong số chúng trên thị trường với các mẫu mã và phong cách khác nhau. Khi bạn lựa chọn cẩn thận, bạn sẽ có thể mua một chiếc ví phù hợp với nhu cầu của bạn. Chưa kể nó sẽ giúp nâng tầm phong cách của bạn một cách đáng kể.','<p>I have seen many people underestimating the power of their wallets. To them, they are just a functional item they use to carry. As a result, they often end up with the wallets which are not really suitable for them.</p>\n\n<p>You should pay more attention when you choose your wallets. There are a lot of them on the market with the different designs and styles. When you choose carefully, you would be able to buy a wallet that is catered to your needs. Not to mention that it will help to enhance your style significantly.</p>\n\n<p style=\"text-align:center\"><img alt=\"f4\" src=\"/storage/news/1.jpg\" /></p>\n\n<p><br />\n&nbsp;</p>\n\n<p><strong><em>For all of the reason above, here are 7 expert tips to help you pick up the right men&rsquo;s wallet for you:</em></strong></p>\n\n<h4><strong>Number 1: Choose A Neat Wallet</strong></h4>\n\n<p>The wallet is an essential accessory that you should go simple. Simplicity is the best in this case. A simple and neat wallet with the plain color and even&nbsp;<strong>minimalist style</strong>&nbsp;is versatile. It can be used for both formal and casual events. In addition, that wallet will go well with most of the clothes in your wardrobe.</p>\n\n<p>Keep in mind that a wallet will tell other people about your personality and your fashion sense as much as other clothes you put on. Hence, don&rsquo;t go cheesy on your wallet or else people will think that you have a funny and particular style.</p>\n\n<p style=\"text-align:center\"><img alt=\"f5\" src=\"/storage/news/2.jpg\" /></p>\n\n<p><br />\n&nbsp;</p>\n<hr />\n<h4><strong>Number 2: Choose The Right Size For Your Wallet</strong></h4>\n\n<p>You should avoid having an over-sized wallet. Don&rsquo;t think that you need to buy a big wallet because you have a lot to carry with you. In addition, a fat wallet is very ugly. It will make it harder for you to slide the wallet into your trousers&rsquo; pocket. In addition, it will create a bulge and ruin your look.</p>\n\n<p>Before you go on to buy a new wallet, clean out your wallet and place all of the items from your wallet on a table. Throw away things that you would never need any more such as the old bills or the expired gift cards. Remember to check your wallet on a frequent basis to get rid of all of the old stuff that you don&rsquo;t need anymore.</p>\n\n<p style=\"text-align:center\"><img alt=\"f1\" src=\"/storage/news/3.jpg\" /></p>\n\n<p><br />\n&nbsp;</p>\n\n<hr />\n<h4><strong>Number 3: Don&rsquo;t Limit Your Options Of Materials</strong></h4>\n\n<p>The types and designs of wallets are not the only things that you should consider when you go out searching for your best wallet. You have more than 1 option of material rather than leather to choose from as well.</p>\n\n<p>You can experiment with other available options such as cotton, polyester and canvas. They all have their own pros and cons. As a result, they will be suitable for different needs and requirements. You should think about them all in order to choose the material which you would like the most.</p>\n\n<p style=\"text-align:center\"><img alt=\"f6\" height=\"375\" src=\"/storage/news/4.jpg\" /></p>\n\n<p><br />\n&nbsp;</p>\n\n<hr />\n<h4><strong>Number 4: Consider A Wallet As A Long Term Investment</strong></h4>\n\n<p>Your wallet is indeed an investment that you should consider spending a decent amount of time and effort on it. Another factor that you need to consider is how much you want to spend on your wallet. The price ranges of wallets on the market vary a great deal. You can find a wallet which is as cheap as about 5 to 7 dollars. On the other hand, you should expect to pay around 250 to 300 dollars for a high-quality wallet.</p>\n\n<p>In case you need a wallet to use for a long time, it is a good idea that you should invest a decent amount of money on a wallet. A high quality wallet from a reputational brand with the premium quality such as cowhide leather will last for a long time. In addition, it is an accessory to show off your fashion sense and your social status.</p>\n\n<p style=\"text-align:center\"><img alt=\"f2\" height=\"400\" src=\"/storage/news/5.jpg\" /></p>\n\n<p>&nbsp;</p>\n'),('vi',11,'Các đương sự trên màn hình không phải là diễn viên','Bạn nên chú ý hơn khi chọn ví. Có rất nhiều trong số chúng trên thị trường với các mẫu mã và phong cách khác nhau. Khi bạn lựa chọn cẩn thận, bạn sẽ có thể mua một chiếc ví phù hợp với nhu cầu của bạn. Chưa kể nó sẽ giúp nâng tầm phong cách của bạn một cách đáng kể.','<p>I have seen many people underestimating the power of their wallets. To them, they are just a functional item they use to carry. As a result, they often end up with the wallets which are not really suitable for them.</p>\n\n<p>You should pay more attention when you choose your wallets. There are a lot of them on the market with the different designs and styles. When you choose carefully, you would be able to buy a wallet that is catered to your needs. Not to mention that it will help to enhance your style significantly.</p>\n\n<p style=\"text-align:center\"><img alt=\"f4\" src=\"/storage/news/1.jpg\" /></p>\n\n<p><br />\n&nbsp;</p>\n\n<p><strong><em>For all of the reason above, here are 7 expert tips to help you pick up the right men&rsquo;s wallet for you:</em></strong></p>\n\n<h4><strong>Number 1: Choose A Neat Wallet</strong></h4>\n\n<p>The wallet is an essential accessory that you should go simple. Simplicity is the best in this case. A simple and neat wallet with the plain color and even&nbsp;<strong>minimalist style</strong>&nbsp;is versatile. It can be used for both formal and casual events. In addition, that wallet will go well with most of the clothes in your wardrobe.</p>\n\n<p>Keep in mind that a wallet will tell other people about your personality and your fashion sense as much as other clothes you put on. Hence, don&rsquo;t go cheesy on your wallet or else people will think that you have a funny and particular style.</p>\n\n<p style=\"text-align:center\"><img alt=\"f5\" src=\"/storage/news/2.jpg\" /></p>\n\n<p><br />\n&nbsp;</p>\n<hr />\n<h4><strong>Number 2: Choose The Right Size For Your Wallet</strong></h4>\n\n<p>You should avoid having an over-sized wallet. Don&rsquo;t think that you need to buy a big wallet because you have a lot to carry with you. In addition, a fat wallet is very ugly. It will make it harder for you to slide the wallet into your trousers&rsquo; pocket. In addition, it will create a bulge and ruin your look.</p>\n\n<p>Before you go on to buy a new wallet, clean out your wallet and place all of the items from your wallet on a table. Throw away things that you would never need any more such as the old bills or the expired gift cards. Remember to check your wallet on a frequent basis to get rid of all of the old stuff that you don&rsquo;t need anymore.</p>\n\n<p style=\"text-align:center\"><img alt=\"f1\" src=\"/storage/news/3.jpg\" /></p>\n\n<p><br />\n&nbsp;</p>\n\n<hr />\n<h4><strong>Number 3: Don&rsquo;t Limit Your Options Of Materials</strong></h4>\n\n<p>The types and designs of wallets are not the only things that you should consider when you go out searching for your best wallet. You have more than 1 option of material rather than leather to choose from as well.</p>\n\n<p>You can experiment with other available options such as cotton, polyester and canvas. They all have their own pros and cons. As a result, they will be suitable for different needs and requirements. You should think about them all in order to choose the material which you would like the most.</p>\n\n<p style=\"text-align:center\"><img alt=\"f6\" height=\"375\" src=\"/storage/news/4.jpg\" /></p>\n\n<p><br />\n&nbsp;</p>\n\n<hr />\n<h4><strong>Number 4: Consider A Wallet As A Long Term Investment</strong></h4>\n\n<p>Your wallet is indeed an investment that you should consider spending a decent amount of time and effort on it. Another factor that you need to consider is how much you want to spend on your wallet. The price ranges of wallets on the market vary a great deal. You can find a wallet which is as cheap as about 5 to 7 dollars. On the other hand, you should expect to pay around 250 to 300 dollars for a high-quality wallet.</p>\n\n<p>In case you need a wallet to use for a long time, it is a good idea that you should invest a decent amount of money on a wallet. A high quality wallet from a reputational brand with the premium quality such as cowhide leather will last for a long time. In addition, it is an accessory to show off your fashion sense and your social status.</p>\n\n<p style=\"text-align:center\"><img alt=\"f2\" height=\"400\" src=\"/storage/news/5.jpg\" /></p>\n\n<p>&nbsp;</p>\n');

--
-- Table structure for table `revisions`
--

CREATE TABLE `revisions` (
  `id` bigint unsigned NOT NULL AUTO_INCREMENT,
  `revisionable_type` varchar(191) CHARACTER SET utf8mb4 COLLATE utf8mb4_unicode_ci NOT NULL,
  `revisionable_id` int NOT NULL,
  `user_id` int DEFAULT NULL,
  `key` varchar(191) CHARACTER SET utf8mb4 COLLATE utf8mb4_unicode_ci NOT NULL,
  `old_value` text CHARACTER SET utf8mb4 COLLATE utf8mb4_unicode_ci,
  `new_value` text CHARACTER SET utf8mb4 COLLATE utf8mb4_unicode_ci,
  `created_at` timestamp NULL DEFAULT NULL,
  `updated_at` timestamp NULL DEFAULT NULL,
  PRIMARY KEY (`id`),
  KEY `revisions_revisionable_id_revisionable_type_index` (`revisionable_id`,`revisionable_type`)
) ENGINE=InnoDB DEFAULT CHARSET=utf8mb4 COLLATE=utf8mb4_unicode_ci;

--
-- Dumping data for table `revisions`
--


--
-- Table structure for table `role_users`
--

CREATE TABLE `role_users` (
  `id` bigint unsigned NOT NULL AUTO_INCREMENT,
  `user_id` int unsigned NOT NULL,
  `role_id` int unsigned NOT NULL,
  `created_at` timestamp NULL DEFAULT NULL,
  `updated_at` timestamp NULL DEFAULT NULL,
  PRIMARY KEY (`id`),
  KEY `role_users_user_id_index` (`user_id`),
  KEY `role_users_role_id_index` (`role_id`)
) ENGINE=InnoDB DEFAULT CHARSET=utf8mb4 COLLATE=utf8mb4_unicode_ci;

--
-- Dumping data for table `role_users`
--


--
-- Table structure for table `roles`
--

CREATE TABLE `roles` (
  `id` bigint unsigned NOT NULL AUTO_INCREMENT,
  `slug` varchar(120) CHARACTER SET utf8mb4 COLLATE utf8mb4_unicode_ci NOT NULL,
  `name` varchar(120) CHARACTER SET utf8mb4 COLLATE utf8mb4_unicode_ci NOT NULL,
  `permissions` text CHARACTER SET utf8mb4 COLLATE utf8mb4_unicode_ci,
  `description` varchar(255) CHARACTER SET utf8mb4 COLLATE utf8mb4_unicode_ci DEFAULT NULL,
  `is_default` tinyint unsigned NOT NULL DEFAULT '0',
  `created_by` int unsigned NOT NULL,
  `updated_by` int unsigned NOT NULL,
  `created_at` timestamp NULL DEFAULT NULL,
  `updated_at` timestamp NULL DEFAULT NULL,
  PRIMARY KEY (`id`),
  UNIQUE KEY `roles_slug_unique` (`slug`),
  KEY `roles_created_by_index` (`created_by`),
  KEY `roles_updated_by_index` (`updated_by`)
) ENGINE=InnoDB DEFAULT CHARSET=utf8mb4 COLLATE=utf8mb4_unicode_ci;

--
-- Dumping data for table `roles`
--


--
-- Table structure for table `settings`
--

CREATE TABLE `settings` (
  `id` bigint unsigned NOT NULL AUTO_INCREMENT,
  `key` varchar(191) CHARACTER SET utf8mb4 COLLATE utf8mb4_unicode_ci NOT NULL,
  `value` text CHARACTER SET utf8mb4 COLLATE utf8mb4_unicode_ci,
  `created_at` timestamp NULL DEFAULT NULL,
  `updated_at` timestamp NULL DEFAULT NULL,
  PRIMARY KEY (`id`),
  UNIQUE KEY `settings_key_unique` (`key`)
) ENGINE=InnoDB AUTO_INCREMENT=119 DEFAULT CHARSET=utf8mb4 COLLATE=utf8mb4_unicode_ci;

--
-- Dumping data for table `settings`
--

INSERT INTO `settings` VALUES (1,'activated_plugins','[\"language\",\"language-advanced\",\"analytics\",\"audit-log\",\"backup\",\"blog\",\"captcha\",\"contact\",\"cookie-consent\",\"ecommerce\",\"gallery\",\"mollie\",\"newsletter\",\"payment\",\"paystack\",\"razorpay\",\"simple-slider\",\"social-login\",\"sslcommerz\",\"translation\",\"faq\",\"location\"]',NULL,NULL),(2,'payment_cod_status','1',NULL,NULL),(3,'payment_bank_transfer_status','1',NULL,NULL),(4,'permalink-botble-blog-models-post','blog',NULL,NULL),(5,'permalink-botble-blog-models-category','blog',NULL,NULL),(6,'permalink-botble-blog-models-tag','tag',NULL,NULL),(7,'payment_cod_description','Please pay money directly to the postman, if you choose cash on delivery method (COD).',NULL,NULL),(8,'payment_bank_transfer_description','Please send money to our bank account: ACB - 1990 404 19.',NULL,NULL),(9,'plugins_ecommerce_customer_new_order_status','0',NULL,NULL),(10,'plugins_ecommerce_admin_new_order_status','0',NULL,NULL),(11,'theme','september',NULL,NULL),(12,'admin_favicon','general/favicon.png',NULL,NULL),(13,'admin_logo','general/logo-light.png',NULL,NULL),(56,'language_hide_default','1',NULL,NULL),(57,'language_switcher_display','dropdown',NULL,NULL),(58,'language_display','all',NULL,NULL),(59,'language_hide_languages','[]',NULL,NULL),(70,'ecommerce_store_name','HASA SG',NULL,NULL),(71,'ecommerce_store_phone','18006268',NULL,NULL),(72,'ecommerce_store_address','North Link Building, 10 Admiralty Street',NULL,NULL),(73,'ecommerce_store_state','Singapore',NULL,NULL),(74,'ecommerce_store_city','Singapore',NULL,NULL),(75,'ecommerce_store_country','SG',NULL,NULL),(76,'theme-september-site_title','HASA - Multipurpose Laravel Fashion Shop',NULL,NULL),(77,'theme-september-copyright','© 2022 Botble Technologies. All Rights Reserved.',NULL,NULL),(78,'theme-september-favicon','general/favicon.png',NULL,NULL),(79,'theme-september-logo','general/logo.png',NULL,NULL),(80,'theme-september-seo_og_image','general/open-graph-image.png',NULL,NULL),(81,'theme-september-address','North Link Building, 10 Admiralty Street, 757695 Singapore',NULL,NULL),(82,'theme-september-hotline','18006268',NULL,NULL),(83,'theme-september-email','sales@botble.com',NULL,NULL),(84,'theme-september-facebook','https://facebook.com',NULL,NULL),(85,'theme-september-twitter','https://twitter.com',NULL,NULL),(86,'theme-september-youtube','https://youtube.com',NULL,NULL),(87,'theme-september-linkedin','https://linkedin.com',NULL,NULL),(88,'theme-september-pinterest','https://pinterest.com',NULL,NULL),(89,'theme-september-instagram','https://instagram.com',NULL,NULL),(90,'theme-september-homepage_id','1',NULL,NULL),(91,'theme-september-blog_page_id','2',NULL,NULL),(92,'theme-september-cookie_consent_message','Your experience on this site will be improved by allowing cookies ',NULL,NULL),(93,'theme-september-cookie_consent_learn_more_url','http://hasa.test/cookie-policy',NULL,NULL),(94,'theme-september-cookie_consent_learn_more_text','Cookie Policy',NULL,NULL),(95,'theme-september-enabled_sticky_header','yes',NULL,NULL),(96,'theme-september-product_page_banner_title','Enjoy Shopping with us',NULL,NULL),(100,'theme-september-vi-primary_font','Roboto Condensed',NULL,NULL),(101,'theme-september-vi-copyright','© 2022 Botble Technologies. Tất cả quyền đã được bảo hộ.',NULL,NULL),(102,'theme-september-vi-cookie_consent_message','Trải nghiệm của bạn trên trang web này sẽ được cải thiện bằng cách cho phép cookie ',NULL,NULL),(103,'theme-september-vi-cookie_consent_learn_more_url','http://hasa.test/cookie-policy',NULL,NULL),(104,'theme-september-vi-cookie_consent_learn_more_text','Chính sách cookie',NULL,NULL),(105,'theme-september-vi-homepage_id','1',NULL,NULL),(106,'theme-september-vi-blog_page_id','2',NULL,NULL),(107,'theme-september-vi-product_page_banner_title','Thỏa sức mua sắm với chúng tôi',NULL,NULL),(108,'theme-september-social_links','[[{\"key\":\"social-name\",\"value\":\"Facebook\"},{\"key\":\"social-icon\",\"value\":\"fa fa-facebook\"},{\"key\":\"social-url\",\"value\":\"https:\\/\\/facebook.com.com\"}],[{\"key\":\"social-name\",\"value\":\"Twitter\"},{\"key\":\"social-icon\",\"value\":\"fa fa-twitter\"},{\"key\":\"social-url\",\"value\":\"https:\\/\\/twitter.com\"}],[{\"key\":\"social-name\",\"value\":\"Instagram\"},{\"key\":\"social-icon\",\"value\":\"fa fa-instagram\"},{\"key\":\"social-url\",\"value\":\"https:\\/\\/instagram.com\"}],[{\"key\":\"social-name\",\"value\":\"Pinterest\"},{\"key\":\"social-icon\",\"value\":\"fa fa-pinterest\"},{\"key\":\"social-url\",\"value\":\"https:\\/\\/pinterest.com\"}],[{\"key\":\"social-name\",\"value\":\"Linkedin\"},{\"key\":\"social-icon\",\"value\":\"fa fa-linkedin\"},{\"key\":\"social-url\",\"value\":\"https:\\/\\/linkedin.com\"}],[{\"key\":\"social-name\",\"value\":\"Youtube\"},{\"key\":\"social-icon\",\"value\":\"fa fa-youtube\"},{\"key\":\"social-url\",\"value\":\"https:\\/\\/youtube.com\"}]]',NULL,NULL),(109,'media_random_hash','642b41431081fe41ebcb1348329070e1',NULL,NULL);

--
-- Table structure for table `simple_slider_items`
--

CREATE TABLE `simple_slider_items` (
  `id` bigint unsigned NOT NULL AUTO_INCREMENT,
  `simple_slider_id` int unsigned NOT NULL,
  `title` varchar(255) CHARACTER SET utf8mb4 COLLATE utf8mb4_unicode_ci DEFAULT NULL,
  `image` varchar(255) CHARACTER SET utf8mb4 COLLATE utf8mb4_unicode_ci NOT NULL,
  `link` varchar(255) CHARACTER SET utf8mb4 COLLATE utf8mb4_unicode_ci DEFAULT NULL,
  `description` text CHARACTER SET utf8mb4 COLLATE utf8mb4_unicode_ci,
  `order` int unsigned NOT NULL DEFAULT '0',
  `created_at` timestamp NULL DEFAULT NULL,
  `updated_at` timestamp NULL DEFAULT NULL,
  PRIMARY KEY (`id`)
) ENGINE=InnoDB AUTO_INCREMENT=7 DEFAULT CHARSET=utf8mb4 COLLATE=utf8mb4_unicode_ci;

--
-- Dumping data for table `simple_slider_items`
--

INSERT INTO `simple_slider_items` VALUES (1,1,'New Collection','sliders/1.jpg','/products','Save more with coupons & up to 70% off',1,'2022-01-03 21:19:37','2022-01-03 21:19:37'),(2,1,'Big Deals','sliders/2.jpg','/products','Headphone, Gaming Laptop, PC and more...',2,'2022-01-03 21:19:37','2022-01-03 21:19:37'),(3,1,'Trending Collection','sliders/3.jpg','/products','Save more with coupons & up to 20% off',3,'2022-01-03 21:19:37','2022-01-03 21:19:37'),(4,2,'Bộ sưu tập mới','sliders/1.jpg','/products','Tiết kiệm hơn với phiếu giảm giá và giảm giá lên đến 70%',1,'2022-01-03 21:19:37','2022-01-03 21:19:37'),(5,2,'Khuyến mãi lớn','sliders/2.jpg','/products','Tai nghe, Máy tính xách tay chơi game, PC và hơn thế nữa ...',2,'2022-01-03 21:19:37','2022-01-03 21:19:37'),(6,2,'Trending Collection','sliders/3.jpg','/products','Tiết kiệm hơn với phiếu giảm giá và giảm giá lên đến 20%',3,'2022-01-03 21:19:37','2022-01-03 21:19:37');

--
-- Table structure for table `states`
--

CREATE TABLE `states` (
  `id` bigint unsigned NOT NULL AUTO_INCREMENT,
  `name` varchar(120) CHARACTER SET utf8mb4 COLLATE utf8mb4_unicode_ci NOT NULL,
  `abbreviation` varchar(2) CHARACTER SET utf8mb4 COLLATE utf8mb4_unicode_ci DEFAULT NULL,
  `country_id` int unsigned DEFAULT NULL,
  `order` tinyint NOT NULL DEFAULT '0',
  `is_default` tinyint unsigned NOT NULL DEFAULT '0',
  `status` varchar(60) CHARACTER SET utf8mb4 COLLATE utf8mb4_unicode_ci NOT NULL DEFAULT 'published',
  `created_at` timestamp NULL DEFAULT NULL,
  `updated_at` timestamp NULL DEFAULT NULL,
  PRIMARY KEY (`id`)
) ENGINE=InnoDB DEFAULT CHARSET=utf8mb4 COLLATE=utf8mb4_unicode_ci;

--
-- Dumping data for table `states`
--


--
-- Table structure for table `states_backup`
--

CREATE TABLE `states_backup` (
  `id` bigint unsigned NOT NULL AUTO_INCREMENT,
  `name` varchar(120) CHARACTER SET utf8mb4 COLLATE utf8mb4_unicode_ci NOT NULL,
  `abbreviation` varchar(2) CHARACTER SET utf8mb4 COLLATE utf8mb4_unicode_ci DEFAULT NULL,
  `country_id` int unsigned DEFAULT NULL,
  `order` tinyint NOT NULL DEFAULT '0',
  `is_default` tinyint unsigned NOT NULL DEFAULT '0',
  `status` varchar(60) CHARACTER SET utf8mb4 COLLATE utf8mb4_unicode_ci NOT NULL DEFAULT 'published',
  `created_at` timestamp NULL DEFAULT NULL,
  `updated_at` timestamp NULL DEFAULT NULL,
  PRIMARY KEY (`id`)
) ENGINE=InnoDB DEFAULT CHARSET=utf8mb4 COLLATE=utf8mb4_unicode_ci;

--
-- Dumping data for table `states_backup`
--


--
-- Table structure for table `states_translations`
--

CREATE TABLE `states_translations` (
  `lang_code` varchar(191) CHARACTER SET utf8mb4 COLLATE utf8mb4_unicode_ci NOT NULL,
  `states_id` int NOT NULL,
  `name` varchar(120) CHARACTER SET utf8mb4 COLLATE utf8mb4_unicode_ci DEFAULT NULL,
  `abbreviation` varchar(2) CHARACTER SET utf8mb4 COLLATE utf8mb4_unicode_ci DEFAULT NULL,
  PRIMARY KEY (`lang_code`,`states_id`)
) ENGINE=InnoDB DEFAULT CHARSET=utf8mb4 COLLATE=utf8mb4_unicode_ci;

--
-- Dumping data for table `states_translations`
--


--
-- Table structure for table `tags`
--

CREATE TABLE `tags` (
  `id` bigint unsigned NOT NULL AUTO_INCREMENT,
  `name` varchar(120) CHARACTER SET utf8mb4 COLLATE utf8mb4_unicode_ci NOT NULL,
  `author_id` int NOT NULL,
  `author_type` varchar(255) CHARACTER SET utf8mb4 COLLATE utf8mb4_unicode_ci NOT NULL DEFAULT 'Botble\\ACL\\Models\\User',
  `description` varchar(400) CHARACTER SET utf8mb4 COLLATE utf8mb4_unicode_ci DEFAULT '',
  `status` varchar(60) CHARACTER SET utf8mb4 COLLATE utf8mb4_unicode_ci NOT NULL DEFAULT 'published',
  `created_at` timestamp NULL DEFAULT NULL,
  `updated_at` timestamp NULL DEFAULT NULL,
  PRIMARY KEY (`id`)
) ENGINE=InnoDB AUTO_INCREMENT=6 DEFAULT CHARSET=utf8mb4 COLLATE=utf8mb4_unicode_ci;

--
-- Dumping data for table `tags`
--

INSERT INTO `tags` VALUES (1,'General',1,'Botble\\ACL\\Models\\User','','published','2022-01-03 21:19:40','2022-01-03 21:19:40'),(2,'Design',1,'Botble\\ACL\\Models\\User','','published','2022-01-03 21:19:40','2022-01-03 21:19:40'),(3,'Fashion',1,'Botble\\ACL\\Models\\User','','published','2022-01-03 21:19:40','2022-01-03 21:19:40'),(4,'Branding',1,'Botble\\ACL\\Models\\User','','published','2022-01-03 21:19:40','2022-01-03 21:19:40'),(5,'Modern',1,'Botble\\ACL\\Models\\User','','published','2022-01-03 21:19:40','2022-01-03 21:19:40');

--
-- Table structure for table `tags_translations`
--

CREATE TABLE `tags_translations` (
  `lang_code` varchar(191) CHARACTER SET utf8mb4 COLLATE utf8mb4_unicode_ci NOT NULL,
  `tags_id` int NOT NULL,
  `name` varchar(255) CHARACTER SET utf8mb4 COLLATE utf8mb4_unicode_ci DEFAULT NULL,
  `description` varchar(400) CHARACTER SET utf8mb4 COLLATE utf8mb4_unicode_ci DEFAULT NULL,
  PRIMARY KEY (`lang_code`,`tags_id`)
) ENGINE=InnoDB DEFAULT CHARSET=utf8mb4 COLLATE=utf8mb4_unicode_ci;

--
-- Dumping data for table `tags_translations`
--

INSERT INTO `tags_translations` VALUES ('vi',1,'Chung',NULL),('vi',2,'Thiết kế',NULL),('vi',3,'Thời trang',NULL),('vi',4,'Thương hiệu',NULL),('vi',5,'Hiện đại',NULL);

--
-- Table structure for table `translations`
--

CREATE TABLE `translations` (
  `id` bigint unsigned NOT NULL AUTO_INCREMENT,
  `status` int NOT NULL DEFAULT '0',
  `locale` varchar(191) CHARACTER SET utf8mb4 COLLATE utf8mb4_unicode_ci NOT NULL,
  `group` varchar(191) CHARACTER SET utf8mb4 COLLATE utf8mb4_unicode_ci NOT NULL,
  `key` varchar(191) CHARACTER SET utf8mb4 COLLATE utf8mb4_unicode_ci NOT NULL,
  `value` text CHARACTER SET utf8mb4 COLLATE utf8mb4_unicode_ci,
  `created_at` timestamp NULL DEFAULT NULL,
  `updated_at` timestamp NULL DEFAULT NULL,
  PRIMARY KEY (`id`)
) ENGINE=InnoDB AUTO_INCREMENT=4200 DEFAULT CHARSET=utf8mb4 COLLATE=utf8mb4_unicode_ci;

--
-- Dumping data for table `translations`
--



--
-- Table structure for table `user_meta`
--

CREATE TABLE `user_meta` (
  `id` bigint unsigned NOT NULL AUTO_INCREMENT,
  `key` varchar(191) CHARACTER SET utf8mb4 COLLATE utf8mb4_unicode_ci DEFAULT NULL,
  `value` varchar(191) CHARACTER SET utf8mb4 COLLATE utf8mb4_unicode_ci DEFAULT NULL,
  `user_id` int unsigned NOT NULL,
  `created_at` timestamp NULL DEFAULT NULL,
  `updated_at` timestamp NULL DEFAULT NULL,
  PRIMARY KEY (`id`),
  KEY `user_meta_user_id_index` (`user_id`)
) ENGINE=InnoDB DEFAULT CHARSET=utf8mb4 COLLATE=utf8mb4_unicode_ci;

--
-- Dumping data for table `user_meta`
--


--
-- Table structure for table `widgets`
--

CREATE TABLE `widgets` (
  `id` bigint unsigned NOT NULL AUTO_INCREMENT,
  `widget_id` varchar(120) CHARACTER SET utf8mb4 COLLATE utf8mb4_unicode_ci NOT NULL,
  `sidebar_id` varchar(120) CHARACTER SET utf8mb4 COLLATE utf8mb4_unicode_ci NOT NULL,
  `theme` varchar(120) CHARACTER SET utf8mb4 COLLATE utf8mb4_unicode_ci NOT NULL,
  `position` tinyint unsigned NOT NULL DEFAULT '0',
  `data` text CHARACTER SET utf8mb4 COLLATE utf8mb4_unicode_ci,
  `created_at` timestamp NULL DEFAULT NULL,
  `updated_at` timestamp NULL DEFAULT NULL,
  PRIMARY KEY (`id`)
) ENGINE=InnoDB AUTO_INCREMENT=3 DEFAULT CHARSET=utf8mb4 COLLATE=utf8mb4_unicode_ci;

--
-- Dumping data for table `widgets`
--

INSERT INTO `widgets` VALUES (1,'CustomMenuWidget','footer_sidebar','september',1,'{\"id\":\"CustomMenuWidget\",\"name\":\"Customer services\",\"menu_id\":\"customer-services\"}','2022-01-03 21:19:42','2022-01-03 21:19:42'),(2,'CustomMenuWidget','footer_sidebar','september-vi',1,'{\"id\":\"CustomMenuWidget\",\"name\":\"D\\u1ecbch v\\u1ee5 kh\\u00e1ch h\\u00e0ng\",\"menu_id\":\"dich-vu-khach-hang\"}','2022-01-03 21:19:42','2022-01-03 21:19:42');


